000
CXUS53 KGRB 161510
CF6AIG
PRELIMINARY LOCAL CLIMATOLOGICAL DATA (WS FORM: F-6)
STATION: ANTIGO AWOS
MONTH: MARCH
YEAR: 2024
LATITUDE: 45 9 N
LONGITUDE: 89 8 W
TEMPERATURE IN F: :PCPN: SNOW: WIND :SUNSHINE: SKY :PK WND
================================================================================
1 2 3 4 5 6A 6B 7 8 9 10 11 12 13 14 15 16 17 18
12Z AVG MX 2MIN
DY MAX MIN AVG DEP HDD CDD WTR SNW DPTH SPD SPD DIR MIN PSBL S-S WX SPD DR
================================================================================
1 49 21 35 15 30 0 M M M 12.3 22 190 M M 0 28 210
2 55 25 40 20 25 0 M M M 7.3 14 130 M M 0 17 190
3 55 34 45 24 20 0 0.05 M M 14.3 23 130 M M 5 12 29 130
4 50 27 39 18 26 0 0.32 M M 6.3 16 310 M M 6 25 330
5 47 26 37 15 28 0 M M M 8.1 12 10 M M 0 17 360
6 47 23 35 13 30 0 M M M 7.7 12 90 M M 0 16 100
7 51 31 41 19 24 0 M M M 8.7 13 110 M M 5 23 110
8 43 29 36 13 29 0 M M M 6.0 10 340 M M 6 M M
9 35 22 29 6 36 0 M M M 15.6 22 330 M M 5 30 330
10 42 21 32 8 33 0 M M M 8.2 16 350 M M 0 22 350
11 57 27 42 18 23 0 M M M 5.7 12 250 M M 0 M M
12 66 30 48 24 17 0 M M M 8.0 16 270 M M 0 22 290
13 63 28 46 21 19 0 M M M 1.3 10 40 M M 0 M M
14 49 29 39 14 26 0 M M M 9.2 13 360 M M 0 20 360
15 48 24 36 10 29 0 M M M 8.2 16 260 M M 3 22 260
================================================================================
SM 757 397 395 0 0.37 M 126.7 M 30
================================================================================
AV 50.5 26.5 8.4 FASTST M M 2 MAX(MPH)
MISC ----> 23 130 30 330
================================================================================
NOTES:
# LAST OF SEVERAL OCCURRENCES
COLUMN 17 PEAK WIND IN M.P.H.
PRELIMINARY LOCAL CLIMATOLOGICAL DATA (WS FORM: F-6) , PAGE 2
STATION: ANTIGO AWOS
MONTH: MARCH
YEAR: 2024
LATITUDE: 45 9 N
LONGITUDE: 89 8 W
[TEMPERATURE DATA] [PRECIPITATION DATA] SYMBOLS USED IN COLUMN 16
AVERAGE MONTHLY: 38.5 TOTAL FOR MONTH: 0.37 1 = FOG OR MIST
DPTR FM NORMAL: 15.7 DPTR FM NORMAL: -0.15 2 = FOG REDUCING VISIBILITY
HIGHEST: 66 ON 12 GRTST 24HR 0.32 ON 4- 4 TO 1/4 MILE OR LESS
LOWEST: 21 ON 10, 1 3 = THUNDER
SNOW, ICE PELLETS, HAIL 4 = ICE PELLETS
TOTAL MONTH: M 5 = HAIL
GRTST 24HR M ON M 6 = FREEZING RAIN OR DRIZZLE
GRTST DEPTH: M ON M 7 = DUSTSTORM OR SANDSTORM:
VSBY 1/2 MILE OR LESS
8 = SMOKE OR HAZE
[NO. OF DAYS WITH] [WEATHER - DAYS WITH] 9 = BLOWING SNOW
X = TORNADO
MAX 32 OR BELOW: 0 0.01 INCH OR MORE: 2
MAX 90 OR ABOVE: 0 0.10 INCH OR MORE: 1
MIN 32 OR BELOW: 14 0.50 INCH OR MORE: 0
MIN 0 OR BELOW: 0 1.00 INCH OR MORE: 0
[HDD (BASE 65) ]
TOTAL THIS MO. 395 CLEAR (SCALE 0-3) 10
DPTR FM NORMAL -237 PTCLDY (SCALE 4-7) 5
TOTAL FM JUL 1 5777 CLOUDY (SCALE 8-10) 0
DPTR FM NORMAL -1526
[CDD (BASE 65) ]
TOTAL THIS MO. 0
DPTR FM NORMAL 0 [PRESSURE DATA]
TOTAL FM JAN 1 0 HIGHEST SLP M ON M
DPTR FM NORMAL 0 LOWEST SLP M ON M
[REMARKS]