000
CXUS53 KGRB 120304
CF6AIG
PRELIMINARY LOCAL CLIMATOLOGICAL DATA (WS FORM: F-6)
STATION: ANTIGO AWOS
MONTH: MARCH
YEAR: 2023
LATITUDE: 45 9 N
LONGITUDE: 89 8 W
TEMPERATURE IN F: :PCPN: SNOW: WIND :SUNSHINE: SKY :PK WND
================================================================================
1 2 3 4 5 6A 6B 7 8 9 10 11 12 13 14 15 16 17 18
12Z AVG MX 2MIN
DY MAX MIN AVG DEP HDD CDD WTR SNW DPTH SPD SPD DIR MIN PSBL S-S WX SPD DR
================================================================================
1 32 21 27 7 38 0 0.01 M M 9.0 18 100 M M 9 1 22 100
2 29 10 20 0 45 0 M M M 5.1 14 360 M M 3 20 360
3 32 9 21 0 44 0 M M M 2.7 9 150 M M 7 12 M M
4 38 3 21 0 44 0 M M M 4.1 12 280 M M 6 12 17 280
5 42 5 24 2 41 0 M M M 5.2 14 80 M M 5 12 21 80
6 32 28 30 8 35 0 M M M 13.0 20 90 M M 10 1 25 90
7 37 10 24 2 41 0 M M M 6.2 13 50 M M 2 2 M M
8 38 14 26 3 39 0 M M M 10.2 15 90 M M 4 22 120
9 33 26 30 7 35 0 0.05 M M 11.4 18 70 M M 10 29 70
10 32 24 28 4 37 0 1.52 M M 10.8 17 60 M M 8 8 23 60
11 28 20 24 0 41 0 0.16 M M 9.1 15 100 M M 10 M M
12 30 22 26 2 39 0 1.14 M M 13.9 21 50 M M 10 23 120
13 26 8 17 -8 48 0 0.44 M M 12.1 17 360 M M 6 1 23 360
14 30 -14 8 -17 57 0 0.02 M M 2.2 8 190 M M 1 1 M M
15 40 9 25 -1 40 0 0.39 M M 9.6 14 200 M M 4 M M
16 37 32 35 9 30 0 0.16 M M 6.0 13 310 M M 10 12 M M
17 33 9 21 -6 44 0 1.54 M M 18.3 26 300 M M 3 18 36 300
18 21 4 13 -14 52 0 0.85 M M 13.9 23 320 M M 0 18 29 320
19 30 7 19 -9 46 0 0.77 M M 12.3 20 240 M M 0 30 230
20 36 11 24 -4 41 0 0.38 M M 5.8 13 80 M M 4 17 80
21 33 19 26 -3 39 0 M M M 12.4 17 100 M M 8 22 90
22 39 27 33 4 32 0 0.39 M M 11.5 17 110 M M 9 1 26 250
23 39 23 31 1 34 0 M M M 6.8 15 330 M M 4 20 320
24 39 15 27 -3 38 0 0.00 0.0 2 5.7 9 130 M M 1 1 M M
25 39 20 30 -1 35 0 M M M 8.6 12 320 M M 1 17 310
26 42 14 28 -3 37 0 M M M 2.2 8 10 M M 0 M M
27 40 13 27 -5 38 0 M M M 3.5 12 280 M M 0 9 280
28 33 19 26 -6 39 0 M M M 9.4 18 250 M M 3 24 280
29 29 14 22 -11 43 0 M M M 12.4 18 300 M M 2 29 280
30 34 4 19 -14 46 0 0.08 M M 6.7 15 110 M M 5 23 110
31 35 29 32 -2 33 0 0.82 M M 13.1 27 50 M M 10 1 32 60
================================================================================
SM 1058 455 1251 0 8.72 0.0 273.3 M 155
================================================================================
AV 34.1 14.7 8.8 FASTST M M 5 MAX(MPH)
MISC ----> 27 50 36 300
================================================================================
NOTES:
# LAST OF SEVERAL OCCURRENCES
COLUMN 17 PEAK WIND IN M.P.H.
PRELIMINARY LOCAL CLIMATOLOGICAL DATA (WS FORM: F-6) , PAGE 2
STATION: ANTIGO AWOS
MONTH: MARCH
YEAR: 2023
LATITUDE: 45 9 N
LONGITUDE: 89 8 W
[TEMPERATURE DATA] [PRECIPITATION DATA] SYMBOLS USED IN COLUMN 16
AVERAGE MONTHLY: 24.4 TOTAL FOR MONTH: 8.72 1 = FOG OR MIST
DPTR FM NORMAL: -2.1 DPTR FM NORMAL: 7.51 2 = FOG REDUCING VISIBILITY
HIGHEST: 42 ON 26, 5 GRTST 24HR 1.54 ON 17-17 TO 1/4 MILE OR LESS
LOWEST: -14 ON 14 3 = THUNDER
SNOW, ICE PELLETS, HAIL 4 = ICE PELLETS
TOTAL MONTH: 0.0 INCH 5 = HAIL
GRTST 24HR 0.0 6 = FREEZING RAIN OR DRIZZLE
GRTST DEPTH: 2 ON 24 7 = DUSTSTORM OR SANDSTORM:
VSBY 1/2 MILE OR LESS
8 = SMOKE OR HAZE
[NO. OF DAYS WITH] [WEATHER - DAYS WITH] 9 = BLOWING SNOW
X = TORNADO
MAX 32 OR BELOW: 12 0.01 INCH OR MORE: 16
MAX 90 OR ABOVE: 0 0.10 INCH OR MORE: 12
MIN 32 OR BELOW: 31 0.50 INCH OR MORE: 6
MIN 0 OR BELOW: 1 1.00 INCH OR MORE: 3
[HDD (BASE 65) ]
TOTAL THIS MO. 1251 CLEAR (SCALE 0-3) 11
DPTR FM NORMAL 58 PTCLDY (SCALE 4-7) 12
TOTAL FM JUL 1 7208 CLOUDY (SCALE 8-10) 8
DPTR FM NORMAL -655
[CDD (BASE 65) ]
TOTAL THIS MO. 0
DPTR FM NORMAL 0 [PRESSURE DATA]
TOTAL FM JAN 1 0 HIGHEST SLP M ON M
DPTR FM NORMAL 0 LOWEST SLP M ON M
[REMARKS]
#FINAL-03-23#