000
CXUS53 KGRB 021221
CF6AIG
PRELIMINARY LOCAL CLIMATOLOGICAL DATA (WS FORM: F-6)
STATION: ANTIGO AWOS
MONTH: JULY
YEAR: 2022
LATITUDE: 45 9 N
LONGITUDE: 89 8 W
TEMPERATURE IN F: :PCPN: SNOW: WIND :SUNSHINE: SKY :PK WND
================================================================================
1 2 3 4 5 6A 6B 7 8 9 10 11 12 13 14 15 16 17 18
12Z AVG MX 2MIN
DY MAX MIN AVG DEP HDD CDD WTR SNW DPTH SPD SPD DIR MIN PSBL S-S WX SPD DR
================================================================================
1 77 53 65 -1 0 0 M M M 8.4 15 260 M M 1 23 260
2 73 47 60 -6 5 0 M M M 4.2 8 270 M M 1 16 310
3 76 46 61 -5 4 0 M M M 4.2 9 120 M M 4 M M
4 75 60 68 2 0 3 0.63 M M 5.2 13 140 M M 7 1 25 140
5 82 64 73 7 0 8 M M M 5.0 15 90 M M 8 1 18 90
6 73 61 67 1 0 2 M M M 5.9 9 50 M M 8 M M
7 82 56 69 2 0 4 M M M 3.2 14 60 M M 6 17 60
8 75 57 66 -1 0 1 0.10 M M 6.8 14 80 M M 6 18 80
9 76 47 62 -5 3 0 M M M 2.4 7 160 M M 0 M M
10 80 55 68 1 0 3 0.21 M M 7.8 13 160 M M 3 18 220
11 76 62 69 2 0 4 0.02 M M 8.7 16 280 M M 6 1 23 270
12 79 58 69 2 0 4 0.04 M M 9.0 18 260 M M 6 25 260
13 74 54 64 -3 1 0 0.01 M M 4.9 9 360 M M 7 1 M M
14 76 49 63 -4 2 0 M M M 4.5 8 150 M M 3 9 150
15 73 56 65 -2 0 0 0.16 M M 5.0 12 140 M M 8 1 M M
16 79 54 67 0 0 2 M M M 1.5 7 160 M M 4 12 M M
17 83 59 71 4 0 6 M M M 1.9 7 200 M M 1 M M
18 89 57 73 6 0 8 0.15 M M 5.7 17 270 M M 2 1 21 270
19 84 63 74 7 0 9 0.01 M M 10.3 18 200 M M 2 27 200
20 75 62 69 2 0 4 0.12 M M 13.1 21 290 M M 6 30 250
21 83 60 72 5 0 7 M M M 9.5 16 280 M M 1 24 320
22 86 52 69 2 0 4 M M M 8.5 20 260 M M 4 28 270
23 85 57 71 4 0 6 0.81 M M 3.4 10 180 M M 3 1 23 0
24 75 57 66 -1 0 1 0.01 M M 8.3 18 320 M M 6 26 300
25 74 48 61 -6 4 0 M M M 6.7 12 300 M M 2 21 280
26 78 46 62 -5 3 0 M M M 4.7 10 230 M M 5 1 17 260
27 78 59 69 2 0 4 M M M 8.2 15 270 M M 6 20 270
28 71 53 62 -5 3 0 M M M 9.7 18 270 M M 5 25 270
29 74 51 63 -4 2 0 M M M 6.2 12 320 M M 5 20 280
30 80 47 64 -2 1 0 M M M 3.9 13 230 M M 1 1 17 260
31 81 58 70 4 0 5 0.10 M M 9.0 16 220 M M 3 22 170
================================================================================
SM 2422 1708 28 85 2.37 M 195.7 M 130
================================================================================
AV 78.1 55.1 6.3 FASTST M M 4 MAX(MPH)
MISC ----> 21 290 30 250
================================================================================
NOTES:
# LAST OF SEVERAL OCCURRENCES
COLUMN 17 PEAK WIND IN M.P.H.
PRELIMINARY LOCAL CLIMATOLOGICAL DATA (WS FORM: F-6) , PAGE 2
STATION: ANTIGO AWOS
MONTH: JULY
YEAR: 2022
LATITUDE: 45 9 N
LONGITUDE: 89 8 W
[TEMPERATURE DATA] [PRECIPITATION DATA] SYMBOLS USED IN COLUMN 16
AVERAGE MONTHLY: 66.6 TOTAL FOR MONTH: 2.37 1 = FOG OR MIST
DPTR FM NORMAL: 0.0 DPTR FM NORMAL: -0.92 2 = FOG REDUCING VISIBILITY
HIGHEST: 89 ON 18 GRTST 24HR 0.81 ON 23-23 TO 1/4 MILE OR LESS
LOWEST: 46 ON 26, 3 3 = THUNDER
SNOW, ICE PELLETS, HAIL 4 = ICE PELLETS
TOTAL MONTH: M 5 = HAIL
GRTST 24HR M ON M 6 = FREEZING RAIN OR DRIZZLE
GRTST DEPTH: M ON M 7 = DUSTSTORM OR SANDSTORM:
VSBY 1/2 MILE OR LESS
8 = SMOKE OR HAZE
[NO. OF DAYS WITH] [WEATHER - DAYS WITH] 9 = BLOWING SNOW
X = TORNADO
MAX 32 OR BELOW: 0 0.01 INCH OR MORE: 13
MAX 90 OR ABOVE: 0 0.10 INCH OR MORE: 8
MIN 32 OR BELOW: 0 0.50 INCH OR MORE: 2
MIN 0 OR BELOW: 0 1.00 INCH OR MORE: 0
[HDD (BASE 65) ]
TOTAL THIS MO. 28 CLEAR (SCALE 0-3) 13
DPTR FM NORMAL -23 PTCLDY (SCALE 4-7) 16
TOTAL FM JUL 1 28 CLOUDY (SCALE 8-10) 2
DPTR FM NORMAL -31
[CDD (BASE 65) ]
TOTAL THIS MO. 85
DPTR FM NORMAL -17 [PRESSURE DATA]
TOTAL FM JAN 1 182 HIGHEST SLP M ON M
DPTR FM NORMAL 21 LOWEST SLP M ON M
[REMARKS]
#FINAL-07-22#