000
CXUS53 KGRB 300737
CF6AIG
PRELIMINARY LOCAL CLIMATOLOGICAL DATA (WS FORM: F-6)
STATION: ANTIGO AWOS
MONTH: SEPTEMBER
YEAR: 2021
LATITUDE: 45 9 N
LONGITUDE: 89 8 W
TEMPERATURE IN F: :PCPN: SNOW: WIND :SUNSHINE: SKY :PK WND
================================================================================
1 2 3 4 5 6A 6B 7 8 9 10 11 12 13 14 15 16 17 18
12Z AVG MX 2MIN
DY MAX MIN AVG DEP HDD CDD WTR SNW DPTH SPD SPD DIR MIN PSBL S-S WX SPD DR
================================================================================
1 72 44 58 -4 7 0 M M M 3.3 8 40 M M 0 M M
2 71 45 58 -4 7 0 M M M 1.8 7 90 M M 0 M M
3 61 54 58 -3 7 0 0.08 M M 6.8 13 130 M M 7 1 17 130
4 68 55 62 1 3 0 0.03 M M 7.8 16 290 M M 7 1 20 290
5 70 50 60 -1 5 0 M M M 8.2 15 290 M M 4 21 280
6 71 42 57 -3 8 0 M M M 4.6 9 290 M M 2 1 M M
7 74 52 63 3 2 0 0.12 M M 10.6 22 340 M M 4 31 340
8 68 50 59 -1 6 0 M M M 10.3 22 320 M M 5 29 320
9 70 43 57 -2 8 0 M M M 2.1 8 320 M M 6 12 M M
10 73 45 59 0 6 0 M M M 3.8 9 220 M M 1 16 190
11 76 55 66 8 0 1 M M M 7.2 12 310 M M 1 23 250
12 67 47 57 -1 8 0 M M M 1.8 6 310 M M 2 1 M M
13 70 45 58 1 7 0 M M M 7.0 16 130 M M 5 12 21 120
14 65 55 60 3 5 0 0.09 M M 11.5 20 130 M M 8 27 130
15 71 41 56 0 9 0 M M M 4.2 12 250 M M 3 12 17 250
16 74 50 62 6 3 0 M M M 10.2 18 170 M M 0 24 170
17 73 46 60 4 5 0 M M M 7.1 15 210 M M 1 23 320
18 70 38 54 -1 11 0 M M M 4.1 8 150 M M 0 M M
19 81 51 66 11 0 1 M M M 9.1 16 180 M M 1 21 180
20 74 61 68 14 0 3 0.56 M M 10.3 16 160 M M 6 1 23 140
21 65 45 55 1 10 0 M M M 10.4 20 290 M M 6 30 290
22 62 37 50 -3 15 0 M M M 4.7 13 360 M M 2 21 360
23 66 33 50 -3 15 0 M M M 7.1 18 350 M M 0 24 360
24 73 37 55 3 10 0 0.33 M M 6.5 18 300 M M 4 32 300
25 61 38 50 -2 15 0 M M M 10.3 22 260 M M 5 29 260
26 67 44 56 4 9 0 M M M 3.3 9 210 M M 3 M M
27 68 44 56 5 9 0 M M M 4.3 12 40 M M 0 18 M M
28 68 40 54 3 11 0 M M M 2.9 9 140 M M 0 M M
29 73 42 58 8 7 0 M M M 2.4 7 110 M M 0 M M
================================================================================
SM 2022 1329 208 5 1.21 M 183.5 M 83
================================================================================
AV 69.7 45.8 6.3 FASTST M M 3 MAX(MPH)
MISC ----> # 22 320 32 300
================================================================================
NOTES:
# LAST OF SEVERAL OCCURRENCES
COLUMN 17 PEAK WIND IN M.P.H.
PRELIMINARY LOCAL CLIMATOLOGICAL DATA (WS FORM: F-6) , PAGE 2
STATION: ANTIGO AWOS
MONTH: SEPTEMBER
YEAR: 2021
LATITUDE: 45 9 N
LONGITUDE: 89 8 W
[TEMPERATURE DATA] [PRECIPITATION DATA] SYMBOLS USED IN COLUMN 16
AVERAGE MONTHLY: 57.8 TOTAL FOR MONTH: 1.21 1 = FOG OR MIST
DPTR FM NORMAL: 1.4 DPTR FM NORMAL: -2.45 2 = FOG REDUCING VISIBILITY
HIGHEST: 81 ON 19 GRTST 24HR 0.56 ON 20-20 TO 1/4 MILE OR LESS
LOWEST: 33 ON 23 3 = THUNDER
SNOW, ICE PELLETS, HAIL 4 = ICE PELLETS
TOTAL MONTH: M 5 = HAIL
GRTST 24HR M ON M 6 = FREEZING RAIN OR DRIZZLE
GRTST DEPTH: M ON M 7 = DUSTSTORM OR SANDSTORM:
VSBY 1/2 MILE OR LESS
8 = SMOKE OR HAZE
[NO. OF DAYS WITH] [WEATHER - DAYS WITH] 9 = BLOWING SNOW
X = TORNADO
MAX 32 OR BELOW: 0 0.01 INCH OR MORE: 6
MAX 90 OR ABOVE: 0 0.10 INCH OR MORE: 3
MIN 32 OR BELOW: 0 0.50 INCH OR MORE: 1
MIN 0 OR BELOW: 0 1.00 INCH OR MORE: 0
[HDD (BASE 65) ]
TOTAL THIS MO. 208 CLEAR (SCALE 0-3) 16
DPTR FM NORMAL -61 PTCLDY (SCALE 4-7) 12
TOTAL FM JUL 1 280 CLOUDY (SCALE 8-10) 1
DPTR FM NORMAL -116
[CDD (BASE 65) ]
TOTAL THIS MO. 5
DPTR FM NORMAL -12 [PRESSURE DATA]
TOTAL FM JAN 1 282 HIGHEST SLP M ON M
DPTR FM NORMAL 27 LOWEST SLP M ON M
[REMARKS]