000
CXUS53 KGRB 291709
CF6AIG
PRELIMINARY LOCAL CLIMATOLOGICAL DATA (WS FORM: F-6)
STATION: ANTIGO AWOS
MONTH: JULY
YEAR: 2021
LATITUDE: 45 9 N
LONGITUDE: 89 8 W
TEMPERATURE IN F: :PCPN: SNOW: WIND :SUNSHINE: SKY :PK WND
================================================================================
1 2 3 4 5 6A 6B 7 8 9 10 11 12 13 14 15 16 17 18
12Z AVG MX 2MIN
DY MAX MIN AVG DEP HDD CDD WTR SNW DPTH SPD SPD DIR MIN PSBL S-S WX SPD DR
================================================================================
1 75 54 65 -1 0 0 M M M 6.5 13 20 M M 0 18 20
2 75 47 61 -5 4 0 M M M 2.3 7 10 M M 0 M M
3 84 57 71 5 0 6 M M M 7.7 13 310 M M 0 20 270
4 83 58 71 5 0 6 M M M 8.3 18 210 M M 1 22 210
5 87 66 77 11 0 12 0.55 M M 9.2 17 310 M M 3 1 30 350
6 82 58 70 4 0 5 0.62 M M 3.8 21 10 M M 6 12 35 10
7 60 52 56 -11 9 0 0.18 M M 8.5 13 40 M M 10 1 16 40
8 69 49 59 -8 6 0 M M M 3.9 10 20 M M 6 M M
9 75 48 62 -5 3 0 M M M 1.4 7 150 M M 1 M M
10 75 54 65 -2 0 0 M M M 4.1 10 90 M M 0 16 100
11 76 47 62 -5 3 0 M M M 3.6 9 50 M M 0 16 40
12 77 49 63 -4 2 0 M M M 3.9 10 130 M M 1 M M
13 79 55 67 0 0 2 M M M 3.9 12 240 M M 3 17 250
14 77 56 67 0 0 2 0.75 M M 3.6 8 180 M M 6 1 26 180
15 75 59 67 0 0 2 M M M 6.0 15 340 M M 5 20 350
16 76 55 66 -1 0 1 M M M 2.9 8 120 M M 1 1 M M
17 77 49 63 -4 2 0 M M M 2.3 7 100 M M 1 8 M M
18 78 49 64 -3 1 0 M M M 0.5 5 270 M M 0 1 M M
19 81 55 68 1 0 3 M M M 4.3 10 270 M M 1 1 16 290
20 77 60 69 2 0 4 M M M 6.3 12 360 M M 3 8 16 10
21 73 48 61 -6 4 0 M M M 3.1 9 130 M M 0 M M
22 73 57 65 -2 0 0 0.20 M M 4.9 10 220 M M 7 1 16 220
23 82 63 73 6 0 8 0.05 M M 5.9 13 210 M M 5 12 18 210
24 82 63 73 6 0 8 1.82 M M 7.8 15 300 M M 5 25 300
25 81 54 68 1 0 3 M M M 5.6 15 300 M M 0 22 280
26 85 54 70 3 0 5 M M M 5.0 12 250 M M 1 22 270
27 80 65 73 6 0 8 M M M 4.7 12 270 M M 5 M M
28 79 59 69 2 0 4 0.36 M M 4.1 8 220 M M 4 1 23 210
29 76 58 67 0 0 2 M M M 7.2 14 350 M M 3 1 20 330
30 72 48 60 -6 5 0 M M M 3.3 8 230 M M 1 M M
31 77 58 68 2 0 3 M M M 6.6 12 270 M M 5 18 18 320
================================================================================
SM 2398 1704 39 84 4.53 M 151.4 M 84
================================================================================
AV 77.4 55.0 4.9 FASTST M M 3 MAX(MPH)
MISC ----> 21 10 35 10
================================================================================
NOTES:
# LAST OF SEVERAL OCCURRENCES
COLUMN 17 PEAK WIND IN M.P.H.
PRELIMINARY LOCAL CLIMATOLOGICAL DATA (WS FORM: F-6) , PAGE 2
STATION: ANTIGO AWOS
MONTH: JULY
YEAR: 2021
LATITUDE: 45 9 N
LONGITUDE: 89 8 W
[TEMPERATURE DATA] [PRECIPITATION DATA] SYMBOLS USED IN COLUMN 16
AVERAGE MONTHLY: 66.2 TOTAL FOR MONTH: 4.53 1 = FOG OR MIST
DPTR FM NORMAL: -0.4 DPTR FM NORMAL: 1.24 2 = FOG REDUCING VISIBILITY
HIGHEST: 87 ON 5 GRTST 24HR 1.82 ON 24-24 TO 1/4 MILE OR LESS
LOWEST: 47 ON 11, 2 3 = THUNDER
SNOW, ICE PELLETS, HAIL 4 = ICE PELLETS
TOTAL MONTH: M 5 = HAIL
GRTST 24HR M ON M 6 = FREEZING RAIN OR DRIZZLE
GRTST DEPTH: M ON M 7 = DUSTSTORM OR SANDSTORM:
VSBY 1/2 MILE OR LESS
8 = SMOKE OR HAZE
[NO. OF DAYS WITH] [WEATHER - DAYS WITH] 9 = BLOWING SNOW
X = TORNADO
MAX 32 OR BELOW: 0 0.01 INCH OR MORE: 8
MAX 90 OR ABOVE: 0 0.10 INCH OR MORE: 7
MIN 32 OR BELOW: 0 0.50 INCH OR MORE: 4
MIN 0 OR BELOW: 0 1.00 INCH OR MORE: 1
[HDD (BASE 65) ]
TOTAL THIS MO. 39 CLEAR (SCALE 0-3) 20
DPTR FM NORMAL -12 PTCLDY (SCALE 4-7) 10
TOTAL FM JUL 1 39 CLOUDY (SCALE 8-10) 1
DPTR FM NORMAL -20
[CDD (BASE 65) ]
TOTAL THIS MO. 84
DPTR FM NORMAL -18 [PRESSURE DATA]
TOTAL FM JAN 1 203 HIGHEST SLP M ON M
DPTR FM NORMAL 42 LOWEST SLP M ON M
[REMARKS]
#FINAL-07-21#