000
CXUS53 KGRB 050058
CF6AIG
PRELIMINARY LOCAL CLIMATOLOGICAL DATA (WS FORM: F-6)
STATION: ANTIGO AWOS
MONTH: JUNE
YEAR: 2020
LATITUDE: 45 9 N
LONGITUDE: 89 8 W
TEMPERATURE IN F: :PCPN: SNOW: WIND :SUNSHINE: SKY :PK WND
================================================================================
1 2 3 4 5 6A 6B 7 8 9 10 11 12 13 14 15 16 17 18
12Z AVG MX 2MIN
DY MAX MIN AVG DEP HDD CDD WTR SNW DPTH SPD SPD DIR MIN PSBL S-S WX SPD DR
================================================================================
1 64 47 56 -2 9 0 0.21 M 0 8.1 16 180 M M 6 1 18 200
2 88 51 70 12 0 5 0.00 0.0 0 6.0 18 280 M M 2 12 25 280
3 80 54 67 9 0 2 0.00 0.0 0 8.1 15 290 M M 1 22 290
4 80 52 66 7 0 1 0.00 0.0 0 3.7 13 270 M M 0 M M
5 77 52 65 6 0 0 0.19 0.0 0 7.1 15 320 M M 4 23 310
6 70 47 59 0 6 0 0.00 0.0 0 5.1 12 130 M M 1 17 130
7 68 46 57 -3 8 0 0.03 M 0 8.7 14 140 M M 5 18 130
8 86 50 68 8 0 3 0.00 0.0 0 9.2 16 180 M M 0 20 170
9 80 58 69 9 0 4 1.25 0.0 0 9.2 18 80 M M 3 27 80
10 72 57 65 4 0 0 0.21 0.0 0 13.7 21 290 M M 7 1 31 270
11 70 50 60 -1 5 0 0.00 0.0 0 12.3 20 290 M M 4 30 300
12 65 46 56 -5 9 0 0.00 0.0 0 5.0 13 100 M M 7 M M
13 64 37 51 -11 14 0 0.00 0.0 0 7.8 15 120 M M 0 18 120
14 66 40 53 -9 12 0 0.00 0.0 0 9.7 18 120 M M 0 23 120
15 72 43 58 -4 7 0 0.00 0.0 0 9.8 17 150 M M 0 20 170
16 80 54 67 5 0 2 0.00 0.0 0 7.5 13 200 M M 0 17 200
17 81 56 69 6 0 4 0.00 0.0 0 8.6 15 200 M M 0 22 200
18 82 57 70 7 0 5 0.00 0.0 0 8.4 16 210 M M 0 22 210
19 81 60 71 8 0 6 0.79 0.0 0 3.7 17 220 M M 6 24 220
20 65 57 61 -3 4 0 2.42 0.0 0 5.7 12 30 M M 10 1 M M
21 77 58 68 4 0 3 0.14 0.0 0 5.8 13 290 M M 7 1 18 290
22 66 58 62 -2 3 0 0.37 0.0 0 3.4 10 40 M M 9 M M
23 67 54 61 -3 4 0 0.10 0.0 0 9.1 20 350 M M 7 27 350
24 69 47 58 -7 7 0 0.00 0.0 0 3.9 14 40 M M 6 1 20 290
25 76 46 61 -4 4 0 0.00 0.0 0 4.7 12 260 M M 2 1 17 290
26 80 53 67 2 0 2 0.02 0.0 0 5.6 15 230 M M 3 M M
27 81 56 69 4 0 4 0.00 0.0 0 4.2 9 350 M M 3 1 M M
28 80 60 70 4 0 5 0.00 0.0 0 8.3 12 160 M M 3 18 16 140
29 79 63 71 5 0 6 0.20 0.0 0 8.6 18 160 M M 4 23 140
30 86 66 76 10 0 11 0.00 0.0 0 7.4 13 130 M M 3 1 16 130
================================================================================
SM 2252 1575 92 63 5.93 0.0 218.4 M 103
================================================================================
AV 75.1 52.5 7.3 FASTST M M 3 MAX(MPH)
MISC ----> 21 290 31 270
================================================================================
NOTES:
# LAST OF SEVERAL OCCURRENCES
COLUMN 17 PEAK WIND IN M.P.H.
PRELIMINARY LOCAL CLIMATOLOGICAL DATA (WS FORM: F-6) , PAGE 2
STATION: ANTIGO AWOS
MONTH: JUNE
YEAR: 2020
LATITUDE: 45 9 N
LONGITUDE: 89 8 W
[TEMPERATURE DATA] [PRECIPITATION DATA] SYMBOLS USED IN COLUMN 16
AVERAGE MONTHLY: 63.8 TOTAL FOR MONTH: 5.93 1 = FOG OR MIST
DPTR FM NORMAL: 1.6 DPTR FM NORMAL: 2.03 2 = FOG REDUCING VISIBILITY
HIGHEST: 88 ON 2 GRTST 24HR 2.42 ON 20-20 TO 1/4 MILE OR LESS
LOWEST: 37 ON 13 3 = THUNDER
SNOW, ICE PELLETS, HAIL 4 = ICE PELLETS
TOTAL MONTH: 0.0 INCH 5 = HAIL
GRTST 24HR 0.0 6 = FREEZING RAIN OR DRIZZLE
GRTST DEPTH: 0 7 = DUSTSTORM OR SANDSTORM:
VSBY 1/2 MILE OR LESS
8 = SMOKE OR HAZE
[NO. OF DAYS WITH] [WEATHER - DAYS WITH] 9 = BLOWING SNOW
X = TORNADO
MAX 32 OR BELOW: 0 0.01 INCH OR MORE: 12
MAX 90 OR ABOVE: 0 0.10 INCH OR MORE: 10
MIN 32 OR BELOW: 0 0.50 INCH OR MORE: 3
MIN 0 OR BELOW: 0 1.00 INCH OR MORE: 2
[HDD (BASE 65) ]
TOTAL THIS MO. 92 CLEAR (SCALE 0-3) 16
DPTR FM NORMAL -43 PTCLDY (SCALE 4-7) 12
TOTAL FM JUL 1 8789 CLOUDY (SCALE 8-10) 2
DPTR FM NORMAL -306
[CDD (BASE 65) ]
TOTAL THIS MO. 63
DPTR FM NORMAL 13 [PRESSURE DATA]
TOTAL FM JAN 1 81 HIGHEST SLP M ON M
DPTR FM NORMAL 22 LOWEST SLP M ON M
[REMARKS]
#FINAL-06-20#