000
CXUS56 KSGX 011145
CF6AJO
PRELIMINARY LOCAL CLIMATOLOGICAL DATA (WS FORM: F-6)
STATION: CORONA AIRPORT CA
MONTH: NOVEMBER
YEAR: 2022
LATITUDE: 33 53 N
LONGITUDE: 117-36 E
TEMPERATURE IN F: :PCPN: SNOW: WIND :SUNSHINE: SKY :PK WND
================================================================================
1 2 3 4 5 6A 6B 7 8 9 10 11 12 13 14 15 16 17 18
12Z AVG MX 2MIN
DY MAX MIN AVG DEP HDD CDD WTR SNW DPTH SPD SPD DIR MIN PSBL S-S WX SPD DR
================================================================================
1 75 49 62 M 3 0 0.00 M M 4.1 15 280 M M 2 23 280
2 68 55 62 M 3 0 0.06 M M 5.0 12 220 M M 4 1 16 250
3 65 46 56 M 9 0 0.00 M M 6.7 13 240 M M 1 21 240
4 69 36 53 M 12 0 0.00 M M 3.5 10 260 M M 0 M M
5 74 37 56 M 9 0 0.00 M M 2.5 12 280 M M 0 M M
6 73 40 57 M 8 0 0.00 M M 2.6 14 280 M M 0 M M
7 69 52 61 M 4 0 0.04 M M 3.5 10 220 M M 9 1 M M
8 67 50 59 M 6 0 0.89 M M 6.9 20 260 M M 9 1 26 190
9 62 45 54 M 11 0 0.05 M M 4.3 10 280 M M 3 1 M M
10 70 36 53 M 12 0 0.00 M M 1.7 10 60 M M 0 12 M M
11 72 41 57 M 8 0 0.00 M M 6.1 12 120 M M 0 18 130
12 70 35 53 M 12 0 0.00 M M 2.9 12 280 M M 0 M M
13 68 36 52 M 13 0 0.00 M M 1.9 10 250 M M 0 M M
14 71 38 55 M 10 0 0.00 M M 2.0 8 100 M M 0 M M
15 73 37 55 M 10 0 0.00 M M 10.6 26 40 M M 0 33 50
16 72 59 66 M 0 1 0.00 M M 19.1 29 50 M M 0 44 30
17 78 40 59 M 6 0 0.00 M M 7.2 14 150 M M 0 16 120
18 72 34 53 M 12 0 0.00 M M 2.7 8 120 M M 0 M M
19 71 56 64 M 1 0 0.00 M M 15.9 24 60 M M 0 36 60
20 78 54 66 M 0 1 0.00 M M 8.8 14 150 M M 0 M M
21 77 33 55 M 10 0 0.00 M M 2.9 8 130 M M 0 M M
22 77 35 56 M 9 0 0.00 M M 1.4 8 100 M M 0 M M
23 75 31 53 M 12 0 0.00 M M 1.7 9 280 M M 0 M M
24 76 47 62 M 3 0 0.00 M M 16.1 29 30 M M 0 41 50
25 77 39 58 M 7 0 0.00 M M 4.1 10 110 M M 0 M M
26 73 34 54 M 11 0 0.00 M M 2.0 10 270 M M 0 M M
27 74 34 54 M 11 0 0.00 M M 2.9 10 270 M M 0 16 260
28 65 45 55 M 10 0 0.00 M M 2.3 7 260 M M 5 M M
29 67 43 55 M 10 0 0.00 M M 2.2 8 260 M M 3 M M
30 63 37 50 M 15 0 0.00 M M 2.0 9 260 M M 4 1 M M
================================================================================
SM 2141 1254 247 2 1.04 M 155.5 M 40
================================================================================
AV 71.4 41.8 5.2 FASTST M M 1 MAX(MPH)
MISC ----> # 29 50 44 30
================================================================================
NOTES:
# LAST OF SEVERAL OCCURRENCES
COLUMN 17 PEAK WIND IN M.P.H.
PRELIMINARY LOCAL CLIMATOLOGICAL DATA (WS FORM: F-6) , PAGE 2
STATION: CORONA AIRPORT CA
MONTH: NOVEMBER
YEAR: 2022
LATITUDE: 33 53 N
LONGITUDE: 117-36 E
[TEMPERATURE DATA] [PRECIPITATION DATA] SYMBOLS USED IN COLUMN 16
AVERAGE MONTHLY: 56.6 TOTAL FOR MONTH: 1.04 1 = FOG OR MIST
DPTR FM NORMAL: 0.0 DPTR FM NORMAL: M 2 = FOG REDUCING VISIBILITY
HIGHEST: 78 ON 20,17 GRTST 24HR 0.89 ON 8- 8 TO 1/4 MILE OR LESS
LOWEST: 31 ON 23 3 = THUNDER
SNOW, ICE PELLETS, HAIL 4 = ICE PELLETS
TOTAL MONTH: M 5 = HAIL
GRTST 24HR M ON M 6 = FREEZING RAIN OR DRIZZLE
GRTST DEPTH: M ON M 7 = DUSTSTORM OR SANDSTORM:
VSBY 1/2 MILE OR LESS
8 = SMOKE OR HAZE
[NO. OF DAYS WITH] [WEATHER - DAYS WITH] 9 = BLOWING SNOW
X = TORNADO
MAX 32 OR BELOW: 0 0.01 INCH OR MORE: 4
MAX 90 OR ABOVE: 0 0.10 INCH OR MORE: 1
MIN 32 OR BELOW: 1 0.50 INCH OR MORE: 1
MIN 0 OR BELOW: 0 1.00 INCH OR MORE: 0
[HDD (BASE 65) ]
TOTAL THIS MO. 247 CLEAR (SCALE 0-3) 24
DPTR FM NORMAL M PTCLDY (SCALE 4-7) 4
TOTAL FM JUL 1 268 CLOUDY (SCALE 8-10) 2
DPTR FM NORMAL M
[CDD (BASE 65) ]
TOTAL THIS MO. 2
DPTR FM NORMAL M [PRESSURE DATA]
TOTAL FM JAN 1 1752 HIGHEST SLP M ON M
DPTR FM NORMAL M LOWEST SLP M ON M
[REMARKS]
#FINAL-11-22#