000
CXUS55 KBOU 010900
CF6AKO
PRELIMINARY LOCAL CLIMATOLOGICAL DATA (WS FORM: F-6)
STATION: AKRON CO
MONTH: APRIL
YEAR: 2023
LATITUDE: 40 10 N
LONGITUDE: 103 13 W
TEMPERATURE IN F: :PCPN: SNOW: WIND :SUNSHINE: SKY :PK WND
================================================================================
1 2 3 4 5 6A 6B 7 8 9 10 11 12 13 14 15 16 17 18
12Z AVG MX 2MIN
DY MAX MIN AVG DEP HDD CDD WTR SNW DPTH SPD SPD DIR MIN PSBL S-S WX SPD DR
================================================================================
1 65 26 46 1 19 0 0.00 M M 10.6 22 200 M M 0 30 180
2 71 33 52 7 13 0 0.00 M M 11.7 29 100 M M 0 37 80
3 60 27 44 -1 21 0 0.00 M M 20.5 40 100 M M 2 51 100
4 34 19 27 -18 38 0 T M M 18.8 39 90 M M 9 16 49 90
5 43 14 29 -16 36 0 0.00 M M 12.6 23 300 M M 4 30 310
6 50 26 38 -8 27 0 0.00 M M 8.9 21 210 M M 1 27 240
7 67 24 46 0 19 0 0.00 M M 8.9 16 170 M M 0 24 170
8 72 39 56 10 9 0 0.00 M M 12.4 25 150 M M 3 34 180
9 68 34 51 5 14 0 0.00 M M 11.4 20 300 M M 0 26 280
10 73 34 54 8 11 0 0.00 M M 7.5 15 180 M M 0 24 170
11 87 49 68 22 0 3 0.00 M M 14.6 24 200 M M 0 35 180
12 87 49 68 22 0 3 0.00 M M 11.9 24 210 M M 0 31 210
13 81 53 67 21 0 2 0.00 M M 16.8 40 340 M M 0 48 350
14 55 31 43 -4 22 0 0.06 M M 16.3 33 10 M M 8 1 42 20
15 48 26 37 -10 28 0 0.00 M M 13.9 30 340 M M 7 40 350
16 59 25 42 -5 23 0 0.00 M M 8.9 16 150 M M 0 22 150
17 74 36 55 8 10 0 0.00 M M 10.2 18 320 M M 0 24 310
18 78 44 61 14 4 0 0.00 M M 12.7 31 350 M M 0 45 340
19 64 32 48 0 17 0 0.09 M M 20.7 48 340 M M 4 18 61 340
20 50 23 37 -11 28 0 0.00 M M 16.5 36 300 M M 4 48 340
21 51 21 36 -12 29 0 0.00 M M 14.7 36 310 M M 5 47 290
22 46 16 31 -17 34 0 0.00 M M 8.4 17 350 M M 6 26 340
23 57 24 41 -7 24 0 0.00 M M 5.8 13 280 M M 1 20 270
24 65 36 51 2 14 0 0.00 M M 10.4 22 120 M M 1 30 150
25 49 39 44 -5 21 0 0.01 M M 16.4 26 110 M M 8 1 33 110
26 55 39 47 -2 18 0 0.07 M M 7.6 18 90 M M 6 1 23 100
27 71 39 55 5 10 0 0.08 M M 18.1 35 330 M M 4 1 56 280
28 55 32 44 -6 21 0 0.01 M M 17.0 32 10 M M 5 1 44 360
29 72 31 52 2 13 0 0.00 M M 15.8 36 350 M M 3 49 320
30 64 37 51 0 14 0 0.00 M M 7.8 15 350 M M 2 20 140
================================================================================
SM 1871 958 537 8 0.32 M 387.8 M 83
================================================================================
AV 62.4 31.9 12.9 FASTST M M 3 MAX(MPH)
MISC ----> 48 340 61 340
================================================================================
NOTES:
# LAST OF SEVERAL OCCURRENCES
COLUMN 17 PEAK WIND IN M.P.H.
PRELIMINARY LOCAL CLIMATOLOGICAL DATA (WS FORM: F-6) , PAGE 2
STATION: AKRON CO
MONTH: APRIL
YEAR: 2023
LATITUDE: 40 10 N
LONGITUDE: 103 13 W
[TEMPERATURE DATA] [PRECIPITATION DATA] SYMBOLS USED IN COLUMN 16
AVERAGE MONTHLY: 47.1 TOTAL FOR MONTH: 0.32 1 = FOG OR MIST
DPTR FM NORMAL: -0.1 DPTR FM NORMAL: -1.11 2 = FOG REDUCING VISIBILITY
HIGHEST: 87 ON 11,12 GRTST 24HR 0.09 ON 19-19 TO 1/4 MILE OR LESS
LOWEST: 14 ON 5 3 = THUNDER
SNOW, ICE PELLETS, HAIL 4 = ICE PELLETS
TOTAL MONTH: M 5 = HAIL
GRTST 24HR M ON M 6 = FREEZING RAIN OR DRIZZLE
GRTST DEPTH: M ON M 7 = DUSTSTORM OR SANDSTORM:
VSBY 1/2 MILE OR LESS
8 = SMOKE OR HAZE
[NO. OF DAYS WITH] [WEATHER - DAYS WITH] 9 = BLOWING SNOW
X = TORNADO
MAX 32 OR BELOW: 0 0.01 INCH OR MORE: 6
MAX 90 OR ABOVE: 0 0.10 INCH OR MORE: 0
MIN 32 OR BELOW: 16 0.50 INCH OR MORE: 0
MIN 0 OR BELOW: 0 1.00 INCH OR MORE: 0
[HDD (BASE 65) ]
TOTAL THIS MO. 537 CLEAR (SCALE 0-3) 18
DPTR FM NORMAL 2 PTCLDY (SCALE 4-7) 10
TOTAL FM JUL 1 6373 CLOUDY (SCALE 8-10) 2
DPTR FM NORMAL 511
[CDD (BASE 65) ]
TOTAL THIS MO. 8
DPTR FM NORMAL 6 [PRESSURE DATA]
TOTAL FM JAN 1 8 HIGHEST SLP M ON M
DPTR FM NORMAL 6 LOWEST SLP 29.24 ON 13
[REMARKS]
#FINAL-04-23#