000
CXUS55 KALY 072124
CF6ALB
PRELIMINARY LOCAL CLIMATOLOGICAL DATA (WS FORM: F-6)
STATION: ALBANY NY
MONTH: MAY
YEAR: 2020
LATITUDE: 42 45 N
LONGITUDE: 73 48 W
TEMPERATURE IN F: :PCPN: SNOW: WIND :SUNSHINE: SKY :PK WND
================================================================================
1 2 3 4 5 6A 6B 7 8 9 10 11 12 13 14 15 16 17 18
12Z AVG MX 2MIN
DY MAX MIN AVG DEP HDD CDD WTR SNW DPTH SPD SPD DIR MIN PSBL S-S WX SPD DR
================================================================================
1 61 49 55 1 10 0 0.30 0.0 0 7.2 20 320 M M 9 18 25 280
2 72 43 58 4 7 0 0.01 0.0 0 9.4 21 280 M M 5 28 280
3 78 54 66 12 0 1 0.00 0.0 0 10.9 25 300 M M 5 33 300
4 61 45 53 -2 12 0 T 0.0 0 13.2 26 280 M M 7 36 290
5 59 38 49 -6 16 0 0.00 0.0 0 9.5 18 300 M M 4 26 300
6 59 34 47 -8 18 0 T 0.0 0 1.9 16 320 M M 8 28 330
7 65 43 54 -2 11 0 0.08 0.0 0 10.9 25 270 M M 6 34 280
8 57 35 46 -10 19 0 0.12 T 0 M M M M M 7 1 M M
9 45 33 39 -17 26 0 T T 0 M M M M M 6 M M
10 58 36 47 -9 18 0 0.00 0.0 0 M M M M M 8 M M
11 63 38 51 -6 14 0 0.20 0.0 0 M M M M M 8 1 M M
12 54 37 46 -11 19 0 T T 0 17.6 32 260 M M 7 41 270
13 59 29 44 -13 21 0 0.00 0.0 0 12.3 24 270 M M 2 31 270
14 70 33 52 -6 13 0 T 0.0 0 5.5 14 160 M M 7 21 170
15 84 57 71 13 0 6 0.22 0.0 0 8.3 38 290 M M 8 38 58 310
16 73 55 64 6 1 0 0.00 0.0 0 9.6 21 290 M M 5 25 270
17 74 54 64 5 1 0 T 0.0 0 5.7 14 140 M M 8 19 160
18 69 54 62 3 3 0 0.19 0.0 0 4.9 12 160 M M 9 1 15 360
19 70 52 61 2 4 0 0.00 0.0 0 7.6 16 90 M M 7 21 110
20 75 45 60 1 5 0 0.00 0.0 0 5.0 17 160 M M 3 23 160
21 78 46 62 2 3 0 0.00 0.0 0 7.9 16 160 M M 4 21 160
22 83 55 69 9 0 4 0.00 0.0 0 6.8 15 160 M M 2 22 150
23 85 60 73 13 0 8 T 0.0 0 7.3 16 140 M M 6 22 150
24 79 49 64 3 1 0 0.00 0.0 0 7.4 21 160 M M 4 28 160
25 80 55 68 7 0 3 0.00 0.0 0 11.3 18 170 M M 4 25 160
26 90 64 77 16 0 12 0.00 0.0 0 6.8 16 160 M M 3 21 160
27 89 68 79 17 0 14 0.00 0.0 0 11.1 20 160 M M 5 27 150
28 83 68 76 14 0 11 0.00 0.0 0 12.6 22 160 M M 8 31 170
29 89 70 80 18 0 15 0.35 0.0 0 10.8 22 180 M M 9 3 30 150
30 78 58 68 6 0 3 0.05 0.0 0 10.2 31 280 M M 7 40 280
31 65 46 56 -7 9 0 0.00 0.0 0 11.8 24 280 M M 6 35 290
================================================================================
SM 2205 1503 231 77 1.52 T 243.5 M 187
================================================================================
AV 71.1 48.5 9.0 FASTST M M 6 MAX(MPH)
MISC ----> 38 290 58 310
================================================================================
NOTES:
# LAST OF SEVERAL OCCURRENCES
COLUMN 17 PEAK WIND IN M.P.H.
PRELIMINARY LOCAL CLIMATOLOGICAL DATA (WS FORM: F-6) , PAGE 2
STATION: ALBANY NY
MONTH: MAY
YEAR: 2020
LATITUDE: 42 45 N
LONGITUDE: 73 48 W
[TEMPERATURE DATA] [PRECIPITATION DATA] SYMBOLS USED IN COLUMN 16
AVERAGE MONTHLY: 59.8 TOTAL FOR MONTH: 1.52 1 = FOG OR MIST
DPTR FM NORMAL: 1.5 DPTR FM NORMAL: -2.09 2 = FOG REDUCING VISIBILITY
HIGHEST: 90 ON 26 GRTST 24HR 0.48 ON 30- 1 TO 1/4 MILE OR LESS
LOWEST: 29 ON 13 3 = THUNDER
SNOW, ICE PELLETS, HAIL 4 = ICE PELLETS
TOTAL MONTH: T 5 = HAIL
GRTST 24HR T ON 8- 8 6 = FREEZING RAIN OR DRIZZLE
GRTST DEPTH: 0 7 = DUSTSTORM OR SANDSTORM:
VSBY 1/2 MILE OR LESS
8 = SMOKE OR HAZE
[NO. OF DAYS WITH] [WEATHER - DAYS WITH] 9 = BLOWING SNOW
X = TORNADO
MAX 32 OR BELOW: 0 0.01 INCH OR MORE: 9
MAX 90 OR ABOVE: 1 0.10 INCH OR MORE: 6
MIN 32 OR BELOW: 1 0.50 INCH OR MORE: 0
MIN 0 OR BELOW: 0 1.00 INCH OR MORE: 0
[HDD (BASE 65) ]
TOTAL THIS MO. 231 CLEAR (SCALE 0-3) 3
DPTR FM NORMAL -4 PTCLDY (SCALE 4-7) 24
TOTAL FM JUL 1 5815 CLOUDY (SCALE 8-10) 4
DPTR FM NORMAL -812
[CDD (BASE 65) ]
TOTAL THIS MO. 77
DPTR FM NORMAL 51 [PRESSURE DATA]
TOTAL FM JAN 1 77 HIGHEST SLP 30.48 ON 20
DPTR FM NORMAL 47 LOWEST SLP 29.59 ON 3
[REMARKS]
#FINAL-05-20#