000
CXUS55 KPUB 011955
CLMALS
CLIMATE REPORT
NATIONAL WEATHER SERVICE
155 PM MDT THU JUN 01 2023
...................................
...THE ALAMOSA CO CLIMATE SUMMARY FOR THE MONTH OF MAY 2023...
CLIMATE NORMAL PERIOD 1991 TO 2020
CLIMATE RECORD PERIOD 1932 TO 2023
WEATHER OBSERVED NORMAL DEPART LAST YEAR`S
VALUE DATE(S) VALUE FROM VALUE DATE(S)
NORMAL
................................................................
TEMPERATURE (F)
RECORD
HIGH 90 05/31/2002
LOW 11 05/03/2011
05/01/1967
01/01/2000
HIGHEST 79 05/29 74 5 84 05/27
LOWEST 24 05/08 27 -3 15 05/05
AVG. MAXIMUM 69.9 69.8 0.1 73.4
AVG. MINIMUM 35.8 33.6 2.2 33.3
MEAN 52.9 51.7 1.2 53.3
DAYS MAX >= 90 0 0.0 0.0
DAYS MAX <= 32 0 0.0 0.0
DAYS MIN <= 32 8 13.1 -5.1
DAYS MIN <= 0 0 0.0 0.0
PRECIPITATION (INCHES)
RECORD
MAXIMUM 2.97 1935
MINIMUM 0.00 1942
TOTALS 0.86 0.60 0.26 0.39
DAILY AVG. 0.03 0.02 0.01
DAYS >= .01 8 5.6 2.4
DAYS >= .10 4 1.9 2.1
DAYS >= .50 0 0.3 -0.3
DAYS >= 1.00 0 0.0 0.0
GREATEST
24 HR. TOTAL 0.25 05/11 TO 05/11
SNOWFALL (INCHES)
RECORDS
TOTAL 13.5 1978
TOTALS T MM MM 0.2
SINCE 7/1 20.5 MM MM MM
SNOWDEPTH AVG. 0
DAYS >= 1.0 0 MM MM
GREATEST
SNOW DEPTH 0 MM
24 HR TOTAL T 05/11 TO 05/11 0.2
DEGREE DAYS
HEATING TOTAL 368 412 -44 354
SINCE 7/1 7903 8180 -277 MM
COOLING TOTAL 0 0 0 0
SINCE 1/1 0 0 0 MM
................................................................
WIND (MPH)
AVERAGE WIND SPEED 8.5
HIGHEST WIND SPEED/DIRECTION 41/170 DATE 05/10
HIGHEST GUST SPEED/DIRECTION 60/170 DATE 05/10
SKY COVER
POSSIBLE SUNSHINE (PERCENT) MM
AVERAGE SKY COVER 0.29
NUMBER OF DAYS FAIR 21
NUMBER OF DAYS PC 6
NUMBER OF DAYS CLOUDY 4
AVERAGE RH (PERCENT) 53
WEATHER CONDITIONS. NUMBER OF DAYS WITH
THUNDERSTORM 10 MIXED PRECIP 0
HEAVY RAIN 1 RAIN 5
LIGHT RAIN 17 FREEZING RAIN 0
LT FREEZING RAIN 0 HAIL 0
HEAVY SNOW 0 SNOW 0
LIGHT SNOW 1 SLEET 0
FOG 8 FOG W/VIS <= 1/4 MILE 1
HAZE 1
- INDICATES NEGATIVE NUMBERS.
R INDICATES RECORD WAS SET OR TIED.
MM INDICATES DATA IS MISSING.
T INDICATES TRACE AMOUNT.
$$