784
CXUS52 KJAX 032057
CF6AMG
PRELIMINARY LOCAL CLIMATOLOGICAL DATA (WS FORM: F-6)
STATION: ALMA
MONTH: JULY
YEAR: 2020
LATITUDE: 31 32 N
LONGITUDE: 82 30 W
TEMPERATURE IN F: :PCPN: SNOW: WIND :SUNSHINE: SKY :PK WND
================================================================================
1 2 3 4 5 6A 6B 7 8 9 10 11 12 13 14 15 16 17 18
12Z AVG MX 2MIN
DY MAX MIN AVG DEP HDD CDD WTR SNW DPTH SPD SPD DIR MIN PSBL S-S WX SPD DR
================================================================================
1 94 72 83 1 0 18 0.00 0.0 0 6.2 15 220 M M 2 13 25 220
2 94 72 83 1 0 18 0.00 0.0 0 4.4 13 200 M M 2 3 16 260
3 95 72 84 2 0 19 0.00 0.0 0 3.9 18 150 M M 1 1 25 150
4 93 71 82 0 0 17 0.00 0.0 0 3.6 17 160 M M 3 1 22 170
5 88 69 79 -3 0 14 0.14 0.0 0 4.1 18 170 M M 5 13 27 140
6 88 73 81 -1 0 16 1.34 0.0 0 6.2 18 190 M M 6 13 24 130
7 87 76 82 0 0 17 0.14 0.0 0 7.3 16 250 M M 6 13 23 230
8 90 76 83 1 0 18 T 0.0 0 5.5 14 330 M M 6 1 20 310
9 89 74 82 0 0 17 0.05 0.0 0 3.2 12 300 M M 2 13 17 310
10 95 75 85 3 0 20 0.00 0.0 0 3.9 9 310 M M 2 13 310
11 97 74 86 4 0 21 T 0.0 0 5.0 14 290 M M 1 1 19 290
12 95 69 82 0 0 17 0.00 0.0 0 3.8 13 280 M M 0 17 280
13 94 73 84 2 0 19 0.00 0.0 0 4.9 14 230 M M 1 18 240
14 97 72 85 3 0 20 0.00 0.0 0 2.8 12 190 M M 1 1 15 190
15 96 73 85 3 0 20 1.06 0.0 0 2.4 25 350 M M 3 13 31 350
16 95 72 84 2 0 19 0.00 0.0 0 4.3 10 100 M M 1 1 15 130
17 94 71 83 1 0 18 0.00 0.0 0 2.6 12 140 M M 2 1 15 140
18 94 71 83 1 0 18 0.00 0.0 0 2.7 12 100 M M 1 1 17 80
19 96 71 84 2 0 19 0.00 0.0 0 2.6 9 160 M M 0 1 13 150
20 95 73 84 2 0 19 0.00 0.0 0 3.8 13 140 M M 0 15 140
21 96 74 85 3 0 20 0.00 0.0 0 4.2 15 120 M M 1 21 140
22 95 71 83 1 0 18 0.49 0.0 0 2.8 35 190 M M 1 13 45 200
23 92 72 82 0 0 17 0.00 0.0 0 4.4 22 160 M M 2 13 27 160
24 93 71 82 0 0 17 0.00 0.0 0 4.0 16 140 M M 1 13 22 150
25 93 72 83 1 0 18 0.14 0.0 0 2.6 18 90 M M 1 13 30 80
26 92 71 82 0 0 17 0.01 0.0 0 3.0 16 90 M M 1 13 23 110
27 96 72 84 2 0 19 0.00 0.0 0 2.8 13 190 M M 1 13 17 240
28 91 75 83 1 0 18 0.00 0.0 0 5.8 17 220 M M 1 1 22 220
29 87 75 81 -1 0 16 0.06 0.0 0 5.4 18 180 M M 5 13 23 170
30 88 74 81 -1 0 16 0.13 0.0 0 6.2 18 250 M M 5 13 25 280
31 93 74 84 2 0 19 0.00 0.0 0 4.5 16 270 M M 2 13 24 280
================================================================================
SM 2882 2250 0 559 3.56 0.0 128.9 M 66
================================================================================
AV 93.0 72.6 4.2 FASTST M M 2 MAX(MPH)
MISC ----> 35 190 45 200
================================================================================
NOTES:
# LAST OF SEVERAL OCCURRENCES
COLUMN 17 PEAK WIND IN M.P.H.
PRELIMINARY LOCAL CLIMATOLOGICAL DATA (WS FORM: F-6) , PAGE 2
STATION: ALMA
MONTH: JULY
YEAR: 2020
LATITUDE: 31 32 N
LONGITUDE: 82 30 W
[TEMPERATURE DATA] [PRECIPITATION DATA] SYMBOLS USED IN COLUMN 16
AVERAGE MONTHLY: 82.8 TOTAL FOR MONTH: 3.56 1 = FOG OR MIST
DPTR FM NORMAL: 0.8 DPTR FM NORMAL: -1.77 2 = FOG REDUCING VISIBILITY
HIGHEST: 97 ON 14,11 GRTST 24HR 1.48 ON 6- 7 TO 1/4 MILE OR LESS
LOWEST: 69 ON 12, 5 3 = THUNDER
SNOW, ICE PELLETS, HAIL 4 = ICE PELLETS
TOTAL MONTH: 0.0 INCH 5 = HAIL
GRTST 24HR 0.0 6 = FREEZING RAIN OR DRIZZLE
GRTST DEPTH: 0 7 = DUSTSTORM OR SANDSTORM:
VSBY 1/2 MILE OR LESS
8 = SMOKE OR HAZE
[NO. OF DAYS WITH] [WEATHER - DAYS WITH] 9 = BLOWING SNOW
X = TORNADO
MAX 32 OR BELOW: 0 0.01 INCH OR MORE: 10
MAX 90 OR ABOVE: 25 0.10 INCH OR MORE: 7
MIN 32 OR BELOW: 0 0.50 INCH OR MORE: 2
MIN 0 OR BELOW: 0 1.00 INCH OR MORE: 2
[HDD (BASE 65) ]
TOTAL THIS MO. 0 CLEAR (SCALE 0-3) 25
DPTR FM NORMAL 0 PTCLDY (SCALE 4-7) 6
TOTAL FM JUL 1 0 CLOUDY (SCALE 8-10) 0
DPTR FM NORMAL 0
[CDD (BASE 65) ]
TOTAL THIS MO. 559
DPTR FM NORMAL 30 [PRESSURE DATA]
TOTAL FM JAN 1 1492 HIGHEST SLP 30.20 ON 17
DPTR FM NORMAL 90 LOWEST SLP 29.79 ON 12
[REMARKS]
#FINAL-07-20#