000
CXUS53 KDMX 030735
CF6AMW
PRELIMINARY LOCAL CLIMATOLOGICAL DATA (WS FORM: F-6)
STATION: AMES IA
MONTH: JUNE
YEAR: 2020
LATITUDE: 41 59 N
LONGITUDE: 93 37 W
TEMPERATURE IN F: :PCPN: SNOW: WIND :SUNSHINE: SKY :PK WND
================================================================================
1 2 3 4 5 6A 6B 7 8 9 10 11 12 13 14 15 16 17 18
12Z AVG MX 2MIN
DY MAX MIN AVG DEP HDD CDD WTR SNW DPTH SPD SPD DIR MIN PSBL S-S WX SPD DR
================================================================================
1 87 62 75 9 0 10 T 0.0 0 16.0 31 210 M M 0 44 200
2 94 69 82 16 0 17 0.00 0.0 0 14.0 26 230 M M 0 35 220
3 92 67 80 13 0 15 T 0.0 0 6.6 16 10 M M 1 3 22 30
4 92 66 79 12 0 14 0.02 0.0 0 6.0 20 40 M M 2 13 26 30
5 88 65 77 10 0 12 0.03 0.0 0 6.9 23 270 M M 1 3 34 260
6 87 68 78 10 0 13 0.00 0.0 0 10.9 18 140 M M 2 3 26 100
7 89 69 79 11 0 14 0.00 0.0 0 14.3 22 150 M M 1 34 150
8 90 70 80 12 0 15 0.00 0.0 0 12.5 21 180 M M 0 31 150
9 76 65 71 2 0 6 0.50 0.0 0 5.0 29 350 M M 5 13 39 360
10 74 58 66 -3 0 1 0.02 0.0 0 19.0 33 320 M M 5 3 48 330
11 84 55 70 1 0 5 0.00 0.0 0 11.6 24 280 M M 0 35 280
12 88 51 70 1 0 5 0.00 0.0 0 2.4 10 10 M M 0 13 350
13 80 61 71 1 0 6 0.00 0.0 0 10.9 18 110 M M 1 27 110
14 82 57 70 0 0 5 0.00 0.0 0 16.9 26 140 M M 1 38 110
15 87 64 76 6 0 11 0.00 0.0 0 13.7 21 150 M M 0 28 150
16 86 63 75 5 0 10 0.00 0.0 0 11.8 20 150 M M 0 28 130
17 86 58 72 1 0 7 0.00 0.0 0 12.0 23 160 M M 0 32 160
18 88 63 76 5 0 11 0.09 0.0 0 10.1 23 160 M M 1 13 33 170
19 78 69 74 3 0 9 0.04 0.0 0 6.8 15 360 M M 9 13 19 360
20 81 65 73 2 0 8 0.06 0.0 0 6.7 17 300 M M 7 1 22 290
21 88 62 75 3 0 10 0.00 0.0 0 6.5 18 190 M M 1 13 26 210
22 74 59 67 -5 0 2 1.00 0.0 0 6.7 18 350 M M 6 13 23 360
23 77 57 67 -5 0 2 0.00 0.0 0 10.1 17 300 M M 5 24 330
24 81 54 68 -4 0 3 0.00 0.0 0 5.6 15 300 M M 2 20 280
25 85 57 71 -1 0 6 0.00 0.0 0 7.9 16 160 M M 0 22 160
26 85 69 77 5 0 12 0.03 0.0 0 6.7 15 300 M M 1 13 20 290
27 85 65 75 3 0 10 0.00 0.0 0 2.2 16 140 M M 1 1 20 140
28 87 68 78 5 0 13 T 0.0 0 9.9 24 190 M M 0 1 36 230
29 87 73 80 7 0 15 0.00 0.0 0 9.8 20 150 M M 4 27 190
30 84 73 79 6 0 14 0.00 0.0 0 10.0 20 160 M M 7 26 140
================================================================================
SM 2542 1902 0 281 1.79 0.0 289.5 M 63
================================================================================
AV 84.7 63.4 9.6 FASTST M M 2 MAX(MPH)
MISC ----> # 33 320 # 48 330
================================================================================
NOTES:
# LAST OF SEVERAL OCCURRENCES
COLUMN 17 PEAK WIND IN M.P.H.
PRELIMINARY LOCAL CLIMATOLOGICAL DATA (WS FORM: F-6) , PAGE 2
STATION: AMES IA
MONTH: JUNE
YEAR: 2020
LATITUDE: 41 59 N
LONGITUDE: 93 37 W
[TEMPERATURE DATA] [PRECIPITATION DATA] SYMBOLS USED IN COLUMN 16
AVERAGE MONTHLY: 74.1 TOTAL FOR MONTH: 1.79 1 = FOG OR MIST
DPTR FM NORMAL: 4.1 DPTR FM NORMAL: -3.24 2 = FOG REDUCING VISIBILITY
HIGHEST: 94 ON 2 GRTST 24HR 1.00 ON 22-22 TO 1/4 MILE OR LESS
LOWEST: 51 ON 12 3 = THUNDER
SNOW, ICE PELLETS, HAIL 4 = ICE PELLETS
TOTAL MONTH: 0.0 INCH 5 = HAIL
GRTST 24HR 0.0 6 = FREEZING RAIN OR DRIZZLE
GRTST DEPTH: 0 7 = DUSTSTORM OR SANDSTORM:
VSBY 1/2 MILE OR LESS
8 = SMOKE OR HAZE
[NO. OF DAYS WITH] [WEATHER - DAYS WITH] 9 = BLOWING SNOW
X = TORNADO
MAX 32 OR BELOW: 0 0.01 INCH OR MORE: 9
MAX 90 OR ABOVE: 4 0.10 INCH OR MORE: 2
MIN 32 OR BELOW: 0 0.50 INCH OR MORE: 2
MIN 0 OR BELOW: 0 1.00 INCH OR MORE: 1
[HDD (BASE 65) ]
TOTAL THIS MO. 0 CLEAR (SCALE 0-3) 22
DPTR FM NORMAL -24 PTCLDY (SCALE 4-7) 7
TOTAL FM JUL 1 6536 CLOUDY (SCALE 8-10) 1
DPTR FM NORMAL -295
[CDD (BASE 65) ]
TOTAL THIS MO. 281
DPTR FM NORMAL 107 [PRESSURE DATA]
TOTAL FM JAN 1 314 HIGHEST SLP 30.27 ON 12
DPTR FM NORMAL 91 LOWEST SLP 29.40 ON 9
[REMARKS]
#FINAL-06-20#