000
CXUS54 KBMX 011110
CLMANB
CLIMATE REPORT
NATIONAL WEATHER SERVICE BIRMINGHAM AL
610 AM CDT MON MAY 01 2023
...................................
...THE ANNISTON CLIMATE SUMMARY FOR THE MONTH OF APRIL 2023...
CLIMATE NORMAL PERIOD 1991 TO 2020
CLIMATE RECORD PERIOD 1903 TO 2023
WEATHER OBSERVED NORMAL DEPART LAST YEAR`S
VALUE DATE(S) VALUE FROM VALUE DATE(S)
NORMAL
................................................................
TEMPERATURE (F)
RECORD
HIGH 93 04/17/1955
LOW 26 04/08/2007
04/17/1905
01/21/1985
HIGHEST 88 04/05 MM MM 84 04/25
04/30
LOWEST 39 04/11 MM MM 36 04/10
AVG. MAXIMUM 74.2 74.7 -0.5 74.6
AVG. MINIMUM 50.1 50.5 -0.4 49.2
MEAN 62.2 61.9
DAYS MAX >= 90 0 0.0 0.0 0
DAYS MAX <= 32 0 0.0 0.0 0
DAYS MIN <= 32 0 0.4 -0.4 0
DAYS MIN <= 0 0 0.0 0.0 0
PRECIPITATION (INCHES)
RECORD
MAXIMUM 17.30 1979
MINIMUM 0.17 MM
TOTALS 4.36 4.43 -0.07 3.29
DAILY AVG. 0.15 0.15 0.00
DAYS >= .01 13 9.3 3.7
DAYS >= .10 8 6.7 1.3
DAYS >= .50 4 3.2 0.8
DAYS >= 1.00 1 1.2 -0.2
DEGREE DAYS
HEATING TOTAL 120 128 -8 138
SINCE 7/1 2110 2610 -500 MM
COOLING TOTAL 40 56 -16 53
SINCE 1/1 93 74 19 MM
................................................................
WIND (MPH)
AVERAGE WIND SPEED 5.8
HIGHEST WIND SPEED/DIRECTION 29/260 DATE 04/01
HIGHEST GUST SPEED/DIRECTION 40/250 DATE 04/01
AVERAGE RH (PERCENT) 66
WEATHER CONDITIONS. NUMBER OF DAYS WITH
THUNDERSTORM 4 MIXED PRECIP 0
HEAVY RAIN 8 RAIN 10
LIGHT RAIN 15 FREEZING RAIN 0
LT FREEZING RAIN 0 HAIL 0
HEAVY SNOW 0 SNOW 0
LIGHT SNOW 0 SLEET 0
FOG 13 FOG W/VIS <= 1/4 MILE 1
HAZE 1
- INDICATES NEGATIVE NUMBERS.
R INDICATES RECORD WAS SET OR TIED.
MM INDICATES DATA IS MISSING.
T INDICATES TRACE AMOUNT.
$$