000
CXAK56 PAFC 011134
CF6ANC
PRELIMINARY LOCAL CLIMATOLOGICAL DATA (WS FORM: F-6)
STATION: ANCHORAGE AK
MONTH: SEPTEMBER
YEAR: 2022
LATITUDE: 61 10 N
LONGITUDE: 150 2 W
TEMPERATURE IN F: :PCPN: SNOW: WIND :SUNSHINE: SKY :PK WND
================================================================================
1 2 3 4 5 6A 6B 7 8 9 10 11 12 13 14 15 16 17 18
12Z AVG MX 2MIN
DY MAX MIN AVG DEP HDD CDD WTR SNW DPTH SPD SPD DIR MIN PSBL S-S WX SPD DR
================================================================================
1 58 48 53 -1 12 0 0.45 0.0 0 6.8 18 140 M M 9 1 27 170
2 63 46 55 1 10 0 T 0.0 0 5.1 13 30 M M 8 1 24 190
3 55 51 53 0 12 0 0.18 0.0 0 6.3 16 150 M M 10 1 29 180
4 59 47 53 0 12 0 T 0.0 0 7.1 17 170 M M 7 31 190
5 60 46 53 0 12 0 0.00 0.0 0 4.6 13 150 M M 6 22 330
6 56 49 53 1 12 0 0.40 0.0 0 4.9 16 170 M M 8 1 27 170
7 58 49 54 2 11 0 0.20 0.0 0 3.8 12 150 M M 9 1 19 170
8 59 49 54 2 11 0 0.61 0.0 0 8.7 26 150 M M 10 1 36 160
9 53 48 51 -1 14 0 0.30 0.0 0 12.6 24 180 M M 9 1 35 170
10 59 49 54 3 11 0 T 0.0 0 13.0 24 180 M M 6 34 200
11 56 48 52 1 13 0 0.10 0.0 0 7.7 23 160 M M 9 1 42 170
12 57 49 53 2 12 0 0.29 0.0 0 6.7 21 150 M M 9 29 150
13 56 48 52 2 13 0 0.38 0.0 0 6.9 17 150 M M 9 1 28 180
14 58 47 53 3 12 0 0.00 0.0 0 6.5 14 170 M M 7 25 170
15 53 47 50 0 15 0 0.06 0.0 0 10.1 21 150 M M 9 31 150
16 53 41 47 -2 18 0 0.01 0.0 0 7.1 23 150 M M 9 12 35 150
17 59 51 55 6 10 0 T 0.0 0 14.9 25 160 M M 6 37 170
18 54 46 50 1 15 0 0.01 0.0 0 7.5 21 150 M M 8 30 160
19 58 47 53 5 12 0 0.56 0.0 0 10.5 23 140 M M 10 1 38 160
20 51 46 49 1 16 0 0.37 0.0 0 6.2 14 50 M M 9 1 16 50
21 49 43 46 -2 19 0 0.01 0.0 0 6.1 13 190 M M 8 25 200
22 48 43 46 -1 19 0 0.04 0.0 0 6.0 12 20 M M 8 28 190
23 51 41 46 -1 19 0 0.25 0.0 0 4.8 13 180 M M 9 1 23 170
24 54 43 49 3 16 0 0.11 0.0 0 5.9 18 140 M M 8 26 160
25 55 37 46 0 19 0 T 0.0 0 6.4 21 150 M M 6 1 32 160
26 51 37 44 -2 21 0 0.29 0.0 0 5.7 18 150 M M 8 1 30 170
27 53 41 47 2 18 0 0.01 0.0 0 8.1 20 130 M M 7 35 160
28 50 42 46 1 19 0 T 0.0 0 6.4 16 330 M M 9 21 170
29 50 43 47 2 18 0 0.54 0.0 0 4.2 15 290 M M 10 1 19 350
30 55 44 50 6 15 0 0.01 0.0 0 4.3 17 180 M M 8 32 170
================================================================================
SM 1651 1366 436 0 5.18 0.0 214.9 M 248
================================================================================
AV 55.0 45.5 7.2 FASTST M M 8 MAX(MPH)
MISC ----> 26 150 42 170
================================================================================
NOTES:
# LAST OF SEVERAL OCCURRENCES
COLUMN 17 PEAK WIND IN M.P.H.
PRELIMINARY LOCAL CLIMATOLOGICAL DATA (WS FORM: F-6) , PAGE 2
STATION: ANCHORAGE AK
MONTH: SEPTEMBER
YEAR: 2022
LATITUDE: 61 10 N
LONGITUDE: 150 2 W
[TEMPERATURE DATA] [PRECIPITATION DATA] SYMBOLS USED IN COLUMN 16
AVERAGE MONTHLY: 50.3 TOTAL FOR MONTH: 5.18 1 = FOG OR MIST
DPTR FM NORMAL: 1.0 DPTR FM NORMAL: 2.08 2 = FOG REDUCING VISIBILITY
HIGHEST: 63 ON 2 GRTST 24HR 0.76 ON 8- 9 TO 1/4 MILE OR LESS
LOWEST: 37 ON 26,25 3 = THUNDER
SNOW, ICE PELLETS, HAIL 4 = ICE PELLETS
TOTAL MONTH: 0.0 INCH 5 = HAIL
GRTST 24HR 0.0 6 = FREEZING RAIN OR DRIZZLE
GRTST DEPTH: 0 7 = DUSTSTORM OR SANDSTORM:
VSBY 1/2 MILE OR LESS
8 = SMOKE OR HAZE
[NO. OF DAYS WITH] [WEATHER - DAYS WITH] 9 = BLOWING SNOW
X = TORNADO
MAX 32 OR BELOW: 0 0.01 INCH OR MORE: 22
MAX 90 OR ABOVE: 0 0.10 INCH OR MORE: 15
MIN 32 OR BELOW: 0 0.50 INCH OR MORE: 3
MIN 0 OR BELOW: 0 1.00 INCH OR MORE: 0
[HDD (BASE 65) ]
TOTAL THIS MO. 436 CLEAR (SCALE 0-3) 0
DPTR FM NORMAL -35 PTCLDY (SCALE 4-7) 11
TOTAL FM JUL 1 871 CLOUDY (SCALE 8-10) 19
DPTR FM NORMAL -9
[CDD (BASE 65) ]
TOTAL THIS MO. 0
DPTR FM NORMAL 0 [PRESSURE DATA]
TOTAL FM JAN 1 9 HIGHEST SLP 30.03 ON 18
DPTR FM NORMAL 1 LOWEST SLP 29.10 ON 2
[REMARKS]
#FINAL-09-22#