000
CXUS52 KMFL 011135
CLMAPF
CLIMATE REPORT
NATIONAL WEATHER SERVICE MIAMI, FL
735 AM EDT SAT APR 01 2023
...................................
...THE NAPLES CLIMATE SUMMARY FOR THE MONTH OF MARCH 2023...
CLIMATE NORMAL PERIOD: 1991 TO 2020
CLIMATE RECORD PERIOD: 1942 TO 2023
WEATHER OBSERVED NORMAL DEPART LAST YEAR`S
VALUE DATE(S) VALUE FROM VALUE DATE(S)
NORMAL
................................................................
TEMPERATURE (F)
RECORD
HIGH 91 03/28/2020
03/31/2008
03/28/1975
LOW 33 03/04/1980
HIGHEST 90 03/31 89 03/06
03/05
03/22
LOWEST 52 03/21 47 03/13
AVG. MAXIMUM 83.7 79.7 4.0 84.9
AVG. MINIMUM 65.3 60.9 4.4 66.5
MEAN 74.5 70.3 4.2 75.7
DAYS MAX >= 90 1 0
DAYS MAX <= 32 0 0
DAYS MIN <= 32 0 0
DAYS MIN <= 0 0 0
PRECIPITATION (INCHES)
RECORD
MAXIMUM 13.56 1970
MINIMUM 0.00 1974
TOTALS 0.30 1.88 -1.58 0.50
DAILY AVG. 0.01 0.06 -0.05 0.02
DAYS >= .01 4 2
DAYS >= .10 1 1
DAYS >= .50 0 0
DAYS >= 1.00 0 0
GREATEST
24 HR. TOTAL 0.20 03/11 TO 03/11 0.43
DEGREE DAYS
HEATING TOTAL 1 22 -21 3
SINCE 7/1 93 219 -126 MM
COOLING TOTAL 302 186 116 342
SINCE 1/1 718 401 317 MM
................................................................
WIND (MPH)
AVERAGE WIND SPEED 8.3
HIGHEST WIND SPEED/DIRECTION 30/170 DATE 03/03
HIGHEST GUST SPEED/DIRECTION 38/160 DATE 03/03
SKY COVER
POSSIBLE SUNSHINE (PERCENT) MM
AVERAGE SKY COVER 0.17
NUMBER OF DAYS FAIR 27
NUMBER OF DAYS PC 3
NUMBER OF DAYS CLOUDY 1
AVERAGE RH (PERCENT) 70
WEATHER CONDITIONS. NUMBER OF DAYS WITH
THUNDERSTORM 1 MIXED PRECIP 0
HEAVY RAIN 0 RAIN 0
LIGHT RAIN 2 FREEZING RAIN 0
LT FREEZING RAIN 0 HAIL 0
HEAVY SNOW 0 SNOW 0
LIGHT SNOW 0 SLEET 0
FOG 10 FOG W/VIS <= 1/4 MILE 1
HAZE 3
- INDICATES NEGATIVE NUMBERS.
R INDICATES RECORD WAS SET OR TIED.
MM INDICATES DATA IS MISSING.
T INDICATES TRACE AMOUNT.
$$