000
CXUS54 KLCH 010830
CF6ARA
PRELIMINARY LOCAL CLIMATOLOGICAL DATA (WS FORM: F-6)
STATION: NEW IBERIA
MONTH: MARCH
YEAR: 2023
LATITUDE: 30 1 N
LONGITUDE: 91 53 W
TEMPERATURE IN F: :PCPN: SNOW: WIND :SUNSHINE: SKY :PK WND
================================================================================
1 2 3 4 5 6A 6B 7 8 9 10 11 12 13 14 15 16 17 18
12Z AVG MX 2MIN
DY MAX MIN AVG DEP HDD CDD WTR SNW DPTH SPD SPD DIR MIN PSBL S-S WX SPD DR
================================================================================
1 82 70 76 16 0 11 0.00 M M 13.4 25 180 M M 8 1 33 180
2 83 71 77 17 0 12 0.00 M M 14.1 26 180 M M 7 38 160
3 75 55 65 5 0 0 0.01 M M 12.7 26 290 M M 3 1 37 170
4 76 50 63 3 2 0 0.00 M M 5.5 12 320 M M 0 17 320
5 82 49 66 6 0 1 0.00 M M 4.5 13 120 M M 0 19 70
6 84 60 72 11 0 7 T M M 7.5 15 210 M M 7 1 21 210
7 82 65 74 13 0 9 0.00 M M 4.6 12 210 M M 7 12 16 240
8 85 65 75 14 0 10 0.00 M M 3.9 13 200 M M 5 12 23 210
9 84 65 75 14 0 10 0.00 M M 4.0 14 200 M M 5 128 19 230
10 79 63 71 9 0 6 T M M 5.3 14 30 M M 8 1238 18 40
11 82 64 73 11 0 8 0.00 M M 12.6 22 200 M M 6 18 30 200
12 81 56 69 7 0 4 0.02 M M 14.2 21 360 M M 7 18 30 200
13 68 51 60 -2 5 0 T M M 13.8 22 20 M M 1 30 30
14 64 48 56 -6 9 0 T M M 10.9 18 40 M M 3 25 30
15 69 44 57 -5 8 0 0.00 M M 6.6 14 20 M M 0 20 40
16 77 48 63 0 2 0 T M M 13.9 28 150 M M 4 38 160
17 71 46 59 -4 6 0 0.68 M M 14.3 31 240 M M 7 13 40 240
18 52 45 49 -14 16 0 T M M 10.0 18 20 M M 7 25 10
19 54 37 46 -17 19 0 0.00 M M 11.5 21 10 M M 0 28 360
20 58 32 45 -19 20 0 0.00 M M 7.6 15 140 M M 2 18 160
21 72 47 60 -4 5 0 0.00 0.0 M 12.2 24 160 M M 6 32 150
22 79 56 68 4 0 3 0.00 M M 11.4 22 170 M M 6 30 200
23 83 67 75 11 0 10 0.00 M M 13.9 24 160 M M 9 1 33 180
24 81 69 75 11 0 10 0.00 M M 17.9 29 180 M M 8 1 41 170
25 86 68 77 13 0 12 0.00 M M 5.8 14 180 M M 5 1 20 200
26 83 70 77 12 0 12 T M M 9.1 22 170 M M 10 1 31 190
27 87 68 78 13 0 13 0.06 M M 5.4 17 180 M M 7 123 22 170
28 80 62 71 6 0 6 0.19 0.0 M 10.8 23 20 M M 5 13 30 360
29 66 53 60 -5 5 0 0.01 0.0 0 8.9 17 40 M M 2 3 23 40
30 82 52 67 1 0 2 0.00 M M 10.8 21 140 M M 3 28 160
31 82 68 75 9 0 10 0.00 0.0 0 15.6 33 160 M M 6 43 160
================================================================================
SM 2369 1764 97 156 0.97 0.0 312.7 M 154
================================================================================
AV 76.4 56.9 10.1 FASTST M M 5 MAX(MPH)
MISC ----> 33 160 43 160
================================================================================
NOTES:
# LAST OF SEVERAL OCCURRENCES
COLUMN 17 PEAK WIND IN M.P.H.
PRELIMINARY LOCAL CLIMATOLOGICAL DATA (WS FORM: F-6) , PAGE 2
STATION: NEW IBERIA
MONTH: MARCH
YEAR: 2023
LATITUDE: 30 1 N
LONGITUDE: 91 53 W
[TEMPERATURE DATA] [PRECIPITATION DATA] SYMBOLS USED IN COLUMN 16
AVERAGE MONTHLY: 66.7 TOTAL FOR MONTH: 0.97 1 = FOG OR MIST
DPTR FM NORMAL: 4.0 DPTR FM NORMAL: -1.94 2 = FOG REDUCING VISIBILITY
HIGHEST: 87 ON 27 GRTST 24HR 0.68 ON 17-17 TO 1/4 MILE OR LESS
LOWEST: 32 ON 20 3 = THUNDER
SNOW, ICE PELLETS, HAIL 4 = ICE PELLETS
TOTAL MONTH: 0.0 INCH 5 = HAIL
GRTST 24HR 0.0 6 = FREEZING RAIN OR DRIZZLE
GRTST DEPTH: 0 7 = DUSTSTORM OR SANDSTORM:
VSBY 1/2 MILE OR LESS
8 = SMOKE OR HAZE
[NO. OF DAYS WITH] [WEATHER - DAYS WITH] 9 = BLOWING SNOW
X = TORNADO
MAX 32 OR BELOW: 0 0.01 INCH OR MORE: 6
MAX 90 OR ABOVE: 0 0.10 INCH OR MORE: 2
MIN 32 OR BELOW: 1 0.50 INCH OR MORE: 1
MIN 0 OR BELOW: 0 1.00 INCH OR MORE: 0
[HDD (BASE 65) ]
TOTAL THIS MO. 97 CLEAR (SCALE 0-3) 8
DPTR FM NORMAL -40 PTCLDY (SCALE 4-7) 21
TOTAL FM JUL 1 1073 CLOUDY (SCALE 8-10) 2
DPTR FM NORMAL -253
[CDD (BASE 65) ]
TOTAL THIS MO. 156
DPTR FM NORMAL 91 [PRESSURE DATA]
TOTAL FM JAN 1 285 HIGHEST SLP 30.49 ON 19
DPTR FM NORMAL 180 LOWEST SLP 29.44 ON 3
[REMARKS]
#FINAL-03-23#