000
CXUS54 KLCH 010830
CF6ARA
PRELIMINARY LOCAL CLIMATOLOGICAL DATA (WS FORM: F-6)
STATION: NEW IBERIA
MONTH: SEPTEMBER
YEAR: 2022
LATITUDE: 30 1 N
LONGITUDE: 91 53 W
TEMPERATURE IN F: :PCPN: SNOW: WIND :SUNSHINE: SKY :PK WND
================================================================================
1 2 3 4 5 6A 6B 7 8 9 10 11 12 13 14 15 16 17 18
12Z AVG MX 2MIN
DY MAX MIN AVG DEP HDD CDD WTR SNW DPTH SPD SPD DIR MIN PSBL S-S WX SPD DR
================================================================================
1 96 76 86 4 0 21 0.00 M M 3.5 12 50 M M 1 16 60
2 92 74 83 1 0 18 T M M 3.2 15 70 M M 2 138 19 60
3 86 72 79 -3 0 14 1.27 M M 3.2 15 210 M M 4 1 22 180
4 79 73 76 -6 0 11 0.10 M M 2.3 9 220 M M 5 1 13 210
5 84 73 79 -3 0 14 T M M 2.7 8 150 M M 2 1 12 200
6 84 72 78 -3 0 13 0.01 M M 1.3 7 200 M M 2 10 170
7 93 69 81 0 0 16 0.03 M M 5.0 17 160 M M 2 13 24 170
8 91 70 81 0 0 16 0.05 M M 4.7 26 40 M M 2 13 35 60
9 90 70 80 -1 0 15 0.00 0.0 M 5.5 17 80 M M 1 22 80
10 90 68 79 -2 0 14 0.74 0.0 M 3.9 20 50 M M 3 138 26 50
11 91 70 81 0 0 16 0.00 M M 3.8 13 330 M M 1 1 17 330
12 90 69 80 0 0 15 0.00 M M 5.9 12 350 M M 1 17 360
13 85 66 76 -4 0 11 0.00 M M 7.3 15 20 M M 0 20 20
14 88 65 77 -3 0 12 0.00 M M 6.3 13 20 M M 0 20 40
15 91 62 77 -3 0 12 0.00 M M 5.1 15 80 M M 0 21 70
16 93 66 80 0 0 15 0.00 M M 3.6 10 90 M M 1 17 80
17 93 69 81 1 0 16 0.00 0.0 M 7.0 15 70 M M 1 1 19 80
18 92 73 83 4 0 18 1.00 M M 5.0 18 260 M M 3 38 26 280
19 94 71 83 4 0 18 T M M 2.2 12 140 M M 2 1 15 140
20 93 71 82 3 0 17 0.00 0.0 M 3.1 12 50 M M 0 1 16 30
21 96 70 83 4 0 18 0.00 M M 4.0 10 30 M M 0 1 15 20
22 97 72 85 7 0 20 0.00 M M 5.3 14 40 M M 1 20 40
23 96 74 85 7 0 20 T M M 4.6 10 30 M M 0 1 15 60
24 96 72 84 6 0 19 0.00 M M 2.0 9 50 M M 1 1 12 10
25 94 72 83 5 0 18 0.00 0.0 M 3.3 13 10 M M 0 1 17 10
26 93 65 79 2 0 14 0.00 M M 7.3 18 20 M M 0 1 24 30
27 85 59 72 -5 0 7 0.00 0.0 M 11.2 24 20 M M 0 36 20
28 85 58 72 -5 0 7 0.00 0.0 M 11.7 24 10 M M 0 35 10
29 77 51 64 -12 1 0 0.00 0.0 M 11.1 22 20 M M 0 29 350
30 81 50 66 -10 0 1 0.00 0.0 M 7.6 13 40 M M 0 22 40
================================================================================
SM 2695 2042 1 426 3.20 0.0 152.7 M 35
================================================================================
AV 89.8 68.1 5.1 FASTST M M 1 MAX(MPH)
MISC ----> 26 40 36 20
================================================================================
NOTES:
# LAST OF SEVERAL OCCURRENCES
COLUMN 17 PEAK WIND IN M.P.H.
PRELIMINARY LOCAL CLIMATOLOGICAL DATA (WS FORM: F-6) , PAGE 2
STATION: NEW IBERIA
MONTH: SEPTEMBER
YEAR: 2022
LATITUDE: 30 1 N
LONGITUDE: 91 53 W
[TEMPERATURE DATA] [PRECIPITATION DATA] SYMBOLS USED IN COLUMN 16
AVERAGE MONTHLY: 79.0 TOTAL FOR MONTH: 3.20 1 = FOG OR MIST
DPTR FM NORMAL: -0.7 DPTR FM NORMAL: -1.85 2 = FOG REDUCING VISIBILITY
HIGHEST: 97 ON 22 GRTST 24HR 1.33 ON 3- 4 TO 1/4 MILE OR LESS
LOWEST: 50 ON 30 3 = THUNDER
SNOW, ICE PELLETS, HAIL 4 = ICE PELLETS
TOTAL MONTH: 0.0 INCH 5 = HAIL
GRTST 24HR 0.0 6 = FREEZING RAIN OR DRIZZLE
GRTST DEPTH: 0 7 = DUSTSTORM OR SANDSTORM:
VSBY 1/2 MILE OR LESS
8 = SMOKE OR HAZE
[NO. OF DAYS WITH] [WEATHER - DAYS WITH] 9 = BLOWING SNOW
X = TORNADO
MAX 32 OR BELOW: 0 0.01 INCH OR MORE: 7
MAX 90 OR ABOVE: 20 0.10 INCH OR MORE: 4
MIN 32 OR BELOW: 0 0.50 INCH OR MORE: 3
MIN 0 OR BELOW: 0 1.00 INCH OR MORE: 2
[HDD (BASE 65) ]
TOTAL THIS MO. 1 CLEAR (SCALE 0-3) 27
DPTR FM NORMAL 1 PTCLDY (SCALE 4-7) 3
TOTAL FM JUL 1 1 CLOUDY (SCALE 8-10) 0
DPTR FM NORMAL 1
[CDD (BASE 65) ]
TOTAL THIS MO. 426
DPTR FM NORMAL -11 [PRESSURE DATA]
TOTAL FM JAN 1 2791 HIGHEST SLP 30.20 ON 29
DPTR FM NORMAL 140 LOWEST SLP 29.72 ON 9
[REMARKS]
#FINAL-09-22#