000
CXUS54 KLCH 010830
CF6ARA
PRELIMINARY LOCAL CLIMATOLOGICAL DATA (WS FORM: F-6)
STATION: NEW IBERIA
MONTH: JUNE
YEAR: 2022
LATITUDE: 30 1 N
LONGITUDE: 91 53 W
TEMPERATURE IN F: :PCPN: SNOW: WIND :SUNSHINE: SKY :PK WND
================================================================================
1 2 3 4 5 6A 6B 7 8 9 10 11 12 13 14 15 16 17 18
12Z AVG MX 2MIN
DY MAX MIN AVG DEP HDD CDD WTR SNW DPTH SPD SPD DIR MIN PSBL S-S WX SPD DR
================================================================================
1 91 73 82 2 0 17 0.48 M M 4.5 21 180 M M 4 13 29 200
2 92 71 82 2 0 17 0.16 M M 3.5 32 280 M M 2 13 51 280
3 90 71 81 1 0 16 T M M 6.3 16 50 M M 4 1 20 40
4 90 72 81 1 0 16 0.02 M M 4.4 10 180 M M 2 3 16 300
5 90 72 81 1 0 16 T M M 4.9 13 170 M M 2 3 17 180
6 90 72 81 1 0 16 0.00 M M 7.4 17 190 M M 2 23 190
7 91 75 83 2 0 18 0.00 M M 8.5 17 210 M M 2 23 170
8 92 74 83 2 0 18 0.00 M M 7.0 16 210 M M 2 21 190
9 94 75 85 4 0 20 0.00 0.0 M 5.0 17 200 M M 2 1 21 210
10 92 71 82 1 0 17 0.64 0.0 M 6.9 36 310 M M 3 13 45 310
11 93 73 83 2 0 18 T 0.0 M 6.0 16 260 M M 2 22 220
12 93 76 85 4 0 20 0.00 M M 7.8 16 220 M M 1 8 22 250
13 92 76 84 3 0 19 0.00 M M 7.4 15 200 M M 1 21 190
14 92 76 84 3 0 19 0.00 M M 6.9 17 190 M M 1 25 160
15 97 73 85 3 0 20 0.00 M M 3.1 14 170 M M 1 1 18 170
16 97 75 86 4 0 21 0.51 M M 4.5 17 250 M M 2 138 22 270
17 90 76 83 1 0 18 0.01 M M 3.2 16 110 M M 1 3 21 110
18 97 75 86 4 0 21 0.00 M M 4.1 12 20 M M 1 1 16 30
19 97 79 88 6 0 23 0.00 0.0 0 7.0 14 40 M M 0 19 30
20 97 76 87 5 0 22 0.00 M M 5.0 13 90 M M 1 18 30
21 96 77 87 5 0 22 T 0.0 0 4.9 18 190 M M 1 3 24 190
22 97 75 86 4 0 21 0.00 0.0 0 3.5 17 190 M M 2 1 25 180
23 96 78 87 5 0 22 0.00 0.0 0 5.0 21 210 M M 1 3 27 220
24 97 75 86 4 0 21 0.00 M M 4.7 20 250 M M 0 3 28 230
25 95 76 86 4 0 21 0.00 0.0 0 4.9 13 170 M M 1 18 220
26 97 72 85 3 0 20 1.21 M M 6.4 33 70 M M 4 13 46 60
27 85 73 79 -3 0 14 0.41 M M 7.8 31 80 M M 2 13 39 70
28 91 74 83 1 0 18 0.05 M M 5.8 21 80 M M 2 3 31 90
29 90 74 82 0 0 17 0.06 M M 5.3 21 190 M M 1 13 29 180
30 88 74 81 -1 0 16 0.11 0.0 M 3.9 12 170 M M 1 138 15 180
================================================================================
SM 2789 2229 0 564 3.66 0.0 165.6 M 51
================================================================================
AV 93.0 74.3 5.5 FASTST M M 2 MAX(MPH)
MISC ----> 36 310 51 280
================================================================================
NOTES:
# LAST OF SEVERAL OCCURRENCES
COLUMN 17 PEAK WIND IN M.P.H.
PRELIMINARY LOCAL CLIMATOLOGICAL DATA (WS FORM: F-6) , PAGE 2
STATION: NEW IBERIA
MONTH: JUNE
YEAR: 2022
LATITUDE: 30 1 N
LONGITUDE: 91 53 W
[TEMPERATURE DATA] [PRECIPITATION DATA] SYMBOLS USED IN COLUMN 16
AVERAGE MONTHLY: 83.6 TOTAL FOR MONTH: 3.66 1 = FOG OR MIST
DPTR FM NORMAL: 2.2 DPTR FM NORMAL: -2.80 2 = FOG REDUCING VISIBILITY
HIGHEST: 97 ON 26,24 GRTST 24HR 1.29 ON 26-27 TO 1/4 MILE OR LESS
LOWEST: 71 ON 10, 3 3 = THUNDER
SNOW, ICE PELLETS, HAIL 4 = ICE PELLETS
TOTAL MONTH: 0.0 INCH 5 = HAIL
GRTST 24HR 0.0 6 = FREEZING RAIN OR DRIZZLE
GRTST DEPTH: 0 7 = DUSTSTORM OR SANDSTORM:
VSBY 1/2 MILE OR LESS
8 = SMOKE OR HAZE
[NO. OF DAYS WITH] [WEATHER - DAYS WITH] 9 = BLOWING SNOW
X = TORNADO
MAX 32 OR BELOW: 0 0.01 INCH OR MORE: 11
MAX 90 OR ABOVE: 28 0.10 INCH OR MORE: 7
MIN 32 OR BELOW: 0 0.50 INCH OR MORE: 3
MIN 0 OR BELOW: 0 1.00 INCH OR MORE: 1
[HDD (BASE 65) ]
TOTAL THIS MO. 0 CLEAR (SCALE 0-3) 27
DPTR FM NORMAL 0 PTCLDY (SCALE 4-7) 3
TOTAL FM JUL 1 1249 CLOUDY (SCALE 8-10) 0
DPTR FM NORMAL -114
[CDD (BASE 65) ]
TOTAL THIS MO. 564
DPTR FM NORMAL 74 [PRESSURE DATA]
TOTAL FM JAN 1 1241 HIGHEST SLP 30.17 ON 21
DPTR FM NORMAL 146 LOWEST SLP 29.75 ON 6
[REMARKS]
#FINAL-06-22#