000
CXUS54 KLCH 031646
CF6ARA
PRELIMINARY LOCAL CLIMATOLOGICAL DATA (WS FORM: F-6)
STATION: NEW IBERIA
MONTH: JANUARY
YEAR: 2021
LATITUDE: 30 1 N
LONGITUDE: 91 53 W
TEMPERATURE IN F: :PCPN: SNOW: WIND :SUNSHINE: SKY :PK WND
================================================================================
1 2 3 4 5 6A 6B 7 8 9 10 11 12 13 14 15 16 17 18
12Z AVG MX 2MIN
DY MAX MIN AVG DEP HDD CDD WTR SNW DPTH SPD SPD DIR MIN PSBL S-S WX SPD DR
================================================================================
1 57 42 50 -3 15 0 T 0.0 M 8.8 20 270 M M 1 28 260
2 51 35 43 -10 22 0 0.00 0.0 M 6.4 16 290 M M 5 1 21 330
3 62 33 48 -5 17 0 0.00 0.0 M 3.3 9 190 M M 0 12 12 190
4 72 39 56 3 9 0 0.00 0.0 M 6.2 17 270 M M 1 12 21 280
5 70 39 55 2 10 0 0.00 0.0 M 2.8 15 40 M M 2 12 20 40
6 67 40 54 1 11 0 0.16 0.0 M 10.5 29 130 M M 2 123 37 130
7 58 46 52 -1 13 0 0.00 0.0 M 14.2 24 340 M M 9 32 340
8 52 40 46 -7 19 0 0.00 0.0 M 12.3 21 10 M M 9 28 10
9 51 31 41 -12 24 0 0.00 0.0 M 7.9 15 20 M M 1 24 360
10 50 37 44 -9 21 0 0.30 0.0 M 11.6 28 40 M M 7 1 40 40
11 41 36 39 -14 26 0 0.64 0.0 M 13.7 21 360 M M 10 1 28 340
12 51 29 40 -13 25 0 0.00 0.0 M 6.4 17 10 M M 2 1 23 360
13 57 33 45 -8 20 0 0.00 0.0 M 3.9 12 190 M M 2 1 18 280
14 70 33 52 -1 13 0 0.00 0.0 M 8.0 22 230 M M 3 128 30 250
15 59 38 49 -4 16 0 0.00 0.0 M 10.5 28 280 M M 0 18 37 280
16 54 35 45 -8 20 0 0.00 0.0 M 6.5 16 310 M M 0 21 300
17 63 32 48 -5 17 0 0.00 0.0 M 3.9 16 290 M M 1 1 23 260
18 66 32 49 -4 16 0 0.00 M M 5.4 14 170 M M 0 18 18 170
19 73 44 59 6 6 0 0.00 M M 8.8 21 160 M M 2 1 27 190
20 70 49 60 7 5 0 0.00 M M 5.9 15 50 M M 7 12 17 50
21 72 55 64 11 1 0 T M M 9.1 18 220 M M 8 18 24 240
22 67 61 64 11 1 0 0.65 M M 5.4 15 110 M M 10 1 18 110
23 63 57 60 7 5 0 0.00 0.0 M 8.8 14 70 M M 10 1 20 100
24 75 58 67 14 0 2 0.00 M M 9.6 21 170 M M 10 12 28 180
25 73 65 69 16 0 4 0.00 M M 14.1 23 180 M M 10 1 33 180
26 73 62 68 15 0 3 0.23 M M 7.7 16 90 M M 10 1 24 80
27 69 48 59 6 6 0 T M M 11.2 28 350 M M 4 12 38 350
28 57 38 48 -5 17 0 0.00 M M 11.0 22 50 M M 0 29 360
29 62 37 50 -3 15 0 0.00 M M 5.0 10 200 M M 0 1 14 190
30 73 45 59 6 6 0 T M M 12.6 25 180 M M 9 1 34 190
31 69 47 58 5 7 0 0.18 M M 13.8 24 340 M M 4 1 33 340
================================================================================
SM 1947 1316 383 9 2.16 0.0 265.3 M 139
================================================================================
AV 62.8 42.5 8.6 FASTST M M 4 MAX(MPH)
MISC ----> 29 130 40 40
================================================================================
NOTES:
# LAST OF SEVERAL OCCURRENCES
COLUMN 17 PEAK WIND IN M.P.H.
PRELIMINARY LOCAL CLIMATOLOGICAL DATA (WS FORM: F-6) , PAGE 2
STATION: NEW IBERIA
MONTH: JANUARY
YEAR: 2021
LATITUDE: 30 1 N
LONGITUDE: 91 53 W
[TEMPERATURE DATA] [PRECIPITATION DATA] SYMBOLS USED IN COLUMN 16
AVERAGE MONTHLY: 52.6 TOTAL FOR MONTH: 2.16 1 = FOG OR MIST
DPTR FM NORMAL: -0.2 DPTR FM NORMAL: -3.06 2 = FOG REDUCING VISIBILITY
HIGHEST: 75 ON 24 GRTST 24HR 1.21 ON 10-11 TO 1/4 MILE OR LESS
LOWEST: 29 ON 12 3 = THUNDER
SNOW, ICE PELLETS, HAIL 4 = ICE PELLETS
TOTAL MONTH: 0.0 INCH 5 = HAIL
GRTST 24HR 0.0 6 = FREEZING RAIN OR DRIZZLE
GRTST DEPTH: M ON M 7 = DUSTSTORM OR SANDSTORM:
VSBY 1/2 MILE OR LESS
8 = SMOKE OR HAZE
[NO. OF DAYS WITH] [WEATHER - DAYS WITH] 9 = BLOWING SNOW
X = TORNADO
MAX 32 OR BELOW: 0 0.01 INCH OR MORE: 6
MAX 90 OR ABOVE: 0 0.10 INCH OR MORE: 6
MIN 32 OR BELOW: 4 0.50 INCH OR MORE: 2
MIN 0 OR BELOW: 0 1.00 INCH OR MORE: 0
[HDD (BASE 65) ]
TOTAL THIS MO. 383 CLEAR (SCALE 0-3) 15
DPTR FM NORMAL -7 PTCLDY (SCALE 4-7) 7
TOTAL FM JUL 1 830 CLOUDY (SCALE 8-10) 9
DPTR FM NORMAL -110
[CDD (BASE 65) ]
TOTAL THIS MO. 9
DPTR FM NORMAL -3 [PRESSURE DATA]
TOTAL FM JAN 1 9 HIGHEST SLP 30.56 ON 28
DPTR FM NORMAL -3 LOWEST SLP 29.74 ON 25
[REMARKS]
#FINAL-01-21#