000
CXUS54 KLCH 012211
CF6ARA
PRELIMINARY LOCAL CLIMATOLOGICAL DATA (WS FORM: F-6)
STATION: NEW IBERIA
MONTH: DECEMBER
YEAR: 2020
LATITUDE: 30 1 N
LONGITUDE: 91 53 W
TEMPERATURE IN F: :PCPN: SNOW: WIND :SUNSHINE: SKY :PK WND
================================================================================
1 2 3 4 5 6A 6B 7 8 9 10 11 12 13 14 15 16 17 18
12Z AVG MX 2MIN
DY MAX MIN AVG DEP HDD CDD WTR SNW DPTH SPD SPD DIR MIN PSBL S-S WX SPD DR
================================================================================
1 59 29 44 -13 21 0 0.00 0.0 M 2.9 12 220 M M 0 1 18 230
2 66 38 52 -5 13 0 0.00 0.0 M 13.8 24 120 M M 1 32 130
3 68 51 60 4 5 0 0.11 0.0 M 9.8 18 350 M M 8 1 26 100
4 59 41 50 -6 15 0 0.00 0.0 M 10.8 18 360 M M 4 25 360
5 57 38 48 -8 17 0 T 0.0 0 4.2 15 30 M M 1 18 21 30
6 53 42 48 -8 17 0 0.13 0.0 M 3.1 13 320 M M 5 1 17 310
7 61 39 50 -6 15 0 0.00 0.0 M 6.4 21 350 M M 0 1 28 350
8 66 35 51 -4 14 0 0.00 0.0 M 3.3 13 260 M M 0 18 16 260
9 73 37 55 0 10 0 0.00 0.0 M 4.0 14 260 M M 3 12 18 250
10 74 45 60 5 5 0 0.00 0.0 M 5.2 14 200 M M 5 12 19 190
11 75 51 63 8 2 0 0.00 0.0 M 9.9 20 150 M M 7 27 150
12 68 52 60 5 5 0 0.59 0.0 M 6.1 24 300 M M 7 123 33 300
13 73 51 62 8 3 0 0.19 0.0 M 12.4 30 310 M M 6 1 42 320
14 51 45 48 -6 17 0 0.00 0.0 M 12.9 24 350 M M 10 33 340
15 50 44 47 -7 18 0 0.58 0.0 M 8.8 16 40 M M 10 1 20 40
16 49 39 44 -10 21 0 T 0.0 M 12.1 22 330 M M 10 1 28 340
17 53 35 44 -10 21 0 0.00 0.0 M 6.9 15 340 M M 4 20 360
18 61 32 47 -7 18 0 0.00 0.0 M 6.4 16 110 M M 0 8 21 120
19 70 46 58 4 7 0 1.00 0.0 M 12.9 26 290 M M 6 1 37 290
20 60 41 51 -3 14 0 0.00 0.0 M 6.0 14 340 M M 8 12 19 330
21 69 38 54 0 11 0 0.00 0.0 M 2.0 9 220 M M 3 12 12 200
22 69 38 54 1 11 0 0.00 0.0 M 3.7 14 190 M M 3 12 19 180
23 73 48 61 8 4 0 T 0.0 M 10.3 21 170 M M 9 3 28 160
24 68 33 51 -2 14 0 0.51 0.0 M 15.2 31 350 M M 4 13 45 330
25 53 34 44 -9 21 0 0.00 0.0 M 7.3 20 330 M M 0 26 320
26 60 30 45 -8 20 0 0.00 M M 4.2 10 150 M M 0 8 15 130
27 69 36 53 0 12 0 0.00 M M 8.4 17 170 M M 0 1 25 200
28 73 45 59 6 6 0 0.00 M M 4.3 10 150 M M 3 1 13 150
29 73 47 60 7 5 0 0.00 M M 9.3 23 140 M M 1 1 31 130
30 74 59 67 14 0 2 0.02 M M 13.0 25 150 M M 9 1 34 150
31 77 57 67 14 0 2 0.04 0.0 M 14.6 26 200 M M 10 1 39 160
================================================================================
SM 2004 1296 362 4 3.17 0.0 250.2 M 137
================================================================================
AV 64.6 41.8 8.1 FASTST M M 4 MAX(MPH)
MISC ----> 31 350 45 330
================================================================================
NOTES:
# LAST OF SEVERAL OCCURRENCES
COLUMN 17 PEAK WIND IN M.P.H.
PRELIMINARY LOCAL CLIMATOLOGICAL DATA (WS FORM: F-6) , PAGE 2
STATION: NEW IBERIA
MONTH: DECEMBER
YEAR: 2020
LATITUDE: 30 1 N
LONGITUDE: 91 53 W
[TEMPERATURE DATA] [PRECIPITATION DATA] SYMBOLS USED IN COLUMN 16
AVERAGE MONTHLY: 53.2 TOTAL FOR MONTH: 3.17 1 = FOG OR MIST
DPTR FM NORMAL: -1.2 DPTR FM NORMAL: -1.83 2 = FOG REDUCING VISIBILITY
HIGHEST: 77 ON 31 GRTST 24HR 1.00 ON 19-19 TO 1/4 MILE OR LESS
LOWEST: 29 ON 1 3 = THUNDER
SNOW, ICE PELLETS, HAIL 4 = ICE PELLETS
TOTAL MONTH: 0.0 INCH 5 = HAIL
GRTST 24HR 0.0 6 = FREEZING RAIN OR DRIZZLE
GRTST DEPTH: 0 7 = DUSTSTORM OR SANDSTORM:
VSBY 1/2 MILE OR LESS
8 = SMOKE OR HAZE
[NO. OF DAYS WITH] [WEATHER - DAYS WITH] 9 = BLOWING SNOW
X = TORNADO
MAX 32 OR BELOW: 0 0.01 INCH OR MORE: 9
MAX 90 OR ABOVE: 0 0.10 INCH OR MORE: 7
MIN 32 OR BELOW: 3 0.50 INCH OR MORE: 4
MIN 0 OR BELOW: 0 1.00 INCH OR MORE: 1
[HDD (BASE 65) ]
TOTAL THIS MO. 362 CLEAR (SCALE 0-3) 13
DPTR FM NORMAL 10 PTCLDY (SCALE 4-7) 10
TOTAL FM JUL 1 447 CLOUDY (SCALE 8-10) 8
DPTR FM NORMAL -100
[CDD (BASE 65) ]
TOTAL THIS MO. 4
DPTR FM NORMAL -18 [PRESSURE DATA]
TOTAL FM JAN 1 2926 HIGHEST SLP 30.39 ON 18
DPTR FM NORMAL 112 LOWEST SLP 29.68 ON 31
[REMARKS]
#FINAL-12-20#