000
CXUS54 KLCH 151753
CF6ARA
PRELIMINARY LOCAL CLIMATOLOGICAL DATA (WS FORM: F-6)
STATION: NEW IBERIA
MONTH: AUGUST
YEAR: 2020
LATITUDE: 30 1 N
LONGITUDE: 91 53 W
TEMPERATURE IN F: :PCPN: SNOW: WIND :SUNSHINE: SKY :PK WND
================================================================================
1 2 3 4 5 6A 6B 7 8 9 10 11 12 13 14 15 16 17 18
12Z AVG MX 2MIN
DY MAX MIN AVG DEP HDD CDD WTR SNW DPTH SPD SPD DIR MIN PSBL S-S WX SPD DR
================================================================================
1 89 73 81 -2 0 16 0.16 0.0 0 2.6 14 230 M M 1 13 20 10
2 91 74 83 0 0 18 0.00 0.0 0 3.3 12 350 M M 2 16 300
3 93 70 82 -1 0 17 0.00 0.0 0 3.4 14 30 M M 1 1 18 360
4 94 74 84 1 0 19 0.00 0.0 0 4.7 14 280 M M 0 1 19 280
5 94 73 84 1 0 19 0.01 0.0 0 3.4 26 340 M M 1 13 36 350
6 93 74 84 1 0 19 0.00 0.0 0 4.9 14 10 M M 1 19 60
7 96 72 84 1 0 19 0.00 0.0 0 2.5 10 200 M M 1 15 20
8 92 74 83 0 0 18 0.28 0.0 0 2.1 18 280 M M 1 13 24 30
9 90 76 83 0 0 18 0.01 0.0 0 3.0 15 130 M M 0 3 19 130
10 94 75 85 2 0 20 0.00 0.0 0 3.5 15 220 M M 1 1 19 220
11 94 75 85 2 0 20 0.00 0.0 0 3.7 14 220 M M 1 20 240
12 95 76 86 3 0 21 0.00 0.0 0 4.6 20 220 M M 2 3 26 220
13 93 74 84 1 0 19 0.02 0.0 0 4.6 17 20 M M 2 3 25 220
14 94 75 85 2 0 20 0.52 0.0 0 4.1 21 130 M M 1 13 26 290
15 96 77 87 4 0 22 T 0.0 0 4.9 13 360 M M 1 38 18 290
16 97 74 86 3 0 21 0.00 0.0 0 4.1 14 10 M M 1 19 10
17 93 75 84 1 0 19 0.00 0.0 0 7.0 17 20 M M 1 23 30
18 95 73 84 1 0 19 0.00 0.0 0 4.4 14 20 M M 1 20 20
19 95 72 84 1 0 19 0.00 0.0 0 5.1 15 360 M M 0 20 360
20 92 70 81 -2 0 16 0.00 0.0 0 6.3 16 20 M M 1 22 360
21 94 68 81 -2 0 16 0.00 0.0 0 4.5 14 320 M M 1 1 20 280
22 95 72 84 1 0 19 0.00 0.0 0 4.4 14 40 M M 1 1 20 350
23 95 73 84 1 0 19 T 0.0 0 8.1 20 50 M M 1 1 28 60
24 94 75 85 2 0 20 0.00 0.0 0 10.3 18 60 M M 2 27 30
25 96 78 87 4 0 22 0.25 0.0 0 9.7 22 140 M M 7 13 30 120
26 88 79 84 2 0 19 1.69 0.0 0 17.8 44 110 M M M 13 66 120
27 89 79 84 2 0 19 2.85 0.0 0 21.2 53 160 M M M 138 76 150
28 90 76 83 1 0 18 0.21 0.0 0 8.2 22 200 M M M 1 31 200
29 91 76 84 2 0 19 0.06 0.0 0 4.5 22 320 M M M 3 29 320
30 89 76 83 1 0 18 0.49 0.0 0 5.5 22 200 M M M 13 33 200
31 93 79 86 4 0 21 0.00 0.0 0 8.2 17 200 M M M 27 190
================================================================================
SM 2884 2307 0 589 6.55 0.0 184.6 M 32
================================================================================
AV 93.0 74.4 6.0 FASTST M M 1 MAX(MPH)
MISC ----> # 53 160 # 76 150
================================================================================
NOTES:
# LAST OF SEVERAL OCCURRENCES
COLUMN 17 PEAK WIND IN M.P.H.
PRELIMINARY LOCAL CLIMATOLOGICAL DATA (WS FORM: F-6) , PAGE 2
STATION: NEW IBERIA
MONTH: AUGUST
YEAR: 2020
LATITUDE: 30 1 N
LONGITUDE: 91 53 W
[TEMPERATURE DATA] [PRECIPITATION DATA] SYMBOLS USED IN COLUMN 16
AVERAGE MONTHLY: 83.7 TOTAL FOR MONTH: 6.55 1 = FOG OR MIST
DPTR FM NORMAL: 0.8 DPTR FM NORMAL: 1.47 2 = FOG REDUCING VISIBILITY
HIGHEST: 97 ON 16 GRTST 24HR 2.85 ON 27-27 TO 1/4 MILE OR LESS
LOWEST: 68 ON 21 3 = THUNDER
SNOW, ICE PELLETS, HAIL 4 = ICE PELLETS
TOTAL MONTH: 0.0 INCH 5 = HAIL
GRTST 24HR 0.0 6 = FREEZING RAIN OR DRIZZLE
GRTST DEPTH: 0 7 = DUSTSTORM OR SANDSTORM:
VSBY 1/2 MILE OR LESS
8 = SMOKE OR HAZE
[NO. OF DAYS WITH] [WEATHER - DAYS WITH] 9 = BLOWING SNOW
X = TORNADO
MAX 32 OR BELOW: 0 0.01 INCH OR MORE: 12
MAX 90 OR ABOVE: 27 0.10 INCH OR MORE: 8
MIN 32 OR BELOW: 0 0.50 INCH OR MORE: 3
MIN 0 OR BELOW: 0 1.00 INCH OR MORE: 2
[HDD (BASE 65) ]
TOTAL THIS MO. 0 CLEAR (SCALE 0-3) 24
DPTR FM NORMAL 0 PTCLDY (SCALE 4-7) 1
TOTAL FM JUL 1 0 CLOUDY (SCALE 8-10) 0
DPTR FM NORMAL 0
[CDD (BASE 65) ]
TOTAL THIS MO. 589
DPTR FM NORMAL 34 [PRESSURE DATA]
TOTAL FM JAN 1 2417 HIGHEST SLP M ON M
DPTR FM NORMAL 274 LOWEST SLP 29.56 ON 27
[REMARKS]
#FINAL-08-20#