000
CXUS51 KBUF 010905
CF6ART
PRELIMINARY LOCAL CLIMATOLOGICAL DATA (WS FORM: F-6)
STATION: WATERTOWN NY
MONTH: NOVEMBER
YEAR: 2023
LATITUDE: 43 59 N
LONGITUDE: 76 2 W
TEMPERATURE IN F: :PCPN: SNOW: WIND :SUNSHINE: SKY :PK WND
================================================================================
1 2 3 4 5 6A 6B 7 8 9 10 11 12 13 14 15 16 17 18
12Z AVG MX 2MIN
DY MAX MIN AVG DEP HDD CDD WTR SNW DPTH SPD SPD DIR MIN PSBL S-S WX SPD DR
================================================================================
1 38 25 32 -11 33 0 0.03 M M 4.8 13 30 M M 8 1 16 320
2 46 25 36 -7 29 0 0.01 M M 8.3 21 210 M M 9 1 30 220
3 58 42 50 7 15 0 T M M 13.0 30 210 M M 4 53 220
4 54 45 50 8 15 0 0.01 M M 3.6 23 250 M M 10 1 36 260
5 49 32 41 -1 24 0 0.00 M M 5.0 14 20 M M 5 1 20 20
6 52 34 43 1 22 0 T M M 8.9 22 180 M M 9 40 170
7 58 32 45 4 20 0 T M M 13.7 26 260 M M 10 39 260
8 36 24 30 -11 35 0 T M M 5.2 15 340 M M 4 22 340
9 50 32 41 1 24 0 0.27 M M 10.2 25 260 M M 10 1 39 270
10 52 40 46 6 19 0 T M M 10.9 24 260 M M 9 34 260
11 40 31 36 -4 29 0 0.00 M M 7.3 15 30 M M 9 19 30
12 40 20 30 -9 35 0 0.00 M M 4.3 10 20 M M 5 14 10
13 47 19 33 -6 32 0 0.02 M M 3.7 13 270 M M 5 1 17 280
14 43 33 38 -1 27 0 0.06 M M 4.5 14 310 M M 10 18 300
15 56 33 45 7 20 0 0.00 M M 6.2 14 210 M M 0 22 210
16 M M M M M M 0.00 M M M M M M M M M M
17 62 38 50 12 15 0 0.70 M M 11.5 21 10 M M 10 1 35 200
18 45 29 37 0 28 0 0.00 M M 6.2 18 270 M M 5 27 290
19 45 23 34 -3 31 0 0.01 M M 7.9 17 280 M M 4 1 24 260
20 34 14 24 -12 41 0 0.00 M M 4.5 10 40 M M 0 23 50
21 42 17 30 -6 35 0 0.91 M M 5.7 14 160 M M 4 1 20 150
22 47 37 42 6 23 0 0.32 M M 3.7 13 160 M M 10 1 19 160
23 47 35 41 6 24 0 0.00 M M 9.9 23 290 M M 10 36 260
24 40 23 32 -3 33 0 T M M 12.0 23 290 M M 5 32 280
25 38 16 27 -7 38 0 0.00 M M 4.5 16 230 M M 5 23 230
26 45 33 39 5 26 0 0.04 M M 7.9 23 160 M M 5 36 150
27 44 31 38 4 27 0 0.10 M M 17.2 28 260 M M 10 1 43 260
28 33 15 24 -9 41 0 0.00 M M 13.8 25 280 M M 6 36 270
29 32 15 24 -9 41 0 T M M 7.3 20 210 M M 10 12 31 250
30 49 32 41 8 24 0 T M M 11.5 22 200 M M 6 35 190
================================================================================
SM 1322 825 806 0 2.48 M 233.2 M 197
================================================================================
AV 45.6 28.4 8.0 FASTST M M 7 MAX(MPH)
MISC ----> 30 210 53 220
================================================================================
NOTES:
# LAST OF SEVERAL OCCURRENCES
COLUMN 17 PEAK WIND IN M.P.H.
PRELIMINARY LOCAL CLIMATOLOGICAL DATA (WS FORM: F-6) , PAGE 2
STATION: WATERTOWN NY
MONTH: NOVEMBER
YEAR: 2023
LATITUDE: 43 59 N
LONGITUDE: 76 2 W
[TEMPERATURE DATA] [PRECIPITATION DATA] SYMBOLS USED IN COLUMN 16
AVERAGE MONTHLY: 37.0 TOTAL FOR MONTH: 2.48 1 = FOG OR MIST
DPTR FM NORMAL: -1.0 DPTR FM NORMAL: -0.92 2 = FOG REDUCING VISIBILITY
HIGHEST: 62 ON 17 GRTST 24HR 1.21 ON 21-22 TO 1/4 MILE OR LESS
LOWEST: 14 ON 20 3 = THUNDER
SNOW, ICE PELLETS, HAIL 4 = ICE PELLETS
TOTAL MONTH: M 5 = HAIL
GRTST 24HR M ON M 6 = FREEZING RAIN OR DRIZZLE
GRTST DEPTH: M ON M 7 = DUSTSTORM OR SANDSTORM:
VSBY 1/2 MILE OR LESS
8 = SMOKE OR HAZE
[NO. OF DAYS WITH] [WEATHER - DAYS WITH] 9 = BLOWING SNOW
X = TORNADO
MAX 32 OR BELOW: 1 0.01 INCH OR MORE: 12
MAX 90 OR ABOVE: 0 0.10 INCH OR MORE: 5
MIN 32 OR BELOW: 19 0.50 INCH OR MORE: 2
MIN 0 OR BELOW: 0 1.00 INCH OR MORE: 0
[HDD (BASE 65) ]
TOTAL THIS MO. 806 CLEAR (SCALE 0-3) 2
DPTR FM NORMAL -3 PTCLDY (SCALE 4-7) 14
TOTAL FM JUL 1 1368 CLOUDY (SCALE 8-10) 14
DPTR FM NORMAL -199
[CDD (BASE 65) ]
TOTAL THIS MO. 0
DPTR FM NORMAL 0 [PRESSURE DATA]
TOTAL FM JAN 1 421 HIGHEST SLP 30.59 ON 12
DPTR FM NORMAL 36 LOWEST SLP 29.53 ON 7
[REMARKS]
#FINAL-11-23#