000
CXUS55 KGJT 011010
CF6ASE
PRELIMINARY LOCAL CLIMATOLOGICAL DATA (WS FORM: F-6)
STATION: ASPEN CO
MONTH: NOVEMBER
YEAR: 2022
LATITUDE: 39 13 N
LONGITUDE: 106 52 W
TEMPERATURE IN F: :PCPN: SNOW: WIND :SUNSHINE: SKY :PK WND
================================================================================
1 2 3 4 5 6A 6B 7 8 9 10 11 12 13 14 15 16 17 18
12Z AVG MX 2MIN
DY MAX MIN AVG DEP HDD CDD WTR SNW DPTH SPD SPD DIR MIN PSBL S-S WX SPD DR
================================================================================
1 55 23 39 1 26 0 0.00 M M 5.6 14 180 M M 0 17 150
2 56 32 44 6 21 0 0.00 M M 9.2 25 180 M M 0 36 190
3 42 26 34 -3 31 0 0.20 M M 4.4 16 170 M M 9 12 22 140
4 30 22 26 -11 39 0 0.01 M M 5.7 15 330 M M 9 18 21 360
5 41 25 33 -3 32 0 T M M 2.1 10 330 M M 10 8 13 340
6 44 30 37 1 28 0 0.00 M M 3.7 13 330 M M 8 19 350
7 60 32 46 10 19 0 0.00 M M 11.8 25 160 M M 4 31 140
8 60 35 48 13 17 0 0.00 M M 10.8 26 180 M M 0 37 130
9 58 24 41 6 24 0 0.07 M M 15.0 32 180 M M 4 1 45 160
10 33 13 23 -11 42 0 0.05 M M 4.4 15 340 M M 7 1 21 350
11 31 11 21 -13 44 0 0.06 M M 4.1 9 210 M M 5 18 14 210
12 39 7 23 -11 42 0 0.00 M M 3.8 10 200 M M 0 14 360
13 45 12 29 -4 36 0 0.03 M M 4.9 10 320 M M 2 1 16 300
14 30 14 22 -11 43 0 0.12 M M 5.3 12 360 M M 9 18 17 320
15 25 6 16 -16 49 0 0.05 M M 4.4 13 320 M M 7 18 17 310
16 32 3 18 -14 47 0 0.00 M M 4.7 10 170 M M 5 17 340
17 35 8 22 -9 43 0 0.00 M M 5.8 12 330 M M 1 18 10
18 30 8 19 -12 46 0 0.00 M M 5.7 14 330 M M 4 19 310
19 36 3 20 -10 45 0 0.00 M M 5.6 12 10 M M 0 17 250
20 42 5 24 -6 41 0 0.00 M M 5.9 12 360 M M 0 16 360
21 45 8 27 -3 38 0 0.00 M M 5.8 10 220 M M 0 15 210
22 46 9 28 -1 37 0 0.00 M M 5.8 9 190 M M 0 13 30
23 38 10 24 -5 41 0 0.02 M M 4.0 21 340 M M 5 18 33 330
24 36 9 23 -5 42 0 0.01 M M 4.2 10 220 M M 5 1 15 200
25 43 8 26 -2 39 0 0.00 M M 4.7 9 210 M M 0 12 180
26 44 15 30 3 35 0 0.05 M M 5.4 14 330 M M 3 1 20 330
27 35 20 28 1 37 0 0.04 M M 3.6 10 330 M M 9 1 14 340
28 41 14 28 2 37 0 0.07 M M 5.9 21 160 M M 6 1 31 200
29 28 -2 13 -13 52 0 0.10 M M 8.8 26 340 M M 7 128 39 350
30 37 -4 17 -9 48 0 0.00 M M 4.9 12 190 M M 0 15 180
================================================================================
SM 1217 426 1121 0 0.88 M 176.0 M 119
================================================================================
AV 40.6 14.2 5.9 FASTST M M 4 MAX(MPH)
MISC ----> 32 180 45 160
================================================================================
NOTES:
# LAST OF SEVERAL OCCURRENCES
COLUMN 17 PEAK WIND IN M.P.H.
PRELIMINARY LOCAL CLIMATOLOGICAL DATA (WS FORM: F-6) , PAGE 2
STATION: ASPEN CO
MONTH: NOVEMBER
YEAR: 2022
LATITUDE: 39 13 N
LONGITUDE: 106 52 W
[TEMPERATURE DATA] [PRECIPITATION DATA] SYMBOLS USED IN COLUMN 16
AVERAGE MONTHLY: 27.4 TOTAL FOR MONTH: 0.88 1 = FOG OR MIST
DPTR FM NORMAL: -4.6 DPTR FM NORMAL: -0.16 2 = FOG REDUCING VISIBILITY
HIGHEST: 60 ON 8, 7 GRTST 24HR 0.20 ON 3- 3 TO 1/4 MILE OR LESS
LOWEST: -4 ON 30 3 = THUNDER
SNOW, ICE PELLETS, HAIL 4 = ICE PELLETS
TOTAL MONTH: M 5 = HAIL
GRTST 24HR M ON M 6 = FREEZING RAIN OR DRIZZLE
GRTST DEPTH: M ON M 7 = DUSTSTORM OR SANDSTORM:
VSBY 1/2 MILE OR LESS
8 = SMOKE OR HAZE
[NO. OF DAYS WITH] [WEATHER - DAYS WITH] 9 = BLOWING SNOW
X = TORNADO
MAX 32 OR BELOW: 7 0.01 INCH OR MORE: 14
MAX 90 OR ABOVE: 0 0.10 INCH OR MORE: 3
MIN 32 OR BELOW: 29 0.50 INCH OR MORE: 0
MIN 0 OR BELOW: 2 1.00 INCH OR MORE: 0
[HDD (BASE 65) ]
TOTAL THIS MO. 1121 CLEAR (SCALE 0-3) 13
DPTR FM NORMAL 129 PTCLDY (SCALE 4-7) 12
TOTAL FM JUL 1 2074 CLOUDY (SCALE 8-10) 5
DPTR FM NORMAL 57
[CDD (BASE 65) ]
TOTAL THIS MO. 0
DPTR FM NORMAL 0 [PRESSURE DATA]
TOTAL FM JAN 1 125 HIGHEST SLP 30.64 ON 25
DPTR FM NORMAL 37 LOWEST SLP 29.29 ON 29
[REMARKS]
#FINAL-11-22#