000
CXUS55 KGJT 011010
CF6ASE
PRELIMINARY LOCAL CLIMATOLOGICAL DATA (WS FORM: F-6)
STATION: ASPEN CO
MONTH: DECEMBER
YEAR: 2022
LATITUDE: 39 13 N
LONGITUDE: 106 52 W
TEMPERATURE IN F: :PCPN: SNOW: WIND :SUNSHINE: SKY :PK WND
================================================================================
1 2 3 4 5 6A 6B 7 8 9 10 11 12 13 14 15 16 17 18
12Z AVG MX 2MIN
DY MAX MIN AVG DEP HDD CDD WTR SNW DPTH SPD SPD DIR MIN PSBL S-S WX SPD DR
================================================================================
1 48 12 30 5 35 0 0.00 M M 5.3 23 220 M M 2 32 210
2 42 4 23 -2 42 0 0.11 M M 6.9 23 340 M M 8 128 37 10
3 31 5 18 -6 47 0 T M M 3.0 10 200 M M 7 1 12 170
4 45 22 34 10 31 0 0.00 M M 4.2 9 210 M M 8 13 210
5 42 30 36 12 29 0 0.01 M M 3.6 10 350 M M 8 14 150
6 34 17 26 2 39 0 0.44 M M 2.3 16 120 M M 10 1 21 130
7 35 16 26 3 39 0 T M M 2.3 9 180 M M 8 12 200
8 30 1 16 -7 49 0 0.10 M M 5.6 15 350 M M 5 1 25 360
9 31 -3 14 -9 51 0 0.00 M M 5.7 12 210 M M 2 14 180
10 34 1 18 -4 47 0 0.00 M M 4.6 10 180 M M 0 13 150
11 46 10 28 6 37 0 0.00 M M 6.8 18 160 M M 1 25 160
12 38 15 27 5 38 0 T M M 9.5 26 170 M M 7 1 34 170
13 19 12 16 -6 49 0 0.06 M M 5.3 17 350 M M 10 1 24 360
14 22 7 15 -7 50 0 0.01 M M 3.8 14 360 M M 9 1 20 10
15 21 4 13 -8 52 0 T M M 6.6 17 320 M M 10 18 25 330
16 16 -9 4 -17 61 0 0.00 M M 4.5 12 210 M M 3 1 24 220
17 22 -12 5 -16 60 0 0.00 M M 5.5 10 190 M M 1 8 14 10
18 26 -5 11 -10 54 0 0.00 M M 5.7 10 180 M M 0 17 210
19 30 -3 14 -7 51 0 0.00 M M 5.8 12 170 M M 0 16 210
20 34 0 17 -4 48 0 T M M 4.3 12 330 M M 4 1 15 360
21 36 14 25 5 40 0 0.01 M M 7.3 30 350 M M 8 1 54 10
22 29 4 17 -3 48 0 T M M 10.4 32 340 M M 5 18 52 10
23 32 5 19 -1 46 0 0.00 M M 3.5 9 20 M M 5 14 190
24 35 18 27 7 38 0 T M M 3.2 12 10 M M 9 8 15 10
25 39 19 29 9 36 0 0.00 M M 4.4 15 350 M M 7 21 350
26 44 21 33 13 32 0 0.00 M M 3.5 10 210 M M 4 13 320
27 47 18 33 13 32 0 0.01 M M 3.9 17 200 M M 4 1 23 180
28 37 23 30 10 35 0 0.28 M M 3.5 12 330 M M 10 128 20 360
29 24 1 13 -7 52 0 0.03 M M 4.7 12 360 M M 8 1 16 10
30 27 1 14 -6 51 0 T M M 2.6 9 350 M M 9 1 11 320
31 37 23 30 10 35 0 0.01 M M 3.2 9 120 M M 10 1 14 120
================================================================================
SM 1033 271 1354 0 1.07 M 151.5 M 182
================================================================================
AV 33.3 8.7 4.9 FASTST M M 6 MAX(MPH)
MISC ----> 32 340 54 10
================================================================================
NOTES:
# LAST OF SEVERAL OCCURRENCES
COLUMN 17 PEAK WIND IN M.P.H.
PRELIMINARY LOCAL CLIMATOLOGICAL DATA (WS FORM: F-6) , PAGE 2
STATION: ASPEN CO
MONTH: DECEMBER
YEAR: 2022
LATITUDE: 39 13 N
LONGITUDE: 106 52 W
[TEMPERATURE DATA] [PRECIPITATION DATA] SYMBOLS USED IN COLUMN 16
AVERAGE MONTHLY: 21.0 TOTAL FOR MONTH: 1.07 1 = FOG OR MIST
DPTR FM NORMAL: -0.8 DPTR FM NORMAL: 0.25 2 = FOG REDUCING VISIBILITY
HIGHEST: 48 ON 1 GRTST 24HR 0.44 ON 5- 6 TO 1/4 MILE OR LESS
LOWEST: -12 ON 17 3 = THUNDER
SNOW, ICE PELLETS, HAIL 4 = ICE PELLETS
TOTAL MONTH: M 5 = HAIL
GRTST 24HR M ON M 6 = FREEZING RAIN OR DRIZZLE
GRTST DEPTH: M ON M 7 = DUSTSTORM OR SANDSTORM:
VSBY 1/2 MILE OR LESS
8 = SMOKE OR HAZE
[NO. OF DAYS WITH] [WEATHER - DAYS WITH] 9 = BLOWING SNOW
X = TORNADO
MAX 32 OR BELOW: 14 0.01 INCH OR MORE: 11
MAX 90 OR ABOVE: 0 0.10 INCH OR MORE: 4
MIN 32 OR BELOW: 31 0.50 INCH OR MORE: 0
MIN 0 OR BELOW: 6 1.00 INCH OR MORE: 0
[HDD (BASE 65) ]
TOTAL THIS MO. 1354 CLEAR (SCALE 0-3) 8
DPTR FM NORMAL 13 PTCLDY (SCALE 4-7) 14
TOTAL FM JUL 1 3428 CLOUDY (SCALE 8-10) 9
DPTR FM NORMAL 68
[CDD (BASE 65) ]
TOTAL THIS MO. 0
DPTR FM NORMAL 0 [PRESSURE DATA]
TOTAL FM JAN 1 125 HIGHEST SLP 30.61 ON 20
DPTR FM NORMAL 37 LOWEST SLP 29.29 ON 12
[REMARKS]
#FINAL-12-22#