000
CXUS52 KFFC 011010
CF6ATL
PRELIMINARY LOCAL CLIMATOLOGICAL DATA (WS FORM: F-6)
STATION: ATLANTA
MONTH: JUNE
YEAR: 2021
LATITUDE: 33 39 N
LONGITUDE: 84 26 W
TEMPERATURE IN F: :PCPN: SNOW: WIND :SUNSHINE: SKY :PK WND
================================================================================
1 2 3 4 5 6A 6B 7 8 9 10 11 12 13 14 15 16 17 18
12Z AVG MX 2MIN
DY MAX MIN AVG DEP HDD CDD WTR SNW DPTH SPD SPD DIR MIN PSBL S-S WX SPD DR
================================================================================
1 82 61 72 -3 0 7 0.00 0.0 M 6.9 12 90 M M 7 15 90
2 81 64 73 -2 0 8 0.00 0.0 M 7.0 14 180 M M 8 22 150
3 87 69 78 2 0 13 T 0.0 0 7.2 18 310 M M 8 24 230
4 85 68 77 1 0 12 0.00 0.0 M 3.9 10 270 M M 8 14 340
5 87 73 80 4 0 15 0.83 0.0 0 4.3 15 310 M M 9 13 21 20
6 87 72 80 4 0 15 0.08 0.0 M 4.4 17 210 M M 9 38 25 210
7 86 71 79 3 0 14 0.06 0.0 M 7.4 14 190 M M 9 1 19 200
8 87 70 79 2 0 14 0.41 0.0 M 6.8 22 190 M M 9 13 31 200
9 86 70 78 1 0 13 0.12 0.0 M 5.6 21 270 M M 7 13 33 280
10 85 70 78 1 0 13 0.10 0.0 M 6.9 22 220 M M 7 1 34 220
11 85 72 79 2 0 14 0.48 0.0 M 7.8 25 280 M M 8 138 39 290
12 89 72 81 4 0 16 0.00 0.0 M 9.9 23 300 M M 6 3 31 310
13 89 71 80 2 0 15 0.00 0.0 M 5.8 12 80 M M 6 17 80
14 92 73 83 5 0 18 0.01 0.0 M 6.1 17 220 M M 7 3 27 240
15 90 71 81 3 0 16 0.00 0.0 M 10.5 22 310 M M 3 32 280
16 87 64 76 -2 0 11 0.00 0.0 M 7.5 15 50 M M 2 24 320
17 89 65 77 -1 0 12 0.00 0.0 M 5.3 14 60 M M 1 22 50
18 90 69 80 2 0 15 0.00 0.0 M 5.8 14 160 M M 6 19 180
19 78 70 74 -5 0 9 2.33 0.0 0 8.9 24 80 M M 9 13 32 80
20 84 70 77 -2 0 12 0.39 0.0 M 9.0 20 260 M M 8 1 26 260
21 86 72 79 0 0 14 0.72 0.0 M 9.6 25 220 M M 7 138 41 240
22 81 67 74 -5 0 9 0.36 0.0 M 9.0 17 310 M M 8 1 24 320
23 84 62 73 -6 0 8 0.00 0.0 M 5.6 14 80 M M 3 20 70
24 83 69 76 -3 0 11 0.00 0.0 M 9.8 16 120 M M 7 26 110
25 83 66 75 -4 0 10 0.00 0.0 M 6.5 13 100 M M 6 19 100
26 86 67 77 -3 0 12 0.17 0.0 0 6.9 21 210 M M 6 1 30 210
27 87 72 80 0 0 15 T 0.0 M 6.9 14 130 M M 6 1 21 120
28 89 73 81 1 0 16 0.00 0.0 M 5.9 14 80 M M 6 21 60
29 86 73 80 0 0 15 0.25 0.0 M 8.5 22 70 M M 8 18 30 80
30 89 71 80 0 0 15 0.05 0.0 M 5.7 16 190 M M 6 25 180
================================================================================
SM 2580 2077 0 387 6.36 0.0 211.4 M 200
================================================================================
AV 86.0 69.2 7.0 FASTST M M 7 MAX(MPH)
MISC ----> # 25 280 41 240
================================================================================
NOTES:
# LAST OF SEVERAL OCCURRENCES
COLUMN 17 PEAK WIND IN M.P.H.
PRELIMINARY LOCAL CLIMATOLOGICAL DATA (WS FORM: F-6) , PAGE 2
STATION: ATLANTA
MONTH: JUNE
YEAR: 2021
LATITUDE: 33 39 N
LONGITUDE: 84 26 W
[TEMPERATURE DATA] [PRECIPITATION DATA] SYMBOLS USED IN COLUMN 16
AVERAGE MONTHLY: 77.6 TOTAL FOR MONTH: 6.36 1 = FOG OR MIST
DPTR FM NORMAL: -0.3 DPTR FM NORMAL: 1.82 2 = FOG REDUCING VISIBILITY
HIGHEST: 92 ON 14 GRTST 24HR 2.66 ON 19-20 TO 1/4 MILE OR LESS
LOWEST: 61 ON 1 3 = THUNDER
SNOW, ICE PELLETS, HAIL 4 = ICE PELLETS
TOTAL MONTH: 0.0 INCH 5 = HAIL
GRTST 24HR 0.0 6 = FREEZING RAIN OR DRIZZLE
GRTST DEPTH: 0 7 = DUSTSTORM OR SANDSTORM:
VSBY 1/2 MILE OR LESS
8 = SMOKE OR HAZE
[NO. OF DAYS WITH] [WEATHER - DAYS WITH] 9 = BLOWING SNOW
X = TORNADO
MAX 32 OR BELOW: 0 0.01 INCH OR MORE: 15
MAX 90 OR ABOVE: 3 0.10 INCH OR MORE: 11
MIN 32 OR BELOW: 0 0.50 INCH OR MORE: 3
MIN 0 OR BELOW: 0 1.00 INCH OR MORE: 1
[HDD (BASE 65) ]
TOTAL THIS MO. 0 CLEAR (SCALE 0-3) 4
DPTR FM NORMAL -1 PTCLDY (SCALE 4-7) 20
TOTAL FM JUL 1 2208 CLOUDY (SCALE 8-10) 6
DPTR FM NORMAL -321
[CDD (BASE 65) ]
TOTAL THIS MO. 387
DPTR FM NORMAL 1 [PRESSURE DATA]
TOTAL FM JAN 1 655 HIGHEST SLP 30.27 ON 1
DPTR FM NORMAL -29 LOWEST SLP 29.74 ON 12
[REMARKS]
#FINAL-06-21#