000
CXUS54 KEWX 030804
CF6ATT
PRELIMINARY LOCAL CLIMATOLOGICAL DATA (WS FORM: F-6)
STATION: AUSTIN CAMP MABRY
MONTH: DECEMBER
YEAR: 2022
LATITUDE: 30 17 N
LONGITUDE: 97 42 W
TEMPERATURE IN F: :PCPN: SNOW: WIND :SUNSHINE: SKY :PK WND
================================================================================
1 2 3 4 5 6A 6B 7 8 9 10 11 12 13 14 15 16 17 18
12Z AVG MX 2MIN
DY MAX MIN AVG DEP HDD CDD WTR SNW DPTH SPD SPD DIR MIN PSBL S-S WX SPD DR
================================================================================
1 53 37 45 -11 20 0 0.01 0.0 0 1.5 9 90 M M 7 1 18 70
2 68 51 60 4 5 0 0.07 0.0 0 2.8 9 210 M M 10 1 18 200
3 66 54 60 4 5 0 0.00 0.0 0 5.7 16 360 M M 10 27 360
4 59 53 56 0 9 0 T 0.0 0 1.6 8 350 M M 10 15 10
5 78 56 67 11 0 2 0.00 0.0 0 2.7 14 200 M M 8 12 28 200
6 80 64 72 17 0 7 0.00 0.0 0 3.7 9 170 M M 8 1 21 150
7 82 69 76 21 0 11 0.00 0.0 0 5.5 10 150 M M 8 1 22 230
8 82 69 76 21 0 11 0.00 0.0 0 3.9 9 210 M M 7 1 19 200
9 80 65 73 18 0 8 0.00 0.0 0 4.3 10 150 M M 5 1 20 150
10 77 66 72 18 0 7 0.01 0.0 0 3.1 13 20 M M 9 3 23 30
11 67 60 64 10 1 0 0.01 0.0 0 4.1 12 20 M M 8 3 21 350
12 71 58 65 11 0 0 0.01 0.0 0 6.2 13 150 M M 10 12 26 170
13 78 62 70 16 0 5 0.03 0.0 0 5.5 15 150 M M 8 1 28 150
14 68 43 56 2 9 0 0.01 0.0 0 4.6 15 300 M M 5 3 26 330
15 65 36 51 -3 14 0 0.00 0.0 0 1.8 9 150 M M 0 17 170
16 55 41 48 -5 17 0 0.00 0.0 0 5.2 14 20 M M 5 24 40
17 59 38 49 -4 16 0 0.00 0.0 0 2.5 13 360 M M 0 22 10
18 55 31 43 -10 22 0 0.00 0.0 0 3.4 12 130 M M 5 19 140
19 50 43 47 -6 18 0 1.80 0.0 0 2.9 8 20 M M 10 13 18 100
20 51 44 48 -5 17 0 0.00 0.0 0 5.2 12 10 M M 10 1 21 20
21 49 39 44 -9 21 0 0.00 0.0 0 2.3 8 10 M M 7 1 14 10
22 59 17 38 -14 27 0 0.00 0.0 0 8.6 24 340 M M 6 1 44 340
23 32 15 24 -28 41 0 0.00 0.0 0 8.6 17 360 M M 0 32 360
24 41 18 30 -22 35 0 0.00 0.0 0 3.0 12 350 M M 0 19 360
25 54 24 39 -13 26 0 0.00 0.0 0 2.4 9 140 M M 0 14 270
26 65 30 48 -4 17 0 0.00 0.0 0 2.3 9 290 M M 0 15 310
27 59 32 46 -6 19 0 0.00 0.0 0 3.3 13 10 M M 0 21 20
28 77 42 60 8 5 0 0.00 0.0 0 5.0 15 190 M M 1 30 190
29 77 59 68 16 0 3 0.00 0.0 0 3.3 12 170 M M 7 25 160
30 68 50 59 7 6 0 T 0.0 0 2.1 10 310 M M 4 18 290
31 78 42 60 8 5 0 0.00 0.0 0 3.5 16 230 M M 0 31 220
================================================================================
SM 2003 1408 355 54 1.95 0.0 120.6 M 168
================================================================================
AV 64.6 45.4 3.9 FASTST M M 5 MAX(MPH)
MISC ----> 24 340 44 340
================================================================================
NOTES:
# LAST OF SEVERAL OCCURRENCES
COLUMN 17 PEAK WIND IN M.P.H.
PRELIMINARY LOCAL CLIMATOLOGICAL DATA (WS FORM: F-6) , PAGE 2
STATION: AUSTIN CAMP MABRY
MONTH: DECEMBER
YEAR: 2022
LATITUDE: 30 17 N
LONGITUDE: 97 42 W
[TEMPERATURE DATA] [PRECIPITATION DATA] SYMBOLS USED IN COLUMN 16
AVERAGE MONTHLY: 55.0 TOTAL FOR MONTH: 1.95 1 = FOG OR MIST
DPTR FM NORMAL: 1.4 DPTR FM NORMAL: -0.77 2 = FOG REDUCING VISIBILITY
HIGHEST: 82 ON 8, 7 GRTST 24HR 1.80 ON 19-19 TO 1/4 MILE OR LESS
LOWEST: 15 ON 23 3 = THUNDER
SNOW, ICE PELLETS, HAIL 4 = ICE PELLETS
TOTAL MONTH: 0.0 INCH 5 = HAIL
GRTST 24HR 0.0 6 = FREEZING RAIN OR DRIZZLE
GRTST DEPTH: 0 7 = DUSTSTORM OR SANDSTORM:
VSBY 1/2 MILE OR LESS
8 = SMOKE OR HAZE
[NO. OF DAYS WITH] [WEATHER - DAYS WITH] 9 = BLOWING SNOW
X = TORNADO
MAX 32 OR BELOW: 1 0.01 INCH OR MORE: 8
MAX 90 OR ABOVE: 0 0.10 INCH OR MORE: 1
MIN 32 OR BELOW: 7 0.50 INCH OR MORE: 1
MIN 0 OR BELOW: 0 1.00 INCH OR MORE: 1
[HDD (BASE 65) ]
TOTAL THIS MO. 355 CLEAR (SCALE 0-3) 9
DPTR FM NORMAL -13 PTCLDY (SCALE 4-7) 15
TOTAL FM JUL 1 625 CLOUDY (SCALE 8-10) 7
DPTR FM NORMAL 41
[CDD (BASE 65) ]
TOTAL THIS MO. 54
DPTR FM NORMAL 38 [PRESSURE DATA]
TOTAL FM JAN 1 4044 HIGHEST SLP 30.84 ON 23
DPTR FM NORMAL 754 LOWEST SLP 29.63 ON 13
[REMARKS]
#FINAL-12-22#