000
CXUS52 KGSP 011551
CF6AVL
PRELIMINARY LOCAL CLIMATOLOGICAL DATA (WS FORM: F-6)
STATION: ASHEVILLE NC
MONTH: JULY
YEAR: 2022
LATITUDE: 35 25 N
LONGITUDE: 82 33 W
TEMPERATURE IN F: :PCPN: SNOW: WIND :SUNSHINE: SKY :PK WND
================================================================================
1 2 3 4 5 6A 6B 7 8 9 10 11 12 13 14 15 16 17 18
12Z AVG MX 2MIN
DY MAX MIN AVG DEP HDD CDD WTR SNW DPTH SPD SPD DIR MIN PSBL S-S WX SPD DR
================================================================================
1 83 64 74 0 0 9 T 0.0 0 2.9 15 130 M M 4 3 23 130
2 88 66 77 2 0 12 T 0.0 0 4.7 18 170 M M 5 13 27 170
3 87 67 77 2 0 12 0.08 0.0 0 5.0 20 330 M M 2 13 26 330
4 87 67 77 2 0 12 0.01 0.0 0 4.0 12 160 M M 7 13 16 170
5 90 69 80 5 0 15 0.18 0.0 0 4.6 14 340 M M 6 13 22 330
6 88 67 78 3 0 13 T 0.0 0 4.2 18 220 M M 4 13 25 220
7 89 69 79 4 0 14 0.03 0.0 0 7.3 18 350 M M 4 13 26 360
8 89 69 79 4 0 14 0.01 0.0 0 7.4 26 340 M M 2 3 38 330
9 85 67 76 1 0 11 T 0.0 0 5.7 15 330 M M 4 22 340
10 74 64 69 -6 0 4 0.10 0.0 0 2.0 12 130 M M 9 1 15 130
11 81 63 72 -3 0 7 0.00 0.0 0 4.7 15 140 M M 9 1 22 140
12 88 64 76 1 0 11 0.01 0.0 0 5.6 25 320 M M 2 13 31 320
13 82 64 73 -2 0 8 0.35 0.0 0 4.6 15 320 M M 3 138 21 320
14 82 64 73 -2 0 8 0.00 0.0 0 5.1 16 340 M M 1 20 340
15 84 59 72 -3 0 7 T 0.0 0 3.1 12 210 M M 3 16 210
16 86 64 75 0 0 10 T 0.0 0 3.6 10 200 M M 3 123 15 230
17 88 64 76 1 0 11 0.01 0.0 0 2.5 16 160 M M 3 123 20 230
18 89 66 78 3 0 13 0.40 0.0 0 5.8 17 200 M M 2 138 26 220
19 85 65 75 0 0 10 0.01 0.0 0 2.6 21 310 M M 2 3 26 310
20 85 65 75 0 0 10 0.01 0.0 0 4.4 15 170 M M 4 13 22 190
21 89 69 79 4 0 14 0.02 0.0 0 5.2 18 330 M M 3 3 22 340
22 90 67 79 4 0 14 0.00 0.0 0 3.8 12 170 M M 2 12 15 340
23 92 64 78 3 0 13 0.00 0.0 0 3.9 13 210 M M 0 3 19 210
24 90 67 79 4 0 14 0.00 0.0 0 5.6 12 180 M M 0 3 16 210
25 85 68 77 2 0 12 0.17 0.0 0 2.8 18 180 M M 2 13 22 180
26 85 69 77 2 0 12 0.04 0.0 0 3.8 18 190 M M 5 12 27 190
27 89 69 79 4 0 14 0.11 0.0 0 3.7 15 340 M M 3 138 18 340
28 89 68 79 4 0 14 0.83 0.0 0 2.6 15 340 M M 4 13 20 330
29 88 69 79 4 0 14 0.00 0.0 0 4.7 15 330 M M 5 3 19 340
30 82 69 76 1 0 11 1.33 0.0 0 5.3 12 330 M M 5 13 14 340
31 84 68 76 1 0 11 0.19 0.0 0 3.7 16 270 M M 7 1 20 260
================================================================================
SM 2673 2054 0 354 3.89 0.0 134.9 M 115
================================================================================
AV 86.2 66.3 4.4 FASTST M M 4 MAX(MPH)
MISC ----> 26 340 38 330
================================================================================
NOTES:
# LAST OF SEVERAL OCCURRENCES
COLUMN 17 PEAK WIND IN M.P.H.
PRELIMINARY LOCAL CLIMATOLOGICAL DATA (WS FORM: F-6) , PAGE 2
STATION: ASHEVILLE NC
MONTH: JULY
YEAR: 2022
LATITUDE: 35 25 N
LONGITUDE: 82 33 W
[TEMPERATURE DATA] [PRECIPITATION DATA] SYMBOLS USED IN COLUMN 16
AVERAGE MONTHLY: 76.2 TOTAL FOR MONTH: 3.89 1 = FOG OR MIST
DPTR FM NORMAL: 1.1 DPTR FM NORMAL: -0.78 2 = FOG REDUCING VISIBILITY
HIGHEST: 92 ON 23 GRTST 24HR 1.36 ON 30-31 TO 1/4 MILE OR LESS
LOWEST: 59 ON 15 3 = THUNDER
SNOW, ICE PELLETS, HAIL 4 = ICE PELLETS
TOTAL MONTH: 0.0 INCH 5 = HAIL
GRTST 24HR 0.0 6 = FREEZING RAIN OR DRIZZLE
GRTST DEPTH: 0 7 = DUSTSTORM OR SANDSTORM:
VSBY 1/2 MILE OR LESS
8 = SMOKE OR HAZE
[NO. OF DAYS WITH] [WEATHER - DAYS WITH] 9 = BLOWING SNOW
X = TORNADO
MAX 32 OR BELOW: 0 0.01 INCH OR MORE: 19
MAX 90 OR ABOVE: 4 0.10 INCH OR MORE: 9
MIN 32 OR BELOW: 0 0.50 INCH OR MORE: 2
MIN 0 OR BELOW: 0 1.00 INCH OR MORE: 1
[HDD (BASE 65) ]
TOTAL THIS MO. 0 CLEAR (SCALE 0-3) 15
DPTR FM NORMAL 0 PTCLDY (SCALE 4-7) 14
TOTAL FM JUL 1 0 CLOUDY (SCALE 8-10) 2
DPTR FM NORMAL 0
[CDD (BASE 65) ]
TOTAL THIS MO. 354
DPTR FM NORMAL 41 [PRESSURE DATA]
TOTAL FM JAN 1 664 HIGHEST SLP 30.20 ON 31
DPTR FM NORMAL 48 LOWEST SLP 29.82 ON 21
[REMARKS]
#FINAL-07-22#