000
CXUS52 KGSP 011314
CLMAVL
CLIMATE REPORT
NATIONAL WEATHER SERVICE GREENVILLE-SPARTANBURG SC
914 AM EDT WED NOV 01 2023
...................................
...THE ASHEVILLE NC CLIMATE SUMMARY FOR THE MONTH OF OCTOBER 2023...
CLIMATE NORMAL PERIOD 1991 TO 2020
CLIMATE RECORD PERIOD 1869 TO 2023
WEATHER OBSERVED NORMAL DEPART LAST YEAR`S
VALUE DATE(S) VALUE FROM VALUE DATE(S)
NORMAL
................................................................
TEMPERATURE (F)
RECORD
HIGH 91 10/03/2019
10/02/2019
06/30/2012
LOW 1 10/13/2020
HIGHEST 82 10/30 MM MM 79 10/15
LOWEST 34 10/09 MM MM 26 10/20
AVG. MAXIMUM 70.7 69.6 1.1 66.3
AVG. MINIMUM 46.2 46.2 0.0 41.4
MEAN 58.5 57.9 0.6 53.8
DAYS MAX >= 90 0 0.1 -0.1 0
DAYS MAX <= 32 0 0.0 0.0 0
DAYS MIN <= 32 0 2.4 -2.4 4
DAYS MIN <= 0 0 0.0 0.0 0
PRECIPITATION (INCHES)
RECORD
MAXIMUM 11.32 1918
MINIMUM 0.00 2000
TOTALS 0.70 3.37 -2.67 0.68
DAILY AVG. 0.02 0.11 -0.09 0.02
DAYS >= .01 6 7.8 -1.8 7
DAYS >= .10 2 4.4 -2.4 2
DAYS >= .50 0 2.2 -2.2 0
DAYS >= 1.00 0 1.0 -1.0 0
GREATEST
24 HR. TOTAL 0.33 10/12 TO 10/12 0.61 09/30 TO 10/01
STORM TOTAL 0.33 0.35
(MM/DD(HH)) MM
SNOWFALL (INCHES)
RECORDS
TOTAL 3.0 1923
24 HR TOTAL 3.0 10/23/1923 TO 10/24/1923
SNOW DEPTH MM MM
TOTALS 0.0 0.0 0.0 0.0
LIQUID EQUIV 0.00 0.00 0.00 0.00
SINCE 7/1 0.0 0.0 0.0 MM
LIQUID 7/1 0.00 0.00 0.00 MM
SNOWDEPTH AVG. 0 0
DAYS >= TRACE 0 0.0 0.0 0
DAYS >= 1.0 0 0.0 0.0 0
GREATEST
SNOW DEPTH 0 0 MM
24 HR TOTAL MM MM
STORM TOTAL 0.0 0.0
(MM/DD(HH)) MM
DEGREE DAYS
HEATING TOTAL 211 239 -28 339
SINCE 7/1 218 274 -56 MM
COOLING TOTAL 17 19 -2 0
SINCE 1/1 1014 1047 -33 MM
FREEZE DATES
RECORD
EARLIEST MM
LATEST MM
EARLIEST MM
LATEST 04/10
................................................................
WIND (MPH)
AVERAGE WIND SPEED 5.2
HIGHEST WIND SPEED/DIRECTION 31/310 DATE 10/20
HIGHEST GUST SPEED/DIRECTION 40/310 DATE 10/20
SKY COVER
POSSIBLE SUNSHINE (PERCENT) MM
AVERAGE SKY COVER 0.34
NUMBER OF DAYS FAIR 18
NUMBER OF DAYS PC 9
NUMBER OF DAYS CLOUDY 4
AVERAGE RH (PERCENT) 68
WEATHER CONDITIONS. NUMBER OF DAYS WITH
THUNDERSTORM 0 MIXED PRECIP 0
HEAVY RAIN 2 RAIN 3
LIGHT RAIN 12 FREEZING RAIN 0
LT FREEZING RAIN 0 HAIL 0
HEAVY SNOW 0 SNOW 0
LIGHT SNOW 0 SLEET 0
FOG 11 FOG W/VIS <= 1/4 MILE 6
HAZE 0
- INDICATES NEGATIVE NUMBERS.
R INDICATES RECORD WAS SET OR TIED.
MM INDICATES DATA IS MISSING.
T INDICATES TRACE AMOUNT.
$$