000
CXUS53 KGRR 010910
CF6AZO
PRELIMINARY LOCAL CLIMATOLOGICAL DATA (WS FORM: F-6)
STATION: KALAMAZOO
MONTH: MARCH
YEAR: 2023
LATITUDE: 42 13 N
LONGITUDE: 85 33 W
TEMPERATURE IN F: :PCPN: SNOW: WIND :SUNSHINE: SKY :PK WND
================================================================================
1 2 3 4 5 6A 6B 7 8 9 10 11 12 13 14 15 16 17 18
12Z AVG MX 2MIN
DY MAX MIN AVG DEP HDD CDD WTR SNW DPTH SPD SPD DIR MIN PSBL S-S WX SPD DR
================================================================================
1 59 33 46 15 19 0 0.10 0.0 0 5.4 17 310 M M 5 1 22 310
2 47 31 39 7 26 0 0.00 0.0 0 7.9 20 330 M M M 12 26 320
3 37 33 35 3 30 0 M 6.2 0 10.0 24 320 M M 9 12 35 50
4 42 29 36 4 29 0 0.05 0.0 5 7.5 23 320 M M 5 1 30 320
5 49 31 40 8 25 0 0.00 0.0 4 5.2 13 280 M M 0 1 17 280
6 44 35 40 7 25 0 0.59 T 0 8.3 17 130 M M 7 1 28 140
7 47 28 38 5 27 0 0.00 0.0 0 8.1 13 30 M M 1 22 40
8 48 27 38 4 27 0 0.00 0.0 0 5.8 14 40 M M 1 19 110
9 46 33 40 6 25 0 0.06 1.5 0 7.6 15 90 M M 9 128 23 90
10 38 30 34 0 31 0 0.27 4.2 5 7.8 16 20 M M 10 18 23 60
11 40 29 35 0 30 0 0.00 0.0 3 3.5 9 100 M M 4 13 90
12 35 30 33 -2 32 0 0.09 2.0 4 4.2 9 210 M M 10 18 14 130
13 33 24 29 -6 36 0 0.03 0.7 4 11.9 22 330 M M 10 1 30 330
14 36 23 30 -6 35 0 0.00 0.0 4 12.5 22 350 M M 5 32 360
15 46 18 32 -4 33 0 0.00 0.0 2 7.2 17 200 M M 0 1 22 190
16 52 37 45 9 20 0 0.17 0.0 0 12.2 23 200 M M 5 1 32 190
17 51 29 40 3 25 0 0.44 T 0 17.1 26 270 M M 10 18 41 270
18 29 17 23 -14 42 0 M 1.2 T 14.5 26 270 M M 10 128 39 260
19 35 16 26 -12 39 0 T 0.3 1 10.4 20 240 M M 4 1 28 290
20 50 27 39 1 26 0 0.00 0.0 0 14.1 25 200 M M 2 36 190
21 54 34 44 6 21 0 0.00 0.0 0 8.9 22 200 M M 5 28 180
22 49 41 45 6 20 0 0.38 0.0 0 7.9 17 180 M M 10 18 22 170
23 50 36 43 4 22 0 0.25 0.0 0 6.8 18 330 M M 8 12 26 330
24 48 35 42 2 23 0 0.01 0.0 0 7.7 15 90 M M 4 23 90
25 44 33 39 -1 26 0 0.61 T 0 12.2 32 260 M M 9 1 44 260
26 48 29 39 -1 26 0 0.32 0.0 0 4.7 15 220 M M 5 13 20 230
27 51 32 42 1 23 0 0.00 0.0 0 9.9 18 330 M M 4 1 26 40
28 51 28 40 -1 25 0 0.00 0.0 0 5.7 16 280 M M 0 22 270
29 42 22 32 -10 33 0 0.03 1.0 0 10.9 25 270 M M 2 1 38 260
30 49 17 33 -9 32 0 0.00 0.0 0 5.8 16 140 M M 2 23 150
31 61 48 55 13 10 0 1.63 0.0 0 10.7 28 240 M M 10 13 40 200
================================================================================
SM 1411 915 843 0 5.03 17.1 272.4 M 166
================================================================================
AV 45.5 29.5 8.8 FASTST M M 6 MAX(MPH)
MISC ----> 32 260 44 260
================================================================================
NOTES:
# LAST OF SEVERAL OCCURRENCES
COLUMN 17 PEAK WIND IN M.P.H.
PRELIMINARY LOCAL CLIMATOLOGICAL DATA (WS FORM: F-6) , PAGE 2
STATION: KALAMAZOO
MONTH: MARCH
YEAR: 2023
LATITUDE: 42 13 N
LONGITUDE: 85 33 W
[TEMPERATURE DATA] [PRECIPITATION DATA] SYMBOLS USED IN COLUMN 16
AVERAGE MONTHLY: 37.5 TOTAL FOR MONTH: 5.03 1 = FOG OR MIST
DPTR FM NORMAL: 0.9 DPTR FM NORMAL: 3.02 2 = FOG REDUCING VISIBILITY
HIGHEST: 61 ON 31 GRTST 24HR 1.63 ON 31-31 TO 1/4 MILE OR LESS
LOWEST: 16 ON 19 3 = THUNDER
SNOW, ICE PELLETS, HAIL 4 = ICE PELLETS
TOTAL MONTH: 17.1 INCHES 5 = HAIL
GRTST 24HR 6.2 ON 3- 3 6 = FREEZING RAIN OR DRIZZLE
GRTST DEPTH: 5 ON 10, 4 7 = DUSTSTORM OR SANDSTORM:
VSBY 1/2 MILE OR LESS
8 = SMOKE OR HAZE
[NO. OF DAYS WITH] [WEATHER - DAYS WITH] 9 = BLOWING SNOW
X = TORNADO
MAX 32 OR BELOW: 1 0.01 INCH OR MORE: 16
MAX 90 OR ABOVE: 0 0.10 INCH OR MORE: 10
MIN 32 OR BELOW: 20 0.50 INCH OR MORE: 3
MIN 0 OR BELOW: 0 1.00 INCH OR MORE: 1
[HDD (BASE 65) ]
TOTAL THIS MO. 843 CLEAR (SCALE 0-3) 8
DPTR FM NORMAL -39 PTCLDY (SCALE 4-7) 12
TOTAL FM JUL 1 4824 CLOUDY (SCALE 8-10) 11
DPTR FM NORMAL -749
[CDD (BASE 65) ]
TOTAL THIS MO. 0
DPTR FM NORMAL -1 [PRESSURE DATA]
TOTAL FM JAN 1 0 HIGHEST SLP 30.60 ON 8
DPTR FM NORMAL -1 LOWEST SLP 29.26 ON 25
[REMARKS]
#FINAL-03-23#