000
CXUS53 KGRR 011010
CF6AZO
PRELIMINARY LOCAL CLIMATOLOGICAL DATA (WS FORM: F-6)
STATION: KALAMAZOO
MONTH: NOVEMBER
YEAR: 2023
LATITUDE: 42 13 N
LONGITUDE: 85 33 W
TEMPERATURE IN F: :PCPN: SNOW: WIND :SUNSHINE: SKY :PK WND
================================================================================
1 2 3 4 5 6A 6B 7 8 9 10 11 12 13 14 15 16 17 18
12Z AVG MX 2MIN
DY MAX MIN AVG DEP HDD CDD WTR SNW DPTH SPD SPD DIR MIN PSBL S-S WX SPD DR
================================================================================
1 43 27 35 -11 30 0 T 0.0 M 6.2 16 250 M M 6 1 22 250
2 52 35 44 -1 21 0 0.00 0.0 0 11.8 20 210 M M 7 26 230
3 59 39 49 4 16 0 T 0.0 0 10.7 23 210 M M 3 31 200
4 61 40 51 7 14 0 0.00 0.0 0 4.1 14 320 M M 8 17 300
5 58 31 45 1 20 0 0.00 0.0 0 3.8 12 190 M M 0 1 15 200
6 66 45 56 12 9 0 T 0.0 0 12.4 26 210 M M 3 3 37 190
7 58 43 51 8 14 0 0.00 0.0 0 8.6 17 300 M M 5 26 320
8 50 41 46 3 19 0 0.37 0.0 0 8.3 17 320 M M 7 13 36 290
9 56 40 48 6 17 0 0.00 0.0 0 11.6 23 270 M M 4 1 34 290
10 53 35 44 2 21 0 0.00 0.0 0 7.7 20 270 M M 5 27 270
11 50 28 39 -3 26 0 0.00 0.0 0 0.6 6 220 M M 1 8 220
12 54 30 42 1 23 0 0.00 0.0 0 7.1 17 180 M M 3 23 190
13 61 37 49 8 16 0 0.00 0.0 0 8.8 24 320 M M 0 33 320
14 59 28 44 4 21 0 0.00 0.0 0 4.6 14 190 M M 0 1 19 190
15 65 35 50 10 15 0 0.00 0.0 0 7.3 15 230 M M 0 21 280
16 68 34 51 11 14 0 0.00 0.0 0 10.0 22 200 M M 1 33 210
17 62 31 47 8 18 0 0.03 0.0 0 10.4 21 350 M M 6 1 26 340
18 51 24 38 -1 27 0 0.00 0.0 0 6.6 17 280 M M 0 24 270
19 55 29 42 3 23 0 0.00 0.0 0 2.6 7 60 M M 0 1 10 60
20 46 35 41 3 24 0 0.02 0.0 0 7.4 17 100 M M 2 26 90
21 47 38 43 5 22 0 0.65 0.0 0 8.3 17 330 M M 10 1 26 110
22 46 32 39 1 26 0 T 0.0 0 7.3 18 340 M M 9 25 340
23 50 30 40 3 25 0 0.00 0.0 0 9.4 17 350 M M 6 22 350
24 35 21 28 -9 37 0 0.00 0.0 0 5.9 16 360 M M 1 23 360
25 37 19 28 -8 37 0 0.00 0.0 0 2.1 9 220 M M 2 13 240
26 35 25 30 -6 35 0 0.12 0.8 0 4.8 16 260 M M 8 18 24 270
27 34 24 29 -7 36 0 T 2.1 T 11.6 21 250 M M 10 18 30 250
28 28 18 23 -13 42 0 0.01 1.5 4 8.3 17 210 M M 9 18 22 320
29 38 18 28 -7 37 0 0.00 0.0 2 10.4 17 220 M M 4 26 210
30 53 26 40 5 25 0 0.00 0.0 1 9.9 20 220 M M 2 27 210
================================================================================
SM 1530 938 710 0 1.20 4.4 228.6 M 122
================================================================================
AV 51.0 31.3 7.6 FASTST M M 4 MAX(MPH)
MISC ----> 26 210 37 190
================================================================================
NOTES:
# LAST OF SEVERAL OCCURRENCES
COLUMN 17 PEAK WIND IN M.P.H.
PRELIMINARY LOCAL CLIMATOLOGICAL DATA (WS FORM: F-6) , PAGE 2
STATION: KALAMAZOO
MONTH: NOVEMBER
YEAR: 2023
LATITUDE: 42 13 N
LONGITUDE: 85 33 W
[TEMPERATURE DATA] [PRECIPITATION DATA] SYMBOLS USED IN COLUMN 16
AVERAGE MONTHLY: 41.1 TOTAL FOR MONTH: 1.20 1 = FOG OR MIST
DPTR FM NORMAL: 1.0 DPTR FM NORMAL: -1.30 2 = FOG REDUCING VISIBILITY
HIGHEST: 68 ON 16 GRTST 24HR 0.67 ON 20-21 TO 1/4 MILE OR LESS
LOWEST: 18 ON 29,28 3 = THUNDER
SNOW, ICE PELLETS, HAIL 4 = ICE PELLETS
TOTAL MONTH: 4.9 INCHES 5 = HAIL
GRTST 24HR 2.1 ON 27-27 6 = FREEZING RAIN OR DRIZZLE
GRTST DEPTH: 4 ON 28 7 = DUSTSTORM OR SANDSTORM:
VSBY 1/2 MILE OR LESS
8 = SMOKE OR HAZE
[NO. OF DAYS WITH] [WEATHER - DAYS WITH] 9 = BLOWING SNOW
X = TORNADO
MAX 32 OR BELOW: 1 0.01 INCH OR MORE: 6
MAX 90 OR ABOVE: 0 0.10 INCH OR MORE: 3
MIN 32 OR BELOW: 17 0.50 INCH OR MORE: 1
MIN 0 OR BELOW: 0 1.00 INCH OR MORE: 0
[HDD (BASE 65) ]
TOTAL THIS MO. 710 CLEAR (SCALE 0-3) 14
DPTR FM NORMAL -38 PTCLDY (SCALE 4-7) 11
TOTAL FM JUL 1 1108 CLOUDY (SCALE 8-10) 5
DPTR FM NORMAL -203
[CDD (BASE 65) ]
TOTAL THIS MO. 0
DPTR FM NORMAL 0 [PRESSURE DATA]
TOTAL FM JAN 1 814 HIGHEST SLP 30.51 ON 24
DPTR FM NORMAL 105 LOWEST SLP 29.60 ON 8
[REMARKS]
#FINAL-11-23#