000
CXUS53 KLBF 010757
CLMBBW
CLIMATE REPORT
NATIONAL WEATHER SERVICE NORTH PLATTE NE
257 AM CDT MON MAY 01 2023
...................................
...THE BROKEN BOW CLIMATE SUMMARY FOR THE MONTH OF APRIL 2023...
CLIMATE NORMAL PERIOD 1991 TO 2020
CLIMATE RECORD PERIOD 1894 TO 2023
WEATHER OBSERVED NORMAL DEPART LAST YEAR`S
VALUE DATE(S) VALUE FROM VALUE DATE(S)
NORMAL
................................................................
TEMPERATURE (F)
RECORD
HIGH 99 04/28/1910
LOW -5 04/03/1936
HIGHEST 92 04/13 84 8 96 04/22
LOWEST 12 04/06 16 -4 16 04/04
AVG. MAXIMUM 65.6 61.8 3.8 64.4
AVG. MINIMUM 30.9 35.5 -4.6 31.6
MEAN 48.2 48.7 -0.5 48.0
DAYS MAX >= 90 2 0.0 2.0 1
DAYS MAX <= 32 0 0.7 -0.7 0
DAYS MIN <= 32 20 11.5 8.5 15
DAYS MIN <= 0 0 0.0 0.0 0
PRECIPITATION (INCHES)
RECORD
MAXIMUM 9.35 1906
MINIMUM 0.00 1895
TOTALS 0.23 2.70 -2.47 2.44
DAILY AVG. 0.01 0.09 -0.08 0.08
DAYS >= .01 3 9.2 -6.2 3
DAYS >= .10 1 5.3 -4.3 2
DAYS >= .50 0 1.8 -1.8 2
DAYS >= 1.00 0 0.9 -0.9 1
GREATEST
24 HR. TOTAL 0.12 04/15 TO 04/15 2.40 04/29 TO 04/30
SNOWFALL (INCHES)
TOTALS MM
SINCE 7/1 MM
SNOWDEPTH AVG. MM
DAYS >= TRACE MM
DAYS >= 1.0 MM
GREATEST
SNOW DEPTH MM
DEGREE DAYS
HEATING TOTAL 511 493 18 516
SINCE 7/1 6482 6026 456 MM
COOLING TOTAL 17 3 14 13
SINCE 1/1 17 4 13 MM
................................................................
WIND (MPH)
AVERAGE WIND SPEED 14.5
HIGHEST WIND SPEED/DIRECTION 45/330 DATE 04/29
HIGHEST GUST SPEED/DIRECTION 56/350 DATE 04/29
AVERAGE RH (PERCENT) 49
WEATHER CONDITIONS. NUMBER OF DAYS WITH
THUNDERSTORM 1 MIXED PRECIP 0
HEAVY RAIN 0 RAIN 0
LIGHT RAIN 4 FREEZING RAIN 0
LT FREEZING RAIN 1 HAIL 0
HEAVY SNOW 0 SNOW 0
LIGHT SNOW 1 SLEET 0
FOG 4 FOG W/VIS <= 1/4 MILE 0
HAZE 5
- INDICATES NEGATIVE NUMBERS.
R INDICATES RECORD WAS SET OR TIED.
MM INDICATES DATA IS MISSING.
T INDICATES TRACE AMOUNT.
$$