000
CXUS51 KBOX 012228
CF6BDL
PRELIMINARY LOCAL CLIMATOLOGICAL DATA (WS FORM: F-6)
STATION: HARTFORD CT
MONTH: MARCH
YEAR: 2020
LATITUDE: 41 55 N
LONGITUDE: 72 41 W
TEMPERATURE IN F: :PCPN: SNOW: WIND :SUNSHINE: SKY :PK WND
================================================================================
1 2 3 4 5 6A 6B 7 8 9 10 11 12 13 14 15 16 17 18
12Z AVG MX 2MIN
DY MAX MIN AVG DEP HDD CDD WTR SNW DPTH SPD SPD DIR MIN PSBL S-S WX SPD DR
================================================================================
1 39 18 29 -4 36 0 0.00 0.0 0 8.6 24 310 M M 2 32 310
2 59 25 42 9 23 0 T 0.0 0 8.8 22 170 M M 7 27 170
3 63 41 52 18 13 0 0.15 0.0 0 9.9 20 180 M M 8 1 24 180
4 54 38 46 12 19 0 T 0.0 0 15.2 33 290 M M 4 43 270
5 52 29 41 7 24 0 0.00 0.0 0 8.0 24 300 M M 3 29 310
6 50 25 38 4 27 0 T 0.0 0 9.1 24 30 M M 8 30 20
7 46 28 37 2 28 0 0.00 0.0 0 12.9 24 10 M M 5 33 10
8 59 26 43 8 22 0 0.00 0.0 0 6.9 20 250 M M 4 23 250
9 74 41 58 23 7 0 0.00 0.0 0 10.9 22 240 M M 5 29 240
10 70 47 59 23 6 0 T 0.0 0 13.7 32 240 M M 9 41 240
11 53 36 45 9 20 0 0.00 0.0 0 8.0 22 320 M M 7 28 320
12 49 33 41 5 24 0 0.07 0.0 0 4.6 14 150 M M 9 16 130
13 67 39 53 16 12 0 0.99 0.0 0 9.2 28 240 M M 5 1 36 250
14 51 36 44 7 21 0 0.00 0.0 0 12.5 26 290 M M 5 33 300
15 52 31 42 5 23 0 0.00 0.0 0 8.2 18 20 M M 4 24 350
16 44 22 33 -5 32 0 0.00 0.0 0 9.2 20 160 M M 4 23 170
17 52 31 42 4 23 0 0.07 1.0 1 4.1 15 250 M M 8 1 17 240
18 55 32 44 6 21 0 0.00 0.0 0 8.5 16 180 M M 5 19 170
19 45 37 41 2 24 0 0.87 0.0 0 8.8 17 10 M M 10 1 22 10
20 65 41 53 14 12 0 0.06 0.0 0 9.3 25 300 M M 9 1 32 310
21 50 30 40 1 25 0 0.00 0.0 0 12.3 26 310 M M 5 33 310
22 42 24 33 -7 32 0 0.00 0.0 0 8.4 16 160 M M 2 21 20
23 35 30 33 -7 32 0 1.14 3.4 0 9.7 22 20 M M 10 14 27 10
24 53 31 42 1 23 0 T 0.0 2 8.6 18 360 M M 7 1 26 360
25 45 29 37 -4 28 0 T 0.0 0 7.9 16 60 M M 8 20 60
26 59 30 45 4 20 0 0.00 0.0 0 8.1 14 190 M M 3 18 200
27 64 41 53 11 12 0 0.00 0.0 0 9.2 18 330 M M 4 26 330
28 52 30 41 -1 24 0 0.34 0.0 0 4.0 10 10 M M 7 1 13 10
29 47 39 43 0 22 0 0.68 0.0 0 8.6 17 20 M M 10 13 22 10
30 45 38 42 -1 23 0 0.01 0.0 0 10.4 16 40 M M 10 1 20 20
31 51 34 43 0 22 0 T 0.0 0 7.8 15 30 M M 7 17 30
================================================================================
SM 1642 1012 680 0 4.38 4.4 281.4 M 194
================================================================================
AV 53.0 32.7 9.1 FASTST M M 6 MAX(MPH)
MISC ----> # 33 290 # 43 270
================================================================================
NOTES:
# LAST OF SEVERAL OCCURRENCES
COLUMN 17 PEAK WIND IN M.P.H.
PRELIMINARY LOCAL CLIMATOLOGICAL DATA (WS FORM: F-6) , PAGE 2
STATION: HARTFORD CT
MONTH: MARCH
YEAR: 2020
LATITUDE: 41 55 N
LONGITUDE: 72 41 W
[TEMPERATURE DATA] [PRECIPITATION DATA] SYMBOLS USED IN COLUMN 16
AVERAGE MONTHLY: 42.8 TOTAL FOR MONTH: 4.38 1 = FOG OR MIST
DPTR FM NORMAL: 5.0 DPTR FM NORMAL: 0.76 2 = FOG REDUCING VISIBILITY
HIGHEST: 74 ON 9 GRTST 24HR 1.14 ON 23-23 TO 1/4 MILE OR LESS
LOWEST: 18 ON 1 3 = THUNDER
SNOW, ICE PELLETS, HAIL 4 = ICE PELLETS
TOTAL MONTH: 4.4 INCHES 5 = HAIL
GRTST 24HR 3.4 ON 23-23 6 = FREEZING RAIN OR DRIZZLE
GRTST DEPTH: 2 ON 24 7 = DUSTSTORM OR SANDSTORM:
VSBY 1/2 MILE OR LESS
8 = SMOKE OR HAZE
[NO. OF DAYS WITH] [WEATHER - DAYS WITH] 9 = BLOWING SNOW
X = TORNADO
MAX 32 OR BELOW: 0 0.01 INCH OR MORE: 10
MAX 90 OR ABOVE: 0 0.10 INCH OR MORE: 6
MIN 32 OR BELOW: 17 0.50 INCH OR MORE: 4
MIN 0 OR BELOW: 0 1.00 INCH OR MORE: 1
[HDD (BASE 65) ]
TOTAL THIS MO. 680 CLEAR (SCALE 0-3) 3
DPTR FM NORMAL -163 PTCLDY (SCALE 4-7) 21
TOTAL FM JUL 1 4680 CLOUDY (SCALE 8-10) 7
DPTR FM NORMAL -601
[CDD (BASE 65) ]
TOTAL THIS MO. 0
DPTR FM NORMAL 0 [PRESSURE DATA]
TOTAL FM JAN 1 0 HIGHEST SLP 30.72 ON 22
DPTR FM NORMAL 0 LOWEST SLP 29.33 ON 4
[REMARKS]
#FINAL-03-20#