000
CXUS51 KOKX 011010
CF6BDR
PRELIMINARY LOCAL CLIMATOLOGICAL DATA (WS FORM: F-6)
STATION: BRIDGEPORT CT
MONTH: JANUARY
YEAR: 2021
LATITUDE: 41 10 N
LONGITUDE: 73 8 W
TEMPERATURE IN F: :PCPN: SNOW: WIND :SUNSHINE: SKY :PK WND
================================================================================
1 2 3 4 5 6A 6B 7 8 9 10 11 12 13 14 15 16 17 18
12Z AVG MX 2MIN
DY MAX MIN AVG DEP HDD CDD WTR SNW DPTH SPD SPD DIR MIN PSBL S-S WX SPD DR
================================================================================
1 38 24 31 0 34 0 0.21 0.0 0 6.5 17 80 M M 3 1 21 70
2 53 34 44 13 21 0 0.14 0.0 0 10.8 25 310 M M 4 1 33 300
3 37 32 35 4 30 0 0.18 0.6 0 10.4 15 20 M M 7 1 19 30
4 45 33 39 8 26 0 T T 0 8.6 16 10 M M 5 20 10
5 45 30 38 8 27 0 0.00 0.0 0 6.2 14 10 M M 6 17 360
6 39 33 36 6 29 0 0.00 0.0 0 13.0 24 340 M M 6 33 330
7 41 29 35 5 30 0 0.00 0.0 0 11.4 21 340 M M 1 26 310
8 40 25 33 3 32 0 0.00 0.0 0 8.7 17 350 M M 0 23 360
9 37 24 31 1 34 0 0.00 0.0 0 9.9 18 360 M M 3 26 330
10 42 28 35 5 30 0 0.00 0.0 0 7.7 16 340 M M 1 21 340
11 36 23 30 0 35 0 0.00 0.0 0 2.4 9 230 M M 2 12 230
12 41 24 33 3 32 0 0.00 0.0 0 2.6 9 210 M M 2 11 220
13 40 28 34 4 31 0 0.00 0.0 0 2.5 8 220 M M 8 10 220
14 46 33 40 10 25 0 0.00 0.0 0 2.5 8 350 M M 7 18 10 220
15 43 33 38 8 27 0 0.08 0.0 0 15.0 30 80 M M 9 1 37 80
16 46 36 41 11 24 0 0.64 0.0 0 11.4 29 80 M M 8 1 36 90
17 46 36 41 11 24 0 0.00 0.0 0 13.4 25 270 M M 4 34 260
18 47 35 41 11 24 0 0.00 0.0 0 11.1 20 290 M M 3 25 300
19 43 32 38 8 27 0 0.00 0.0 0 7.8 18 270 M M 5 25 270
20 42 25 34 4 31 0 0.01 T 0 9.8 28 350 M M 5 34 350
21 40 20 30 0 35 0 0.00 0.0 0 6.0 20 220 M M 4 24 220
22 46 33 40 10 25 0 0.00 0.0 0 9.4 22 270 M M 3 32 270
23 35 23 29 -1 36 0 0.00 0.0 0 15.5 31 300 M M 2 42 310
24 34 20 27 -3 38 0 0.00 0.0 0 10.1 21 310 M M 0 28 300
25 39 22 31 1 34 0 0.00 0.0 0 9.0 17 310 M M 2 23 300
26 34 30 32 2 33 0 0.11 1.6 0 9.9 20 80 M M 8 16 24 80
27 37 31 34 4 31 0 0.03 0.8 0 8.2 18 340 M M 10 1 25 350
28 34 20 27 -3 38 0 0.00 0.0 0 14.0 30 330 M M 5 39 310
29 22 12 17 -13 48 0 0.01 0.1 1 16.4 32 330 M M 2 47 330
30 30 13 22 -8 43 0 0.00 0.0 1 9.8 20 330 M M 0 31 320
31 25 16 21 -9 44 0 T T T 6.3 16 40 M M 5 20 30
================================================================================
SM 1223 837 978 0 1.41 3.1 286.3 M 130
================================================================================
AV 39.5 27.0 9.2 FASTST M M 4 MAX(MPH)
MISC ----> 32 330 47 330
================================================================================
NOTES:
# LAST OF SEVERAL OCCURRENCES
COLUMN 17 PEAK WIND IN M.P.H.
PRELIMINARY LOCAL CLIMATOLOGICAL DATA (WS FORM: F-6) , PAGE 2
STATION: BRIDGEPORT CT
MONTH: JANUARY
YEAR: 2021
LATITUDE: 41 10 N
LONGITUDE: 73 8 W
[TEMPERATURE DATA] [PRECIPITATION DATA] SYMBOLS USED IN COLUMN 16
AVERAGE MONTHLY: 33.2 TOTAL FOR MONTH: 1.41 1 = FOG OR MIST
DPTR FM NORMAL: 3.1 DPTR FM NORMAL: -1.69 2 = FOG REDUCING VISIBILITY
HIGHEST: 53 ON 2 GRTST 24HR 0.72 ON 15-16 TO 1/4 MILE OR LESS
LOWEST: 12 ON 29 3 = THUNDER
SNOW, ICE PELLETS, HAIL 4 = ICE PELLETS
TOTAL MONTH: 3.1 INCHES 5 = HAIL
GRTST 24HR 1.6 ON 26-26 6 = FREEZING RAIN OR DRIZZLE
GRTST DEPTH: 1 ON 30,29 7 = DUSTSTORM OR SANDSTORM:
VSBY 1/2 MILE OR LESS
8 = SMOKE OR HAZE
[NO. OF DAYS WITH] [WEATHER - DAYS WITH] 9 = BLOWING SNOW
X = TORNADO
MAX 32 OR BELOW: 3 0.01 INCH OR MORE: 9
MAX 90 OR ABOVE: 0 0.10 INCH OR MORE: 5
MIN 32 OR BELOW: 22 0.50 INCH OR MORE: 1
MIN 0 OR BELOW: 0 1.00 INCH OR MORE: 0
[HDD (BASE 65) ]
TOTAL THIS MO. 978 CLEAR (SCALE 0-3) 13
DPTR FM NORMAL -105 PTCLDY (SCALE 4-7) 14
TOTAL FM JUL 1 2575 CLOUDY (SCALE 8-10) 4
DPTR FM NORMAL -399
[CDD (BASE 65) ]
TOTAL THIS MO. 0
DPTR FM NORMAL 0 [PRESSURE DATA]
TOTAL FM JAN 1 0 HIGHEST SLP M ON M
DPTR FM NORMAL 0 LOWEST SLP 29.33 ON 16
[REMARKS]
#FINAL-01-21#