000
CXUS55 KCYS 011615
CF6BFF
PRELIMINARY LOCAL CLIMATOLOGICAL DATA (WS FORM: F-6)
STATION: SCOTTSBLUFF NE AIRPORT
MONTH: OCTOBER
YEAR: 2023
LATITUDE: 41 52 N
LONGITUDE: 103 36 W
TEMPERATURE IN F: :PCPN: SNOW: WIND :SUNSHINE: SKY :PK WND
================================================================================
1 2 3 4 5 6A 6B 7 8 9 10 11 12 13 14 15 16 17 18
12Z AVG MX 2MIN
DY MAX MIN AVG DEP HDD CDD WTR SNW DPTH SPD SPD DIR MIN PSBL S-S WX SPD DR
================================================================================
1 88 57 73 17 0 8 0.00 0.0 0 11.7 26 150 M M 0 36 140
2 86 47 67 11 0 2 0.22 0.0 0 8.8 36 260 M M 4 123 53 250
3 70 43 57 2 8 0 T 0.0 0 10.2 29 290 M M 2 1 40 290
4 71 38 55 0 10 0 0.00 0.0 0 6.7 20 280 M M 2 28 280
5 63 44 54 0 11 0 0.00 0.0 0 6.6 16 350 M M 7 20 350
6 58 34 46 -8 19 0 0.00 0.0 0 10.2 22 340 M M 3 30 340
7 73 27 50 -3 15 0 0.00 0.0 0 4.2 12 280 M M 0 16 280
8 79 36 58 5 7 0 0.00 0.0 0 6.4 14 60 M M 0 8 17 50
9 75 36 56 4 9 0 0.00 0.0 0 5.0 14 110 M M 0 16 110
10 81 33 57 5 8 0 0.00 0.0 0 5.8 12 110 M M 0 18 15 110
11 77 40 59 8 6 0 0.04 0.0 0 8.4 24 310 M M 5 13 33 310
12 54 36 45 -6 20 0 0.42 T 0 13.8 24 320 M M 10 1 37 340
13 50 29 40 -10 25 0 T 0.0 0 14.9 28 330 M M 8 36 320
14 53 28 41 -9 24 0 0.00 0.0 0 4.7 10 100 M M 2 14 100
15 65 28 47 -2 18 0 0.00 0.0 0 3.8 10 100 M M 0 14 90
16 74 32 53 4 12 0 0.00 0.0 0 4.0 9 290 M M 0 16 290
17 84 34 59 10 6 0 0.00 0.0 0 7.8 33 340 M M 0 50 340
18 69 37 53 5 12 0 0.00 0.0 0 11.2 30 320 M M 1 39 310
19 81 37 59 11 6 0 0.00 0.0 0 9.2 24 320 M M 0 36 310
20 83 38 61 14 4 0 0.00 0.0 0 6.6 17 330 M M 0 8 23 320
21 75 36 56 9 9 0 0.00 0.0 0 6.8 22 100 M M 0 8 29 110
22 76 41 59 13 6 0 0.00 0.0 0 8.6 16 120 M M 0 24 110
23 79 34 57 11 8 0 0.00 0.0 0 4.3 17 30 M M 0 23 30
24 62 34 48 2 17 0 0.00 0.0 0 6.6 14 130 M M 2 1 18 160
25 65 38 52 7 13 0 0.00 0.0 0 11.2 21 130 M M 5 1 27 150
26 38 18 28 -17 37 0 T 0.0 0 9.2 21 320 M M 7 1 26 320
27 42 12 27 -18 38 0 0.00 0.0 0 9.9 18 100 M M 2 24 110
28 30 24 27 -17 38 0 0.13 1.7 T 7.9 18 100 M M 10 1 23 100
29 33 11 22 -22 43 0 T T 1 9.2 24 330 M M 5 33 310
30 50 5 28 -16 37 0 0.00 0.0 1 8.1 28 320 M M 0 37 330
31 53 15 34 -9 31 0 0.00 0.0 T 4.2 10 90 M M 1 14 140
================================================================================
SM 2037 1002 497 10 0.81 1.7 246.0 M 76
================================================================================
AV 65.7 32.3 7.9 FASTST M M 2 MAX(MPH)
MISC ----> 36 260 53 250
================================================================================
NOTES:
# LAST OF SEVERAL OCCURRENCES
COLUMN 17 PEAK WIND IN M.P.H.
PRELIMINARY LOCAL CLIMATOLOGICAL DATA (WS FORM: F-6) , PAGE 2
STATION: SCOTTSBLUFF NE AIRPORT
MONTH: OCTOBER
YEAR: 2023
LATITUDE: 41 52 N
LONGITUDE: 103 36 W
[TEMPERATURE DATA] [PRECIPITATION DATA] SYMBOLS USED IN COLUMN 16
AVERAGE MONTHLY: 49.0 TOTAL FOR MONTH: 0.81 1 = FOG OR MIST
DPTR FM NORMAL: -0.3 DPTR FM NORMAL: -0.42 2 = FOG REDUCING VISIBILITY
HIGHEST: 88 ON 1 GRTST 24HR 0.44 ON 11-12 TO 1/4 MILE OR LESS
LOWEST: 5 ON 30 3 = THUNDER
SNOW, ICE PELLETS, HAIL 4 = ICE PELLETS
TOTAL MONTH: 1.7 INCHES 5 = HAIL
GRTST 24HR 1.7 ON 28-28 6 = FREEZING RAIN OR DRIZZLE
GRTST DEPTH: 1 ON 30,29 7 = DUSTSTORM OR SANDSTORM:
VSBY 1/2 MILE OR LESS
8 = SMOKE OR HAZE
[NO. OF DAYS WITH] [WEATHER - DAYS WITH] 9 = BLOWING SNOW
X = TORNADO
MAX 32 OR BELOW: 1 0.01 INCH OR MORE: 4
MAX 90 OR ABOVE: 0 0.10 INCH OR MORE: 3
MIN 32 OR BELOW: 11 0.50 INCH OR MORE: 0
MIN 0 OR BELOW: 0 1.00 INCH OR MORE: 0
[HDD (BASE 65) ]
TOTAL THIS MO. 497 CLEAR (SCALE 0-3) 22
DPTR FM NORMAL 7 PTCLDY (SCALE 4-7) 7
TOTAL FM JUL 1 558 CLOUDY (SCALE 8-10) 2
DPTR FM NORMAL -73
[CDD (BASE 65) ]
TOTAL THIS MO. 10
DPTR FM NORMAL 8 [PRESSURE DATA]
TOTAL FM JAN 1 790 HIGHEST SLP 30.60 ON 29
DPTR FM NORMAL -63 LOWEST SLP 29.30 ON 11
[REMARKS]
#FINAL-10-23#
OCTOBER 1... RECORD HIGH MINIMUM TEMPERATURE TIED: 57F (PREVIOUS IN 2015)
OCTOBER 28... COOP BACKUP USED FOR PRECIPITATION AND SNOWFALL
COOP BACKUP WAS USED FOR SNOW DEPTH FOR THE ENTIRE MONTH.