000
CXUS51 KBGM 010724
CLMBGM
CLIMATE REPORT
NATIONAL WEATHER SERVICE BINGHAMTON, NY
324 AM EDT THU JUN 01 2023
...................................
...THE BINGHAMTON NY CLIMATE SUMMARY FOR THE MONTH OF MAY 2023...
CLIMATE NORMAL PERIOD 1991 TO 2020
CLIMATE RECORD PERIOD 1951 TO 2023
WEATHER OBSERVED NORMAL DEPART LAST YEAR`S
VALUE DATE(S) VALUE FROM VALUE DATE(S)
NORMAL
................................................................
TEMPERATURE (F)
RECORD
HIGH 89 05/20/1996
05/07/1982
LOW 24 05/09/2020
HIGHEST 85 05/29 66 19 86 05/31
LOWEST 28 05/18 46 -18 33 05/01
AVG. MAXIMUM 68.2 66.2 2.0 69.6
AVG. MINIMUM 44.4 46.1 -1.7 49.1
MEAN 56.3 56.2 0.1 59.3
DAYS MAX >= 90 0 0.0 0.0 0
DAYS MAX <= 32 0 0.0 0.0 0
DAYS MIN <= 32 1 1.2 -0.2 0
DAYS MIN <= 0 0 0.0 0.0 0
PRECIPITATION (INCHES)
RECORD
MAXIMUM 7.48 2011
MINIMUM 0.78 1962
TOTALS 0.71R 3.78 -3.07 3.22
DAILY AVG. 0.02 0.12 -0.10 0.10
DAYS >= .01 5 14.2 -9.2 12
DAYS >= .10 3 8.0 -5.0 8
DAYS >= .50 0 2.4 -2.4 2
DAYS >= 1.00 0 0.6 -0.6 0
GREATEST
24 HR. TOTAL 0.31 05/01 TO 05/01
SNOWFALL (INCHES)
RECORDS
TOTAL 3.4 1966
24 HR TOTAL 3.4 05/09/1966 TO 05/09/1966
SNOW DEPTH 2 05/10/1966
TOTALS T 0.1 -0.1 T
SINCE 7/1 61.5 86.5 -25.0 81.8
SNOWDEPTH AVG. 0 0
DAYS >= TRACE 1 0.2 0.8 1
DAYS >= 1.0 0 0.0 0.0 0
GREATEST
SNOW DEPTH 0 1 05/16
24 HR TOTAL 0
DEGREE DAYS
HEATING TOTAL 281 296 -15 203
SINCE 7/1 6208 7074 -866 6604
COOLING TOTAL 19 22 -3 36
SINCE 1/1 41 25 16 36
................................................................
WIND (MPH)
AVERAGE WIND SPEED 7.7
RESULTANT WIND SPEED/DIRECTION 3/320
HIGHEST WIND SPEED/DIRECTION 28/360 DATE 05/24
HIGHEST GUST SPEED/DIRECTION 38/240 DATE 05/01
SKY COVER
POSSIBLE SUNSHINE (PERCENT) MM
AVERAGE SKY COVER 0.28
NUMBER OF DAYS FAIR 20
NUMBER OF DAYS PC 6
NUMBER OF DAYS CLOUDY 5
AVERAGE RH (PERCENT) 57
WEATHER CONDITIONS. NUMBER OF DAYS WITH
THUNDERSTORM 0 MIXED PRECIP 0
HEAVY RAIN 0 RAIN 2
LIGHT RAIN 10 FREEZING RAIN 0
LT FREEZING RAIN 0 HAIL 0
HEAVY SNOW 0 SNOW 0
LIGHT SNOW 0 SLEET 0
FOG 7 FOG W/VIS <= 1/4 MILE 0
HAZE 2
- INDICATES NEGATIVE NUMBERS.
R INDICATES RECORD WAS SET OR TIED.
MM INDICATES DATA IS MISSING.
T INDICATES TRACE AMOUNT.
&&
DRIEST MAY ON RECORD
$$
BJT