000
CXUS51 KBGM 011948
CLSBGM
CLIMATE REPORT
NATIONAL WEATHER SERVICE BINGHAMTON, NY
348 PM EDT WED SEP 01 2021
...................................
...THE BINGHAMTON NY CLIMATE SUMMARY FOR THE SEASON, FROM
6/1/2021 TO 8/31/2021...
CLIMATE NORMAL PERIOD 1991 TO 2020
CLIMATE RECORD PERIOD 1951 TO 2021
WEATHER OBSERVED NORMAL DEPART LAST YEAR`S
VALUE DATE(S) VALUE FROM VALUE DATE(S)
NORMAL
................................................................
TEMPERATURE (F)
RECORD
HIGH 98 07/16/1988
LOW 33 06/09/1980
HIGHEST 91 06/29 76 15 93 07/27
LOWEST 43 06/17 57 -14 39 06/14
06/01
AVG. MAXIMUM 77.4 76.3 1.1 79.1
AVG. MINIMUM 60.2 57.4 2.8 59.3
MEAN 68.8 66.9 1.9 69.2
DAYS MAX >= 90 2 2.1 -0.1 2
DAYS MAX <= 32 0 0.0 0.0 0
DAYS MIN <= 32 0 0.0 0.0 0
DAYS MIN <= 0 0 0.0 0.0 0
PRECIPITATION (INCHES)
RECORD
MAXIMUM 23.50 2006
MINIMUM 4.87 1979
TOTALS 19.34 12.59 6.75 12.33
DAILY AVG. 0.21 0.14 0.07 0.13
DAYS >= .01 42 36.1 5.9 39
DAYS >= .10 32 23.1 8.9 21
DAYS >= .50 13 8.6 4.4 7
DAYS >= 1.00 7 3.2 3.8 4
GREATEST
24 HR. TOTAL 2.21 08/22 TO 08/23 2.03 08/26 TO 08/27
SNOWFALL (INCHES)
RECORDS
TOTAL T 2014
24 HR TOTAL T 08/10/2008 TO 08/10/2008
SNOW DEPTH T 08/10/2008
TOTALS TR 0.0 0.0 0.0
SINCE 7/1 T 0.0 0.0 0.0
SNOWDEPTH AVG. 0 0
DAYS >= TRACE 1 0.0 1.0 0
DAYS >= 1.0 0 0.0 0.0 0
GREATEST
SNOW DEPTH T 0 MM
24 HR TOTAL TR 08/13 TO 08/13 0.0
DEGREE DAYS
HEATING TOTAL 85 145 -60 95
SINCE 7/1 32 60 -28 17
COOLING TOTAL 460 322 138 508
SINCE 1/1 494 348 146 535
FREEZE DATES
RECORD
EARLIEST 09/20/1993
LATEST 05/25/1956
EARLIEST MM
LATEST 05/01
................................................................
WIND (MPH)
AVERAGE WIND SPEED 6.5
RESULTANT WIND SPEED/DIRECTION 2/250
HIGHEST WIND SPEED/DIRECTION 36/320 DATE 08/13
HIGHEST GUST SPEED/DIRECTION 47/310 DATE 08/13
SKY COVER
POSSIBLE SUNSHINE (PERCENT) MM
AVERAGE SKY COVER 0.41
NUMBER OF DAYS FAIR 30
NUMBER OF DAYS PC 23
NUMBER OF DAYS CLOUDY 8
AVERAGE RH (PERCENT) 76
WEATHER CONDITIONS. NUMBER OF DAYS WITH
THUNDERSTORM 23 MIXED PRECIP 0
HEAVY RAIN 22 RAIN 27
LIGHT RAIN 48 FREEZING RAIN 0
LT FREEZING RAIN 0 HAIL 1
HEAVY SNOW 0 SNOW 0
LIGHT SNOW 0 SLEET 0
FOG 58 FOG W/VIS <= 1/4 MILE 16
HAZE 7
- INDICATES NEGATIVE NUMBERS.
R INDICATES RECORD WAS SET OR TIED.
MM INDICATES DATA IS MISSING.
T INDICATES TRACE AMOUNT.
&&
2ND WETTEST JUNE TO AUGUST
10TH WARMEST JUNE TO AUGUST
TRACE OF SNOW WAS HAIL ON 08/13
$$
TAC