000
CXUS51 KCAR 010700
CF6BGR
PRELIMINARY LOCAL CLIMATOLOGICAL DATA (WS FORM: F-6)
STATION: BANGOR ME
MONTH: FEBRUARY
YEAR: 2023
LATITUDE: 44 47 N
LONGITUDE: 68 49 W
TEMPERATURE IN F: :PCPN: SNOW: WIND :SUNSHINE: SKY :PK WND
================================================================================
1 2 3 4 5 6A 6B 7 8 9 10 11 12 13 14 15 16 17 18
12Z AVG MX 2MIN
DY MAX MIN AVG DEP HDD CDD WTR SNW DPTH SPD SPD DIR MIN PSBL S-S WX SPD DR
================================================================================
1 19 -9 5 -13 60 0 0.00 0.0 7 1.1 7 310 M M 4 9 330
2 32 -6 13 -5 52 0 0.00 0.0 7 6.9 17 190 M M 6 29 190
3 32 -17 8 -10 57 0 T T 7 17.8 33 320 M M 7 9 46 330
4 5 -17 -6 -24 71 0 0.00 0.0 7 11.5 31 320 M M 3 9 48 320
5 30 3 17 -2 48 0 0.00 0.0 7 3.2 13 190 M M 9 15 190
6 34 18 26 7 39 0 0.00 0.0 7 9.9 29 10 M M 9 37 10
7 28 10 19 0 46 0 0.11 1.0 6 7.3 21 360 M M 5 12 27 360
8 44 25 35 16 30 0 T T 7 7.0 24 320 M M 7 1 38 330
9 39 13 26 7 39 0 0.35 2.5 5 5.6 15 330 M M 7 1 18 330
10 45 34 40 20 25 0 0.18 0.0 6 6.0 18 310 M M 9 12 30 300
11 35 18 27 7 38 0 0.01 T 5 11.2 25 320 M M 4 1 34 330
12 43 20 32 12 33 0 0.00 0.0 5 3.1 13 250 M M 5 19 250
13 37 16 27 7 38 0 0.00 0.0 4 6.0 15 40 M M 8 20 50
14 37 17 27 6 38 0 0.04 0.5 4 5.4 13 350 M M 7 1 16 330
15 44 13 29 8 36 0 0.02 0.0 4 8.7 28 170 M M 7 1 37 180
16 52 31 42 21 23 0 0.00 0.0 3 4.9 16 320 M M 6 12 24 270
17 39 17 28 6 37 0 0.18 0.6 2 12.2 29 10 M M 10 146 38 10
18 29 9 19 -3 46 0 0.00 0.0 3 5.8 18 340 M M 3 25 340
19 40 26 33 11 32 0 0.00 0.0 3 7.3 21 180 M M 10 30 170
20 47 32 40 18 25 0 0.00 0.0 1 6.4 15 180 M M 8 23 310
21 35 22 29 6 36 0 0.00 0.0 1 5.5 17 320 M M 5 23 320
22 36 22 29 6 36 0 T T 1 9.3 20 320 M M 7 30 320
23 22 9 16 -7 49 0 0.06 0.5 1 10.9 21 20 M M 10 1 27 20
24 18 6 12 -12 53 0 0.04 0.8 3 14.7 25 320 M M 7 19 34 360
25 15 0 8 -16 57 0 0.00 0.0 3 3.5 13 320 M M 5 16 310
26 19 -3 8 -16 57 0 0.02 0.5 3 3.4 9 350 M M 6 1 14 360
27 24 5 15 -10 50 0 T T 3 3.9 12 360 M M 6 14 330
28 28 13 21 -4 44 0 0.16 4.1 3 8.8 23 110 M M 10 1 32 120
================================================================================
SM 908 327 1195 0 1.17 10.5 207.3 M 190
================================================================================
AV 32.4 11.7 7.4 FASTST M M 7 MAX(MPH)
MISC ----> 33 320 48 320
================================================================================
NOTES:
# LAST OF SEVERAL OCCURRENCES
COLUMN 17 PEAK WIND IN M.P.H.
PRELIMINARY LOCAL CLIMATOLOGICAL DATA (WS FORM: F-6) , PAGE 2
STATION: BANGOR ME
MONTH: FEBRUARY
YEAR: 2023
LATITUDE: 44 47 N
LONGITUDE: 68 49 W
[TEMPERATURE DATA] [PRECIPITATION DATA] SYMBOLS USED IN COLUMN 16
AVERAGE MONTHLY: 22.1 TOTAL FOR MONTH: 1.17 1 = FOG OR MIST
DPTR FM NORMAL: 1.1 DPTR FM NORMAL: -1.21 2 = FOG REDUCING VISIBILITY
HIGHEST: 52 ON 16 GRTST 24HR 0.53 ON 9-10 TO 1/4 MILE OR LESS
LOWEST: -17 ON 4, 3 3 = THUNDER
SNOW, ICE PELLETS, HAIL 4 = ICE PELLETS
TOTAL MONTH: 13.7 INCHES 5 = HAIL
GRTST 24HR 4.1 ON 28-28 6 = FREEZING RAIN OR DRIZZLE
GRTST DEPTH: 9 ON M 7 = DUSTSTORM OR SANDSTORM:
VSBY 1/2 MILE OR LESS
8 = SMOKE OR HAZE
[NO. OF DAYS WITH] [WEATHER - DAYS WITH] 9 = BLOWING SNOW
X = TORNADO
MAX 32 OR BELOW: 13 0.01 INCH OR MORE: 11
MAX 90 OR ABOVE: 0 0.10 INCH OR MORE: 5
MIN 32 OR BELOW: 27 0.50 INCH OR MORE: 0
MIN 0 OR BELOW: 6 1.00 INCH OR MORE: 0
[HDD (BASE 65) ]
TOTAL THIS MO. 1195 CLEAR (SCALE 0-3) 2
DPTR FM NORMAL -35 PTCLDY (SCALE 4-7) 18
TOTAL FM JUL 1 4703 CLOUDY (SCALE 8-10) 8
DPTR FM NORMAL -761
[CDD (BASE 65) ]
TOTAL THIS MO. 0
DPTR FM NORMAL 0 [PRESSURE DATA]
TOTAL FM JAN 1 0 HIGHEST SLP 30.54 ON 25
DPTR FM NORMAL 0 LOWEST SLP 29.46 ON 17
[REMARKS]
#FINAL-02-23#