000
CXUS51 KCAR 010707
CLMBGR
CLIMATE REPORT
NATIONAL WEATHER SERVICE CARIBOU ME
307 AM EDT SAT APR 01 2023
...................................
...THE BANGOR ME CLIMATE SUMMARY FOR THE MONTH OF MARCH 2023...
CLIMATE NORMAL PERIOD: 1991 TO 2020
CLIMATE RECORD PERIOD: 1925 TO 2023
WEATHER OBSERVED NORMAL DEPART LAST YEAR`S
VALUE DATE(S) VALUE FROM VALUE DATE(S)
NORMAL
................................................................
TEMPERATURE (F)
RECORD
HIGH 84 03/22/2012
LOW -16 03/02/2001
HIGHEST 52 03/27 MM MM 66 03/18
LOWEST 10 03/05 MM MM -5 03/05
AVG. MAXIMUM 42.1 40.1 2.0 42.7
AVG. MINIMUM 25.2 21.1 4.1 23.5
MEAN 33.6 30.6 3.0 33.1
DAYS MAX >= 90 0 0.0 0.0 0
DAYS MAX <= 32 1 5.9 -4.9 3
DAYS MIN <= 32 27 27.1 -0.1 23
DAYS MIN <= 0 0 1.8 -1.8 3
PRECIPITATION (INCHES)
RECORD
MAXIMUM 7.36 1999
MINIMUM 0.26 1965
TOTALS 1.72 -1.50
DAILY AVG. 0.06 0.10 -0.04 0.10
DAYS >= .01 13 11.3 1.7 14
DAYS >= .10 5 7.1 -2.1 8
DAYS >= .50 0 2.0 -2.0 3
DAYS >= 1.00 0 0.6 -0.6 0
GREATEST
24 HR. TOTAL 0.46 03/23 TO 03/23 0.72 03/19 TO 03/20
SNOWFALL (INCHES)
RECORDS
TOTAL 41.5 1956
TOTALS 20.5 15.2 5.3 5.0
SINCE 7/1 71.6 70.9 0.7 MM
SNOWDEPTH AVG. 4 1
DAYS >= 1.0 4 3.8 0.2 2
GREATEST
SNOW DEPTH 15* 03/05 7 03/03
03/04
03/05
24 HR TOTAL MM MM
DEGREE DAYS
HEATING TOTAL 963 1066 -103 981
SINCE 7/1 5666 6530 -864 MM
COOLING TOTAL 0 0 0 0
SINCE 1/1 0 0 0 MM
................................................................
WIND (MPH)
AVERAGE WIND SPEED 9.0
HIGHEST WIND SPEED/DIRECTION 45/330 DATE 03/06
HIGHEST GUST SPEED/DIRECTION 60/330 DATE 03/06
SKY COVER
POSSIBLE SUNSHINE (PERCENT) MM
AVERAGE SKY COVER 0.65
NUMBER OF DAYS FAIR 6
NUMBER OF DAYS PC 13
NUMBER OF DAYS CLOUDY 12
AVERAGE RH (PERCENT) 67
WEATHER CONDITIONS. NUMBER OF DAYS WITH
THUNDERSTORM 1 MIXED PRECIP 1
HEAVY RAIN 1 RAIN 2
LIGHT RAIN 5 FREEZING RAIN 0
LT FREEZING RAIN 0 HAIL 0
HEAVY SNOW 3 SNOW 4
LIGHT SNOW 15 SLEET 2
FOG 17 FOG W/VIS <= 1/4 MILE 4
HAZE 3
- INDICATES NEGATIVE NUMBERS.
* INDICATES RECORD WAS SET OR TIED.
MM INDICATES DATA IS MISSING.
T INDICATES TRACE AMOUNT.
$$