112
CXUS55 KBYZ 011000
CF6BHK
PRELIMINARY LOCAL CLIMATOLOGICAL DATA (WS FORM: F-6)
STATION: BAKER MT
MONTH: JULY
YEAR: 2020
LATITUDE: 46 20 N
LONGITUDE: 104 15 W
TEMPERATURE IN F: :PCPN: SNOW: WIND :SUNSHINE: SKY :PK WND
================================================================================
1 2 3 4 5 6A 6B 7 8 9 10 11 12 13 14 15 16 17 18
12Z AVG MX 2MIN
DY MAX MIN AVG DEP HDD CDD WTR SNW DPTH SPD SPD DIR MIN PSBL S-S WX SPD DR
================================================================================
1 83 51 67 -1 0 2 0.00 M M 9.0 21 220 M M 1 27 180
2 89 50 70 2 0 5 0.00 M M 7.7 17 20 M M 0 25 360
3 95 55 75 7 0 10 0.05 M M 11.8 48 190 M M 1 3 60 190
4 94 63 79 11 0 14 0.59 M M 13.5 41 240 M M 3 13 54 240
5 87 60 74 5 0 9 0.04 M M 7.7 16 330 M M 4 13 22 350
6 83 56 70 1 0 5 0.04 M M 7.1 25 110 M M 3 13 29 110
7 88 54 71 2 0 6 0.01 M M 17.4 38 220 M M 1 3 50 210
8 81 52 67 -3 0 2 0.00 M M 7.4 18 290 M M 0 24 290
9 80 50 65 -5 0 0 0.00 M M 6.9 17 280 M M 0 22 300
10 84 54 69 -1 0 4 T M M 11.5 25 150 M M 1 3 32 140
11 82 50 66 -4 0 1 0.00 M M 8.7 17 320 M M 0 23 300
12 97 55 76 5 0 11 0.00 M M 14.8 29 160 M M 1 34 140
13 80 53 67 -4 0 2 0.00 M M 12.3 31 330 M M 1 41 320
14 79 44 62 -9 3 0 T M M 4.5 18 330 M M 2 23 300
15 87 45 66 -5 0 1 0.00 M M 6.0 23 250 M M 0 29 240
16 90 49 70 -1 0 5 0.00 M M 6.6 21 120 M M 0 26 110
17 96 63 80 8 0 15 0.00 M M 10.5 24 330 M M 0 31 330
18 81 52 67 -5 0 2 0.09 M M 11.2 28 310 M M 3 1 37 320
19 85 47 66 -6 0 1 0.00 M M 6.0 18 60 M M 2 22 60
20 78 52 65 -7 0 0 0.13 M M 9.6 20 20 M M 3 1 24 10
21 86 50 68 -4 0 3 0.00 M M 6.4 18 90 M M 1 23 70
22 98 59 79 7 0 14 0.00 M M 16.6 24 150 M M 0 30 190
23 99 66 83 11 0 18 0.08 M M 12.5 38 100 M M 1 3 46 100
24 90 59 75 3 0 10 0.01 M M 6.9 18 170 M M 1 23 170
25 89 58 74 2 0 9 0.01 M M 10.2 32 240 M M 0 3 43 230
26 87 56 72 0 0 7 T M M 5.0 16 40 M M 2 20 340
27 90 53 72 -1 0 7 0.00 M M 6.8 16 40 M M 0 21 330
28 93 50 72 -1 0 7 0.00 M M 12.5 25 90 M M 0 29 90
29 82 64 73 0 0 8 T M M 7.8 20 180 M M 4 24 170
30 96 56 76 3 0 11 0.10 M M 7.5 33 130 M M 2 38 40 130
31 86 60 73 1 0 8 T M M 9.2 32 340 M M 1 40 340
================================================================================
SM 2715 1686 3 197 1.15 M 291.6 M 38
================================================================================
AV 87.6 54.4 9.4 FASTST M M 1 MAX(MPH)
MISC ----> 48 190 60 190
================================================================================
NOTES:
# LAST OF SEVERAL OCCURRENCES
COLUMN 17 PEAK WIND IN M.P.H.
PRELIMINARY LOCAL CLIMATOLOGICAL DATA (WS FORM: F-6) , PAGE 2
STATION: BAKER MT
MONTH: JULY
YEAR: 2020
LATITUDE: 46 20 N
LONGITUDE: 104 15 W
[TEMPERATURE DATA] [PRECIPITATION DATA] SYMBOLS USED IN COLUMN 16
AVERAGE MONTHLY: 71.0 TOTAL FOR MONTH: 1.15 1 = FOG OR MIST
DPTR FM NORMAL: 0.1 DPTR FM NORMAL: -0.80 2 = FOG REDUCING VISIBILITY
HIGHEST: 99 ON 23 GRTST 24HR 0.63 ON 4- 5 TO 1/4 MILE OR LESS
LOWEST: 44 ON 14 3 = THUNDER
SNOW, ICE PELLETS, HAIL 4 = ICE PELLETS
TOTAL MONTH: M 5 = HAIL
GRTST 24HR M ON M 6 = FREEZING RAIN OR DRIZZLE
GRTST DEPTH: M ON M 7 = DUSTSTORM OR SANDSTORM:
VSBY 1/2 MILE OR LESS
8 = SMOKE OR HAZE
[NO. OF DAYS WITH] [WEATHER - DAYS WITH] 9 = BLOWING SNOW
X = TORNADO
MAX 32 OR BELOW: 0 0.01 INCH OR MORE: 11
MAX 90 OR ABOVE: 11 0.10 INCH OR MORE: 3
MIN 32 OR BELOW: 0 0.50 INCH OR MORE: 1
MIN 0 OR BELOW: 0 1.00 INCH OR MORE: 0
[HDD (BASE 65) ]
TOTAL THIS MO. 3 CLEAR (SCALE 0-3) 28
DPTR FM NORMAL -18 PTCLDY (SCALE 4-7) 3
TOTAL FM JUL 1 3 CLOUDY (SCALE 8-10) 0
DPTR FM NORMAL -16
[CDD (BASE 65) ]
TOTAL THIS MO. 197
DPTR FM NORMAL -7 [PRESSURE DATA]
TOTAL FM JAN 1 280 HIGHEST SLP 30.16 ON 11
DPTR FM NORMAL 21 LOWEST SLP 29.59 ON 7
[REMARKS]
#FINAL-07-20#