000
CXUS55 KVEF 011840
CF6BIH
PRELIMINARY LOCAL CLIMATOLOGICAL DATA (WS FORM: F-6)
STATION: BISHOP CA
MONTH: JULY
YEAR: 2020
LATITUDE: 37 22 N
LONGITUDE: 118 22 W
TEMPERATURE IN F: :PCPN: SNOW: WIND :SUNSHINE: SKY :PK WND
================================================================================
1 2 3 4 5 6A 6B 7 8 9 10 11 12 13 14 15 16 17 18
12Z AVG MX 2MIN
DY MAX MIN AVG DEP HDD CDD WTR SNW DPTH SPD SPD DIR MIN PSBL S-S WX SPD DR
================================================================================
1 95 52 74 -2 0 9 0.00 0.0 0 10.4 23 150 M M 0 30 180
2 94 54 74 -2 0 9 0.00 0.0 0 11.8 29 150 M M 0 35 150
3 98 50 74 -2 0 9 0.00 0.0 0 9.0 21 140 M M 0 28 180
4 99 50 75 -1 0 10 0.00 0.0 0 4.8 14 340 M M 0 19 130
5 102 53 78 2 0 13 0.00 0.0 0 5.4 17 310 M M 0 25 180
6 104 54 79 2 0 14 0.00 0.0 0 9.9 26 260 M M 0 35 250
7 100 50 75 -2 0 10 0.00 0.0 0 6.9 21 10 M M 0 27 10
8 101 51 76 -1 0 11 0.00 0.0 0 7.6 20 150 M M 0 25 140
9 102 49 76 -1 0 11 0.00 0.0 0 6.7 20 150 M M 0 23 150
10 102 54 78 1 0 13 0.00 0.0 0 8.3 22 150 M M 0 27 160
11 107 58 83 6 0 18 0.00 0.0 0 8.1 17 10 M M 0 23 150
12 108 60 84 7 0 19 0.00 0.0 0 7.2 24 360 M M 0 31 10
13 107 64 86 8 0 21 0.00 0.0 0 6.8 16 360 M M 0 22 10
14 105 64 85 7 0 20 0.00 0.0 0 8.8 25 140 M M 0 32 150
15 105 58 82 4 0 17 0.00 0.0 0 7.6 21 150 M M 0 28 150
16 105 56 81 3 0 16 0.00 0.0 0 7.2 28 340 M M 0 38 350
17 103 57 80 2 0 15 0.00 0.0 0 10.4 26 150 M M 0 32 140
18 104 58 81 3 0 16 0.00 0.0 0 5.0 17 350 M M 0 26 110
19 105 60 83 5 0 18 T 0.0 0 8.4 31 340 M M 0 44 340
20 103 60 82 4 0 17 0.00 0.0 0 6.1 25 250 M M 0 33 260
21 104 57 81 3 0 16 0.00 0.0 0 9.1 28 180 M M 0 32 180
22 98 58 78 0 0 13 0.00 0.0 0 12.0 30 140 M M 0 39 160
23 97 53 75 -3 0 10 0.00 0.0 0 4.8 17 350 M M 0 24 140
24 97 55 76 -2 0 11 0.00 0.0 0 7.8 29 290 M M 0 36 290
25 99 51 75 -3 0 10 0.00 0.0 0 7.2 24 150 M M 0 31 150
26 99 53 76 -2 0 11 0.00 0.0 0 8.5 25 180 M M 0 33 150
27 100 56 78 0 0 13 0.00 0.0 0 5.7 20 170 M M 0 25 170
28 103 59 81 3 0 16 0.00 0.0 0 7.7 17 170 M M 0 23 150
29 105 58 82 4 0 17 0.00 0.0 0 12.0 23 150 M M 0 29 150
30 105 56 81 3 0 16 0.00 0.0 0 9.6 22 160 M M 0 28 160
31 107 54 81 4 0 16 0.00 0.0 0 6.8 17 150 M M 0 23 150
================================================================================
SM 3163 1722 0 435 T 0.0 247.6 M 0
================================================================================
AV102.0 55.5 8.0 FASTST M M 0 MAX(MPH)
MISC ----> 31 340 44 340
================================================================================
NOTES:
# LAST OF SEVERAL OCCURRENCES
COLUMN 17 PEAK WIND IN M.P.H.
PRELIMINARY LOCAL CLIMATOLOGICAL DATA (WS FORM: F-6) , PAGE 2
STATION: BISHOP CA
MONTH: JULY
YEAR: 2020
LATITUDE: 37 22 N
LONGITUDE: 118 22 W
[TEMPERATURE DATA] [PRECIPITATION DATA] SYMBOLS USED IN COLUMN 16
AVERAGE MONTHLY: 78.8 TOTAL FOR MONTH: T 1 = FOG OR MIST
DPTR FM NORMAL: 1.5 DPTR FM NORMAL: -0.16 2 = FOG REDUCING VISIBILITY
HIGHEST: 108 ON 12 GRTST 24HR T ON 19-19 TO 1/4 MILE OR LESS
LOWEST: 49 ON 9 3 = THUNDER
SNOW, ICE PELLETS, HAIL 4 = ICE PELLETS
TOTAL MONTH: 0.0 INCH 5 = HAIL
GRTST 24HR 0.0 6 = FREEZING RAIN OR DRIZZLE
GRTST DEPTH: 0 7 = DUSTSTORM OR SANDSTORM:
VSBY 1/2 MILE OR LESS
8 = SMOKE OR HAZE
[NO. OF DAYS WITH] [WEATHER - DAYS WITH] 9 = BLOWING SNOW
X = TORNADO
MAX 32 OR BELOW: 0 0.01 INCH OR MORE: 0
MAX 90 OR ABOVE: 31 0.10 INCH OR MORE: 0
MIN 32 OR BELOW: 0 0.50 INCH OR MORE: 0
MIN 0 OR BELOW: 0 1.00 INCH OR MORE: 0
[HDD (BASE 65) ]
TOTAL THIS MO. 0 CLEAR (SCALE 0-3) 31
DPTR FM NORMAL -1 PTCLDY (SCALE 4-7) 0
TOTAL FM JUL 1 0 CLOUDY (SCALE 8-10) 0
DPTR FM NORMAL 0
[CDD (BASE 65) ]
TOTAL THIS MO. 435
DPTR FM NORMAL 53 [PRESSURE DATA]
TOTAL FM JAN 1 848 HIGHEST SLP 30.01 ON 11
DPTR FM NORMAL 184 LOWEST SLP 29.59 ON 13
[REMARKS]
#FINAL-07-20#