000
CXUS53 KBIS 010830
CF6BIS
PRELIMINARY LOCAL CLIMATOLOGICAL DATA (WS FORM: F-6)
STATION: BISMARCK ND
MONTH: JUNE
YEAR: 2020
LATITUDE: 46 46 N
LONGITUDE: 100 45 W
TEMPERATURE IN F: :PCPN: SNOW: WIND :SUNSHINE: SKY :PK WND
================================================================================
1 2 3 4 5 6A 6B 7 8 9 10 11 12 13 14 15 16 17 18
12Z AVG MX 2MIN
DY MAX MIN AVG DEP HDD CDD WTR SNW DPTH SPD SPD DIR MIN PSBL S-S WX SPD DR
================================================================================
1 91 59 75 15 0 10 T 0.0 0 7.3 20 320 M M 0 8 29 320
2 86 54 70 9 0 5 T 0.0 0 9.1 25 280 M M 1 34 280
3 84 44 64 3 1 0 T 0.0 0 7.1 21 210 M M 0 29 220
4 83 52 68 7 0 3 T 0.0 0 5.5 22 200 M M 2 28 210
5 79 44 62 0 3 0 T 0.0 0 4.7 13 160 M M 2 17 160
6 81 58 70 8 0 5 0.17 0.0 0 21.2 45 130 M M 3 138 56 130
7 93 65 79 17 0 14 T 0.0 0 9.4 26 360 M M 1 13 37 360
8 79 63 71 8 0 6 0.11 0.0 0 11.7 24 320 M M 3 13 35 340
9 71 55 63 0 2 0 0.00 0.0 0 15.3 29 300 M M 3 8 40 290
10 77 51 64 1 1 0 0.00 0.0 0 10.5 23 320 M M 1 33 320
11 86 52 69 6 0 4 0.00 0.0 0 7.6 21 320 M M 1 33 310
12 84 53 69 5 0 4 0.00 0.0 0 14.3 23 90 M M 0 1 32 80
13 90 57 74 10 0 9 0.00 0.0 0 18.8 32 130 M M 0 42 120
14 92 67 80 16 0 15 0.00 0.0 0 18.8 33 150 M M 0 43 140
15 84 61 73 8 0 8 0.00 0.0 0 8.9 21 320 M M 0 28 310
16 96 59 78 13 0 13 T 0.0 0 17.9 37 170 M M 0 3 49 170
17 85 66 76 11 0 11 0.07 0.0 0 7.5 25 270 M M 4 3 37 250
18 75 54 65 0 0 0 T 0.0 0 12.4 24 320 M M 6 33 320
19 79 44 62 -4 3 0 T 0.0 0 8.8 21 240 M M 2 28 270
20 82 59 71 5 0 6 0.00 0.0 0 7.8 18 300 M M 3 27 310
21 78 50 64 -2 1 0 0.01 0.0 0 4.1 14 30 M M 4 18 230
22 78 52 65 -1 0 0 0.00 0.0 0 8.5 21 310 M M 5 32 330
23 84 51 68 1 0 3 0.00 0.0 0 5.3 14 300 M M 2 22 290
24 90 61 76 9 0 11 T 0.0 0 8.4 17 150 M M 3 30 150
25 88 67 78 11 0 13 0.12 0.0 0 9.0 29 310 M M 2 3 42 310
26 89 61 75 7 0 10 0.00 0.0 0 6.4 14 320 M M 1 21 280
27 97 60 79 11 0 14 0.00 0.0 0 13.5 25 150 M M 0 35 150
28 95 67 81 13 0 16 0.37 0.0 0 15.6 29 160 M M 2 13 38 140
29 92 64 78 10 0 13 0.00 0.0 0 11.5 25 110 M M 2 3 33 110
30 82 63 73 5 0 8 1.79 0.0 0 12.0 33 340 M M 8 138 45 290
================================================================================
SM 2550 1713 11 201 2.64 0.0 318.9 M 61
================================================================================
AV 85.0 57.1 10.6 FASTST M M 2 MAX(MPH)
MISC ----> # 45 130 # 56 130
================================================================================
NOTES:
# LAST OF SEVERAL OCCURRENCES
COLUMN 17 PEAK WIND IN M.P.H.
PRELIMINARY LOCAL CLIMATOLOGICAL DATA (WS FORM: F-6) , PAGE 2
STATION: BISMARCK ND
MONTH: JUNE
YEAR: 2020
LATITUDE: 46 46 N
LONGITUDE: 100 45 W
[TEMPERATURE DATA] [PRECIPITATION DATA] SYMBOLS USED IN COLUMN 16
AVERAGE MONTHLY: 71.1 TOTAL FOR MONTH: 2.64 1 = FOG OR MIST
DPTR FM NORMAL: 6.4 DPTR FM NORMAL: -0.53 2 = FOG REDUCING VISIBILITY
HIGHEST: 97 ON 27 GRTST 24HR 1.79 ON 30-30 TO 1/4 MILE OR LESS
LOWEST: 44 ON 19, 5 3 = THUNDER
SNOW, ICE PELLETS, HAIL 4 = ICE PELLETS
TOTAL MONTH: 0.0 INCH 5 = HAIL
GRTST 24HR 0.0 6 = FREEZING RAIN OR DRIZZLE
GRTST DEPTH: 0 7 = DUSTSTORM OR SANDSTORM:
VSBY 1/2 MILE OR LESS
8 = SMOKE OR HAZE
[NO. OF DAYS WITH] [WEATHER - DAYS WITH] 9 = BLOWING SNOW
X = TORNADO
MAX 32 OR BELOW: 0 0.01 INCH OR MORE: 7
MAX 90 OR ABOVE: 9 0.10 INCH OR MORE: 5
MIN 32 OR BELOW: 0 0.50 INCH OR MORE: 1
MIN 0 OR BELOW: 0 1.00 INCH OR MORE: 1
[HDD (BASE 65) ]
TOTAL THIS MO. 11 CLEAR (SCALE 0-3) 24
DPTR FM NORMAL -82 PTCLDY (SCALE 4-7) 5
TOTAL FM JUL 1 8280 CLOUDY (SCALE 8-10) 1
DPTR FM NORMAL -278
[CDD (BASE 65) ]
TOTAL THIS MO. 201
DPTR FM NORMAL 118 [PRESSURE DATA]
TOTAL FM JAN 1 221 HIGHEST SLP 30.26 ON 12
DPTR FM NORMAL 121 LOWEST SLP 29.35 ON 28
[REMARKS]
#FINAL-06-20#