000
CXUS53 KGRR 011010
CF6BIV
PRELIMINARY LOCAL CLIMATOLOGICAL DATA (WS FORM: F-6)
STATION: HOLLAND
MONTH: FEBRUARY
YEAR: 2022
LATITUDE: 42 49 N
LONGITUDE: 86 10 W
TEMPERATURE IN F: :PCPN: SNOW: WIND :SUNSHINE: SKY :PK WND
================================================================================
1 2 3 4 5 6A 6B 7 8 9 10 11 12 13 14 15 16 17 18
12Z AVG MX 2MIN
DY MAX MIN AVG DEP HDD CDD WTR SNW DPTH SPD SPD DIR MIN PSBL S-S WX SPD DR
================================================================================
1 47 28 38 13 27 0 0.22 M M 14.6 25 220 M M 6 1 40 230
2 37 20 29 4 36 0 0.26 M M 7.9 14 20 M M 10 12 23 20
3 21 14 18 -7 47 0 0.00 M M 8.5 14 50 M M 6 23 60
4 18 4 11 -14 54 0 0.08 M M 5.1 12 110 M M 4 12 15 40
5 25 4 15 -11 50 0 T M M 8.1 24 190 M M 6 1 33 190
6 33 16 25 -1 40 0 0.00 M M 11.8 20 220 M M 3 27 230
7 34 24 29 3 36 0 0.01 M M 8.6 17 320 M M 10 1 27 300
8 39 19 29 3 36 0 0.00 M M 8.8 23 220 M M 4 30 230
9 39 34 37 11 28 0 0.02 M M 13.6 23 220 M M 8 1 31 220
10 36 26 31 5 34 0 0.02 M M 10.4 23 220 M M 10 1 33 220
11 39 25 32 6 33 0 0.19 M M 17.3 31 220 M M 10 1 45 220
12 25 15 20 -7 45 0 0.04 M M 8.1 21 340 M M 10 1 35 360
13 21 0 11 -16 54 0 0.08 M M 4.7 12 80 M M 7 1 16 20
14 20 3 12 -15 53 0 0.01 M M 8.2 16 210 M M 10 18 23 220
15 33 19 26 -1 39 0 T M M 10.3 25 140 M M 5 35 150
16 50 33 42 15 23 0 1.01 M M 19.8 32 210 M M 7 1 51 210
17 44 20 32 4 33 0 0.40 M M 8.9 16 30 M M 10 1 25 30
18 32 17 25 -3 40 0 T M M 17.5 40 250 M M 9 18 56 220
19 32 13 23 -5 42 0 0.01 M M 13.8 33 300 M M 9 1 51 300
20 45 14 30 2 35 0 T M M 20.9 40 230 M M 0 8 56 230
21 44 31 38 9 27 0 T M M 11.0 20 90 M M M 30 100
22 44 26 35 6 30 0 0.43 M M 8.4 39 300 M M 10 1 39 290
23 26 20 23 -6 42 0 T M M 9.3 20 310 M M 7 31 320
24 28 17 23 -7 42 0 T M M 11.2 21 100 M M 8 1 30 90
25 28 17 23 -7 42 0 0.06 M M 5.6 15 310 M M 7 1 21 20
26 32 20 26 -4 39 0 0.01 M M 16.4 29 250 M M 5 1 39 240
27 34 24 29 -1 36 0 0.00 M M 12.8 23 270 M M 2 33 270
28 45 22 34 3 31 0 0.00 M M 10.3 22 240 M M 4 29 240
================================================================================
SM 951 525 1074 0 2.85 M 311.9 M 187
================================================================================
AV 34.0 18.8 11.1 FASTST M M 7 MAX(MPH)
MISC ----> # 40 230 # 56 230
================================================================================
NOTES:
# LAST OF SEVERAL OCCURRENCES
COLUMN 17 PEAK WIND IN M.P.H.
PRELIMINARY LOCAL CLIMATOLOGICAL DATA (WS FORM: F-6) , PAGE 2
STATION: HOLLAND
MONTH: FEBRUARY
YEAR: 2022
LATITUDE: 42 49 N
LONGITUDE: 86 10 W
[TEMPERATURE DATA] [PRECIPITATION DATA] SYMBOLS USED IN COLUMN 16
AVERAGE MONTHLY: 26.4 TOTAL FOR MONTH: 2.85 1 = FOG OR MIST
DPTR FM NORMAL: -1.0 DPTR FM NORMAL: 1.08 2 = FOG REDUCING VISIBILITY
HIGHEST: 50 ON 16 GRTST 24HR 1.39 ON 16-17 TO 1/4 MILE OR LESS
LOWEST: 0 ON 13 3 = THUNDER
SNOW, ICE PELLETS, HAIL 4 = ICE PELLETS
TOTAL MONTH: M 5 = HAIL
GRTST 24HR M ON M 6 = FREEZING RAIN OR DRIZZLE
GRTST DEPTH: M ON M 7 = DUSTSTORM OR SANDSTORM:
VSBY 1/2 MILE OR LESS
8 = SMOKE OR HAZE
[NO. OF DAYS WITH] [WEATHER - DAYS WITH] 9 = BLOWING SNOW
X = TORNADO
MAX 32 OR BELOW: 12 0.01 INCH OR MORE: 16
MAX 90 OR ABOVE: 0 0.10 INCH OR MORE: 6
MIN 32 OR BELOW: 26 0.50 INCH OR MORE: 1
MIN 0 OR BELOW: 1 1.00 INCH OR MORE: 1
[HDD (BASE 65) ]
TOTAL THIS MO. 1074 CLEAR (SCALE 0-3) 3
DPTR FM NORMAL 21 PTCLDY (SCALE 4-7) 14
TOTAL FM JUL 1 4295 CLOUDY (SCALE 8-10) 11
DPTR FM NORMAL -307
[CDD (BASE 65) ]
TOTAL THIS MO. 0
DPTR FM NORMAL 0 [PRESSURE DATA]
TOTAL FM JAN 1 0 HIGHEST SLP 30.54 ON 23
DPTR FM NORMAL 0 LOWEST SLP 29.46 ON 11
[REMARKS]
#FINAL-02-22#