000
CXUS51 KRLX 011148
CF6BKW
PRELIMINARY LOCAL CLIMATOLOGICAL DATA (WS FORM: F-6)
STATION: BECKLEY WV
MONTH: MARCH
YEAR: 2022
LATITUDE: 37 46 N
LONGITUDE: 81 7 W
TEMPERATURE IN F: :PCPN: SNOW: WIND :SUNSHINE: SKY :PK WND
================================================================================
1 2 3 4 5 6A 6B 7 8 9 10 11 12 13 14 15 16 17 18
12Z AVG MX 2MIN
DY MAX MIN AVG DEP HDD CDD WTR SNW DPTH SPD SPD DIR MIN PSBL S-S WX SPD DR
================================================================================
1 59 29 44 6 21 0 0.00 0.0 0 7.8 18 270 M M 1 24 280
2 62 39 51 12 14 0 0.00 0.0 0 8.7 22 270 M M 0 27 290
3 59 33 46 7 19 0 0.00 0.0 0 10.9 22 340 M M 5 27 340
4 65 28 47 8 18 0 0.00 0.0 0 5.8 14 330 M M 1 19 290
5 75 47 61 21 4 0 0.00 0.0 0 9.9 23 220 M M 0 32 240
6 71 52 62 22 3 0 0.05 0.0 0 13.1 24 230 M M 5 13 39 210
7 70 38 54 14 11 0 0.48 T 0 14.1 30 230 M M 5 1 48 230
8 46 32 39 -1 26 0 0.03 T 0 6.5 20 330 M M 7 1 27 330
9 45 34 40 -1 25 0 0.44 0.0 0 8.7 18 130 M M 10 1 26 130
10 45 30 38 -3 27 0 0.00 0.0 0 4.6 17 150 M M 9 23 160
11 64 32 48 7 17 0 0.09 0.0 0 8.3 18 330 M M 3 13 25 250
12 38 14 26 -15 39 0 0.25 5.3 3 16.7 28 310 M M 10 12 37 340
13 42 9 26 -16 39 0 0.00 0.0 4 10.4 21 230 M M 2 28 250
14 61 29 45 3 20 0 0.00 0.0 T 5.8 14 230 M M 0 19 220
15 63 35 49 7 16 0 0.00 0.0 0 4.5 15 280 M M 2 21 280
16 59 36 48 5 17 0 0.01 0.0 0 8.2 17 130 M M 4 24 160
17 68 44 56 13 9 0 0.00 0.0 0 5.4 15 350 M M 7 20 320
18 67 42 55 12 10 0 0.00 0.0 0 9.4 22 130 M M 1 42 130
19 69 42 56 12 9 0 T 0.0 0 13.3 29 260 M M 4 38 220
20 52 37 45 1 20 0 0.10 0.0 0 11.8 23 320 M M 6 1 31 320
21 65 32 49 5 16 0 0.00 0.0 0 3.8 15 280 M M 0 23 320
22 68 42 55 11 10 0 0.00 0.0 0 7.6 16 160 M M 0 30 330
23 66 52 59 14 6 0 0.40 0.0 0 14.6 25 160 M M 5 1 38 170
24 65 45 55 10 10 0 0.00 0.0 0 7.8 28 220 M M 3 36 230
25 46 33 40 -6 25 0 0.01 0.0 0 8.9 21 270 M M 6 1 27 250
26 37 29 33 -13 32 0 0.22 1.3 T 12.7 29 330 M M 10 123 38 330
27 33 24 29 -17 36 0 T T 0 12.4 22 270 M M 8 29 310
28 37 20 29 -18 36 0 0.00 0.0 0 10.9 24 330 M M 1 31 320
29 48 21 35 -12 30 0 0.01 0.0 0 4.1 14 140 M M 4 21 130
30 78 43 61 13 4 0 0.00 0.0 0 14.5 25 160 M M 2 35 160
31 71 39 55 7 10 0 0.31 0.0 0 13.5 26 180 M M 6 13 40 180
================================================================================
SM 1794 1062 579 0 2.40 6.6 294.7 M 127
================================================================================
AV 57.9 34.3 9.5 FASTST M M 4 MAX(MPH)
MISC ----> 30 230 48 230
================================================================================
NOTES:
# LAST OF SEVERAL OCCURRENCES
COLUMN 17 PEAK WIND IN M.P.H.
PRELIMINARY LOCAL CLIMATOLOGICAL DATA (WS FORM: F-6) , PAGE 2
STATION: BECKLEY WV
MONTH: MARCH
YEAR: 2022
LATITUDE: 37 46 N
LONGITUDE: 81 7 W
[TEMPERATURE DATA] [PRECIPITATION DATA] SYMBOLS USED IN COLUMN 16
AVERAGE MONTHLY: 46.1 TOTAL FOR MONTH: 2.40 1 = FOG OR MIST
DPTR FM NORMAL: 3.3 DPTR FM NORMAL: -1.63 2 = FOG REDUCING VISIBILITY
HIGHEST: 78 ON 30 GRTST 24HR 0.53 ON 6- 7 TO 1/4 MILE OR LESS
LOWEST: 9 ON 13 3 = THUNDER
SNOW, ICE PELLETS, HAIL 4 = ICE PELLETS
TOTAL MONTH: 6.6 INCHES 5 = HAIL
GRTST 24HR 5.3 ON 12-12 6 = FREEZING RAIN OR DRIZZLE
GRTST DEPTH: 4 ON 13 7 = DUSTSTORM OR SANDSTORM:
VSBY 1/2 MILE OR LESS
8 = SMOKE OR HAZE
[NO. OF DAYS WITH] [WEATHER - DAYS WITH] 9 = BLOWING SNOW
X = TORNADO
MAX 32 OR BELOW: 0 0.01 INCH OR MORE: 13
MAX 90 OR ABOVE: 0 0.10 INCH OR MORE: 7
MIN 32 OR BELOW: 13 0.50 INCH OR MORE: 0
MIN 0 OR BELOW: 0 1.00 INCH OR MORE: 0
[HDD (BASE 65) ]
TOTAL THIS MO. 579 CLEAR (SCALE 0-3) 13
DPTR FM NORMAL -111 PTCLDY (SCALE 4-7) 14
TOTAL FM JUL 1 4092 CLOUDY (SCALE 8-10) 4
DPTR FM NORMAL -416
[CDD (BASE 65) ]
TOTAL THIS MO. 0
DPTR FM NORMAL -2 [PRESSURE DATA]
TOTAL FM JAN 1 0 HIGHEST SLP 30.48 ON 14
DPTR FM NORMAL -2 LOWEST SLP 29.37 ON 31
[REMARKS]
#FINAL-03-22#