000
CXUS51 KRLX 011237
CF6BKW
PRELIMINARY LOCAL CLIMATOLOGICAL DATA (WS FORM: F-6)
STATION: BECKLEY WV
MONTH: FEBRUARY
YEAR: 2020
LATITUDE: 37 46 N
LONGITUDE: 81 7 W
TEMPERATURE IN F: :PCPN: SNOW: WIND :SUNSHINE: SKY :PK WND
================================================================================
1 2 3 4 5 6A 6B 7 8 9 10 11 12 13 14 15 16 17 18
12Z AVG MX 2MIN
DY MAX MIN AVG DEP HDD CDD WTR SNW DPTH SPD SPD DIR MIN PSBL S-S WX SPD DR
================================================================================
1 39 32 36 4 29 0 0.08 T 0 7.1 16 300 M M 10 12 24 310
2 59 32 46 14 19 0 T T 0 15.0 26 270 M M 4 1 39 260
3 61 37 49 17 16 0 0.00 0.0 0 8.5 18 210 M M 0 25 230
4 60 50 55 23 10 0 0.39 0.0 0 8.5 18 270 M M 10 1 26 290
5 56 40 48 15 17 0 0.76 0.0 0 7.5 17 170 M M 10 128 25 190
6 55 42 49 16 16 0 1.19 0.0 0 8.5 22 140 M M 10 12 27 130
7 42 24 33 0 32 0 0.43 1.8 0 13.4 23 270 M M 10 1 32 290
8 38 22 30 -3 35 0 0.10 1.7 2 6.4 17 220 M M 8 12 26 210
9 46 26 36 3 29 0 0.05 0.5 2 7.8 17 140 M M 3 1 24 150
10 50 40 45 12 20 0 0.66 0.0 0 7.3 18 240 M M 9 8 25 220
11 52 34 43 9 22 0 0.73 T 0 6.1 18 350 M M 10 12 23 360
12 50 32 41 7 24 0 0.24 0.0 0 8.5 18 140 M M 6 1 33 130
13 55 31 43 9 22 0 0.50 T 0 12.2 23 280 M M 10 18 34 280
14 31 13 22 -12 43 0 T T 0 9.2 17 320 M M 9 23 320
15 44 13 29 -5 36 0 0.00 0.0 0 8.6 16 140 M M 0 24 150
16 52 31 42 7 23 0 0.00 0.0 0 7.0 16 230 M M 8 22 260
17 52 29 41 6 24 0 0.00 0.0 0 7.4 18 140 M M 2 27 140
18 56 39 48 13 17 0 0.37 0.0 0 8.9 20 10 M M 7 12 26 160
19 43 27 35 0 30 0 0.01 0.0 0 5.5 18 330 M M 4 18 24 320
20 32 24 28 -7 37 0 0.02 0.2 0 5.7 18 350 M M 8 1 22 350
21 33 14 24 -12 41 0 0.00 0.0 T 7.2 16 350 M M 4 22 350
22 48 17 33 -3 32 0 0.00 0.0 0 5.0 13 280 M M 0 17 230
23 54 26 40 4 25 0 0.00 0.0 0 6.1 15 220 M M 3 20 260
24 45 34 40 4 25 0 0.01 0.0 0 6.3 22 130 M M 8 28 120
25 59 43 51 14 14 0 0.38 0.0 0 7.0 16 230 M M 10 1 22 230
26 58 29 44 7 21 0 0.48 0.8 0 7.2 25 300 M M 9 12 37 280
27 29 20 25 -12 40 0 0.05 2.3 3 13.8 24 270 M M 8 12 34 270
28 33 24 29 -8 36 0 0.04 1.0 0 9.5 18 280 M M 10 12 24 270
29 29 17 23 -15 42 0 0.03 1.2 3 11.3 21 330 M M 5 128 27 320
================================================================================
SM 1361 842 777 0 6.52 9.5 242.5 M 195
================================================================================
AV 46.9 29.0 8.4 FASTST M M 7 MAX(MPH)
MISC ----> # 26 270 # 39 260
================================================================================
NOTES:
# LAST OF SEVERAL OCCURRENCES
COLUMN 17 PEAK WIND IN M.P.H.
PRELIMINARY LOCAL CLIMATOLOGICAL DATA (WS FORM: F-6) , PAGE 2
STATION: BECKLEY WV
MONTH: FEBRUARY
YEAR: 2020
LATITUDE: 37 46 N
LONGITUDE: 81 7 W
[TEMPERATURE DATA] [PRECIPITATION DATA] SYMBOLS USED IN COLUMN 16
AVERAGE MONTHLY: 38.0 TOTAL FOR MONTH: 6.52 1 = FOG OR MIST
DPTR FM NORMAL: 3.6 DPTR FM NORMAL: 3.76 2 = FOG REDUCING VISIBILITY
HIGHEST: 61 ON 3 GRTST 24HR 1.19 ON 6- 6 TO 1/4 MILE OR LESS
LOWEST: 13 ON 15,14 3 = THUNDER
SNOW, ICE PELLETS, HAIL 4 = ICE PELLETS
TOTAL MONTH: 9.5 INCHES 5 = HAIL
GRTST 24HR 2.3 ON 27-27 6 = FREEZING RAIN OR DRIZZLE
GRTST DEPTH: 3 ON 29,27 7 = DUSTSTORM OR SANDSTORM:
VSBY 1/2 MILE OR LESS
8 = SMOKE OR HAZE
[NO. OF DAYS WITH] [WEATHER - DAYS WITH] 9 = BLOWING SNOW
X = TORNADO
MAX 32 OR BELOW: 4 0.01 INCH OR MORE: 20
MAX 90 OR ABOVE: 0 0.10 INCH OR MORE: 12
MIN 32 OR BELOW: 20 0.50 INCH OR MORE: 5
MIN 0 OR BELOW: 0 1.00 INCH OR MORE: 1
[HDD (BASE 65) ]
TOTAL THIS MO. 777 CLEAR (SCALE 0-3) 4
DPTR FM NORMAL -80 PTCLDY (SCALE 4-7) 11
TOTAL FM JUL 1 3408 CLOUDY (SCALE 8-10) 14
DPTR FM NORMAL -621
[CDD (BASE 65) ]
TOTAL THIS MO. 0
DPTR FM NORMAL 0 [PRESSURE DATA]
TOTAL FM JAN 1 0 HIGHEST SLP 30.61 ON 21
DPTR FM NORMAL 0 LOWEST SLP 29.17 ON 7
[REMARKS]
#FINAL-02-20#