000
CXUS51 KRNK 010620
CF6BLF
PRELIMINARY LOCAL CLIMATOLOGICAL DATA (WS FORM: F-6)
STATION: BLUEFIELD WV
MONTH: MARCH
YEAR: 2021
LATITUDE: 37 17 N
LONGITUDE: 81 12 W
TEMPERATURE IN F: :PCPN: SNOW: WIND :SUNSHINE: SKY :PK WND
================================================================================
1 2 3 4 5 6A 6B 7 8 9 10 11 12 13 14 15 16 17 18
12Z AVG MX 2MIN
DY MAX MIN AVG DEP HDD CDD WTR SNW DPTH SPD SPD DIR MIN PSBL S-S WX SPD DR
================================================================================
1 51 31 41 0 24 0 0.89 0.0 0 10.4 24 310 M M 6 1 38 320
2 43 22 33 -8 32 0 0.00 0.0 0 3.1 13 290 M M 0 18 290
3 52 26 39 -2 26 0 0.00 0.0 0 7.2 16 250 M M 0 22 280
4 50 30 40 -2 25 0 0.00 0.0 0 10.3 25 300 M M 0 33 310
5 36 20 28 -14 37 0 0.00 0.0 0 8.2 16 300 M M 1 22 350
6 41 24 33 -9 32 0 0.00 0.0 0 7.5 16 290 M M 0 24 320
7 41 20 31 -11 34 0 0.00 0.0 0 6.4 17 280 M M 1 24 300
8 54 25 40 -3 25 0 0.00 0.0 0 6.8 14 280 M M 0 18 250
9 60 38 49 6 16 0 0.00 0.0 0 6.9 17 280 M M 0 23 260
10 68 42 55 12 10 0 0.00 0.0 0 6.4 20 250 M M 0 28 240
11 65 49 57 13 8 0 0.00 0.0 0 8.6 21 250 M M 1 26 260
12 55 44 50 6 15 0 0.04 0.0 0 7.3 15 280 M M 9 1 20 280
13 54 39 47 3 18 0 0.00 0.0 0 4.3 13 270 M M 1 17 280
14 52 33 43 -1 22 0 0.00 0.0 0 6.9 14 280 M M 1 23 340
15 45 35 40 -5 25 0 0.05 0.0 0 6.3 16 160 M M 8 26 120
16 67 33 50 5 15 0 0.00 0.0 0 7.8 20 270 M M 6 29 240
17 69 45 57 11 8 0 0.03 0.0 0 6.5 16 180 M M 4 12 26 130
18 59 47 53 7 12 0 0.86 0.0 0 6.2 16 160 M M 9 13 26 150
19 49 34 42 -4 23 0 0.29 0.0 0 7.9 16 30 M M 5 1 23 40
20 53 28 41 -5 24 0 0.00 0.0 0 5.3 12 60 M M 0 18 80
21 56 34 45 -2 20 0 0.00 0.0 0 7.6 13 160 M M 0 20 110
22 60 38 49 2 16 0 0.00 0.0 0 6.6 14 110 M M 0 23 120
23 53 43 48 1 17 0 T 0.0 0 8.0 16 120 M M 6 1 25 80
24 69 50 60 12 5 0 0.00 0.0 0 5.6 20 240 M M 6 25 240
25 61 51 56 8 9 0 0.23 0.0 0 7.5 22 230 M M 4 1 38 170
26 69 52 61 13 4 0 0.15 0.0 0 10.3 22 190 M M 3 1 40 150
27 62 46 54 5 11 0 0.52 0.0 0 4.8 14 160 M M 3 13 20 160
28 61 34 48 -1 17 0 0.85 0.0 0 11.8 25 240 M M 9 13 38 300
29 55 30 43 -7 22 0 0.00 0.0 0 6.5 20 310 M M 1 24 300
30 69 46 58 8 7 0 0.00 0.0 0 8.9 16 170 M M 0 27 150
31 59 33 46 -4 19 0 0.33 T 0 9.2 18 300 M M 8 1 28 150
================================================================================
SM 1738 1122 578 0 4.24 T 227.1 M 92
================================================================================
AV 56.1 36.2 7.3 FASTST M M 3 MAX(MPH)
MISC ----> # 25 300 40 150
================================================================================
NOTES:
# LAST OF SEVERAL OCCURRENCES
COLUMN 17 PEAK WIND IN M.P.H.
PRELIMINARY LOCAL CLIMATOLOGICAL DATA (WS FORM: F-6) , PAGE 2
STATION: BLUEFIELD WV
MONTH: MARCH
YEAR: 2021
LATITUDE: 37 17 N
LONGITUDE: 81 12 W
[TEMPERATURE DATA] [PRECIPITATION DATA] SYMBOLS USED IN COLUMN 16
AVERAGE MONTHLY: 46.1 TOTAL FOR MONTH: 4.24 1 = FOG OR MIST
DPTR FM NORMAL: 0.8 DPTR FM NORMAL: 0.73 2 = FOG REDUCING VISIBILITY
HIGHEST: 69 ON 30,26 GRTST 24HR 1.18 ON 27-28 TO 1/4 MILE OR LESS
LOWEST: 20 ON 7, 5 3 = THUNDER
SNOW, ICE PELLETS, HAIL 4 = ICE PELLETS
TOTAL MONTH: T 5 = HAIL
GRTST 24HR T ON 31-31 6 = FREEZING RAIN OR DRIZZLE
GRTST DEPTH: 0 7 = DUSTSTORM OR SANDSTORM:
VSBY 1/2 MILE OR LESS
8 = SMOKE OR HAZE
[NO. OF DAYS WITH] [WEATHER - DAYS WITH] 9 = BLOWING SNOW
X = TORNADO
MAX 32 OR BELOW: 0 0.01 INCH OR MORE: 11
MAX 90 OR ABOVE: 0 0.10 INCH OR MORE: 8
MIN 32 OR BELOW: 10 0.50 INCH OR MORE: 4
MIN 0 OR BELOW: 0 1.00 INCH OR MORE: 0
[HDD (BASE 65) ]
TOTAL THIS MO. 578 CLEAR (SCALE 0-3) 19
DPTR FM NORMAL -38 PTCLDY (SCALE 4-7) 9
TOTAL FM JUL 1 4388 CLOUDY (SCALE 8-10) 3
DPTR FM NORMAL 279
[CDD (BASE 65) ]
TOTAL THIS MO. 0
DPTR FM NORMAL -4 [PRESSURE DATA]
TOTAL FM JAN 1 0 HIGHEST SLP M ON M
DPTR FM NORMAL -4 LOWEST SLP 29.55 ON 18
[REMARKS]
#FINAL-03-21#