330
CXUS51 KRNK 010732
CLSBLF
CLIMATE REPORT
NATIONAL WEATHER SERVICE BLACKSBURG, VA
332 AM EDT MON JUN 01 2020
...................................
...THE BLUEFIELD WV CLIMATE SUMMARY FOR THE SEASON, FROM
3/1/2020 TO 5/31/2020...
CLIMATE NORMAL PERIOD: 1981 TO 2010
CLIMATE RECORD PERIOD: 1909 TO 2020
WEATHER OBSERVED NORMAL DEPART LAST YEAR`S
VALUE DATE(S) VALUE FROM VALUE
NORMAL
..............................................................
TEMPERATURE (F)
RECORD
HIGH 92 05/22/1941
LOW -2 03/03/1980
HIGHEST 82 05/24 78
LOWEST 20 03/01 8
AVG. MAXIMUM 59.7 63.7 -4.0 57.4
AVG. MINIMUM 42.0 44.9 -2.9 38.5
MEAN 50.8 54.3 -3.5 47.9
DAYS MAX >= 90 0 0.1 -0.1 0
DAYS MAX <= 32 0 1.3 -1.3 3
DAYS MIN <= 32 18 14.1 3.9 21
DAYS MIN <= 0 0 0.0 0.0 0
PRECIPITATION (INCHES)
RECORD
MAXIMUM 15.42 2011
MINIMUM 5.39 2019
TOTALS 18.92 11.16 7.76 5.39
DAYS >= .01 56 42.4 13.6 22
DAYS >= .10 33 25.0 8.0 9
DAYS >= .50 12 7.2 4.8 4
DAYS >= 1.00 4 1.9 2.1 1
GREATEST
24 HR. TOTAL 1.89 1.23
SNOWFALL (INCHES)
TOTALS 3.1 1.8
DAYS >= TRACE 7 9
DAYS >= 1.0 2 1
GREATEST
24 HR TOTAL 1.2 1.0
DEGREE DAYS
HEATING TOTAL 1306 1072 234 1037
COOLING TOTAL 39 90 -51 5
..............................................................
WIND (MPH)
AVERAGE WIND SPEED 7.9
RESULTANT WIND SPEED/DIRECTION 4/260
HIGHEST WIND SPEED/DIRECTION 35/240 DATE 03/29
HIGHEST GUST SPEED/DIRECTION 47/320 DATE 04/13
SKY COVER
AVERAGE SKY COVER 0.57
AVERAGE RH (PERCENT) 70
WEATHER CONDITIONS. NUMBER OF DAYS WITH
THUNDERSTORM 4 MIXED PRECIP 0
HEAVY RAIN 17 RAIN 30
LIGHT RAIN 57 FREEZING RAIN 0
LT FREEZING RAIN 0 HAIL 0
HEAVY SNOW 1 SNOW 2
LIGHT SNOW 7 SLEET 0
FOG 54 FOG W/VIS <= 1/4 MILE 10
HAZE 2
- INDICATES NEGATIVE NUMBERS.
R INDICATES RECORD WAS SET OR TIED.
MM INDICATES DATA IS MISSING.
T INDICATES TRACE AMOUNT.
REMARKS:
DUE TO A POWER OUTAGE ON MAY 28TH (TD BERTHA),
PRECIPITATION TOTALS WILL BE CALCULATED WITHOUT DATA FROM THIS DAY.
$$