000
CXUS55 KPSR 221503
CF6BLH
PRELIMINARY LOCAL CLIMATOLOGICAL DATA (WS FORM: F-6)
STATION: BLYTHE CA
MONTH: MARCH
YEAR: 2021
LATITUDE: 33 37 N
LONGITUDE: 114 43 W
TEMPERATURE IN F: :PCPN: SNOW: WIND :SUNSHINE: SKY :PK WND
================================================================================
1 2 3 4 5 6A 6B 7 8 9 10 11 12 13 14 15 16 17 18
12Z AVG MX 2MIN
DY MAX MIN AVG DEP HDD CDD WTR SNW DPTH SPD SPD DIR MIN PSBL S-S WX SPD DR
================================================================================
1 71 35 53 -9 12 0 0.00 M M 4.5 10 250 M M 0 13 40
2 77 41 59 -3 6 0 0.00 M M 4.5 12 240 M M 0 14 240
3 74 39 57 -6 8 0 T M M 9.7 35 170 M M 3 8 41 250
4 74 49 62 -1 3 0 0.00 M M 4.0 10 340 M M 1 13 160
5 82 45 64 1 1 0 0.00 M M 3.6 10 360 M M 0 23 20
6 84 46 65 2 0 0 0.00 M M 4.5 13 220 M M 0 14 230
7 83 49 66 2 0 1 0.00 M M 6.9 16 190 M M 0 20 170
8 83 58 71 7 0 6 0.00 M M 11.3 25 230 M M 0 29 240
9 76 54 65 1 0 0 0.00 M M 13.0 30 230 M M 0 8 36 240
10 69 46 58 -6 7 0 0.00 M M 16.6 31 220 M M 1 38 230
11 64 45 55 -9 10 0 T M M 9.6 23 230 M M 3 29 240
12 65 43 54 -11 11 0 0.00 M M 6.5 24 260 M M 2 28 260
13 70 45 58 -7 7 0 0.00 M M 8.1 20 260 M M 2 26 270
14 76 39 58 -7 7 0 0.00 M M 6.8 16 200 M M 0 20 190
15 75 50 63 -3 2 0 0.00 M M 19.9 43 260 M M 1 8 49 260
16 66 43 55 -11 10 0 0.00 M M 6.6 21 350 M M 0 26 360
17 73 40 57 -9 8 0 0.00 M M 2.9 8 350 M M 0 11 80
18 80 42 61 -5 4 0 0.00 M M 3.3 8 260 M M 0 10 120
19 84 48 66 0 0 1 0.00 M M 5.0 16 220 M M 0 19 210
20 85 60 73 6 0 8 0.00 M M 11.3 28 240 M M 0 33 240
21 77 51 64 -3 1 0 0.00 M M 10.5 18 330 M M 0 27 330
22 76 54 65 -2 0 0 0.00 M M 11.1 21 350 M M 0 26 330
23 73 49 61 -6 4 0 T M M 12.2 29 350 M M 3 36 330
24 75 57 66 -1 0 1 0.00 M M 14.8 37 340 M M 1 45 330
25 73 52 63 -5 2 0 0.00 M M 17.9 35 230 M M 0 8 43 230
26 73 51 62 -6 3 0 0.00 M M 8.0 18 330 M M 5 25 320
27 82 46 64 -4 1 0 0.00 M M 7.8 23 20 M M 0 28 20
28 87 49 68 0 0 3 0.00 M M 4.0 13 230 M M 0 13 240
29 93 49 71 3 0 6 0.00 M M 7.3 23 210 M M 0 30 230
30 84 56 70 1 0 5 0.00 M M 15.9 36 360 M M 0 45 350
31 86 59 73 4 0 8 0.00 M M 11.1 25 350 M M 0 30 350
================================================================================
SM 2390 1490 107 39 T M 279.2 M 22
================================================================================
AV 77.1 48.1 9.0 FASTST M M 1 MAX(MPH)
MISC ----> 43 260 49 260
================================================================================
NOTES:
# LAST OF SEVERAL OCCURRENCES
COLUMN 17 PEAK WIND IN M.P.H.
PRELIMINARY LOCAL CLIMATOLOGICAL DATA (WS FORM: F-6) , PAGE 2
STATION: BLYTHE CA
MONTH: MARCH
YEAR: 2021
LATITUDE: 33 37 N
LONGITUDE: 114 43 W
[TEMPERATURE DATA] [PRECIPITATION DATA] SYMBOLS USED IN COLUMN 16
AVERAGE MONTHLY: 62.6 TOTAL FOR MONTH: T 1 = FOG OR MIST
DPTR FM NORMAL: -3.0 DPTR FM NORMAL: -0.48 2 = FOG REDUCING VISIBILITY
HIGHEST: 93 ON 29 GRTST 24HR T ON 3- 3 TO 1/4 MILE OR LESS
LOWEST: 35 ON 1 3 = THUNDER
SNOW, ICE PELLETS, HAIL 4 = ICE PELLETS
TOTAL MONTH: M 5 = HAIL
GRTST 24HR M ON M 6 = FREEZING RAIN OR DRIZZLE
GRTST DEPTH: M ON M 7 = DUSTSTORM OR SANDSTORM:
VSBY 1/2 MILE OR LESS
8 = SMOKE OR HAZE
[NO. OF DAYS WITH] [WEATHER - DAYS WITH] 9 = BLOWING SNOW
X = TORNADO
MAX 32 OR BELOW: 0 0.01 INCH OR MORE: 0
MAX 90 OR ABOVE: 1 0.10 INCH OR MORE: 0
MIN 32 OR BELOW: 0 0.50 INCH OR MORE: 0
MIN 0 OR BELOW: 0 1.00 INCH OR MORE: 0
[HDD (BASE 65) ]
TOTAL THIS MO. 107 CLEAR (SCALE 0-3) 28
DPTR FM NORMAL 36 PTCLDY (SCALE 4-7) 3
TOTAL FM JUL 1 986 CLOUDY (SCALE 8-10) 0
DPTR FM NORMAL -11
[CDD (BASE 65) ]
TOTAL THIS MO. 39
DPTR FM NORMAL -51 [PRESSURE DATA]
TOTAL FM JAN 1 48 HIGHEST SLP 30.34 ON 1
DPTR FM NORMAL -55 LOWEST SLP 29.62 ON 29
[REMARKS]
#FINAL-03-21#