000
CXUS54 KEWX 011110
CF6BMQ
PRELIMINARY LOCAL CLIMATOLOGICAL DATA (WS FORM: F-6)
STATION: BURNET
MONTH: JANUARY
YEAR: 2024
LATITUDE: 30 43 N
LONGITUDE: 98 14 W
TEMPERATURE IN F: :PCPN: SNOW: WIND :SUNSHINE: SKY :PK WND
================================================================================
1 2 3 4 5 6A 6B 7 8 9 10 11 12 13 14 15 16 17 18
12Z AVG MX 2MIN
DY MAX MIN AVG DEP HDD CDD WTR SNW DPTH SPD SPD DIR MIN PSBL S-S WX SPD DR
================================================================================
1 54 37 46 -3 19 0 0.00 M M 8.5 15 10 M M 0 23 10
2 50 36 43 -6 22 0 0.68 M M 6.2 15 10 M M 8 13 22 30
3 49 42 46 -3 19 0 0.00 M M 4.9 12 360 M M 10 1 16 360
4 52 43 48 -1 17 0 0.37 M M 6.9 13 280 M M 10 1 20 120
5 61 40 51 2 14 0 0.13 M M 4.5 16 270 M M 3 12 25 280
6 60 33 47 -2 18 0 0.00 M M 2.9 13 300 M M 0 17 280
7 61 32 47 -2 18 0 0.00 M M 7.6 18 140 M M 2 35 140
8 61 42 52 3 13 0 0.35 M M 17.8 38 290 M M 7 13 59 290
9 54 32 43 -6 22 0 T M M 12.4 31 290 M M 0 48 290
10 66 32 49 0 16 0 0.00 M M 5.0 22 200 M M 0 35 190
11 74 36 55 6 10 0 0.00 M M 4.7 22 180 M M 1 36 170
12 63 32 48 -1 17 0 T M M 11.5 35 290 M M 2 57 290
13 60 29 45 -4 20 0 0.00 M M 6.9 20 30 M M 0 31 30
14 29 15 22 -27 43 0 T M M 10.0 15 10 M M 9 1 25 10
15 24 14 19 -30 46 0 T M M 10.5 21 10 M M 8 16 31 20
16 32 16 24 -25 41 0 0.00 M M 8.5 18 340 M M 0 29 360
17 47 16 32 -17 33 0 0.00 M M 6.8 17 180 M M 0 28 190
18 71 31 51 2 14 0 M M M 6.7 12 260 M M 0 17 260
19 M 28 M M M M M M M 8.3 17 340 M M 0 28 330
20 41 22 32 -18 33 0 0.00 M M 7.9 16 30 M M 3 24 10
21 40 35 38 -12 27 0 0.02 M M 7.0 13 120 M M 10 18 19 110
22 54 37 46 -4 19 0 0.66 M M 4.3 10 100 M M 10 12 17 110
23 60 50 55 5 10 0 0.37 M M 4.4 12 40 M M 10 123 18 10
24 54 51 53 3 12 0 0.21 M M 4.3 12 30 M M 10 12 16 20
25 65 48 57 7 8 0 0.00 M M 4.3 10 290 M M 5 12 16 190
26 59 46 53 3 12 0 0.00 M M 5.1 13 30 M M 10 12 19 350
27 62 43 53 3 12 0 T M M 10.5 21 330 M M 5 1 30 320
28 65 37 51 1 14 0 0.00 M M 3.5 13 280 M M 0 17 320
29 70 36 53 3 12 0 0.00 M M 2.1 10 260 M M 0 16 280
30 71 41 56 6 9 0 0.00 M M 2.1 12 270 M M 0 17 270
31 73 40 57 6 8 0 0.00 M M 3.1 13 180 M M 0 20 170
================================================================================
SM 1682 1072 578 0 2.79 M 209.2 M 123
================================================================================
AV 56.1 34.6 6.7 FASTST M M 4 MAX(MPH)
MISC ----> 38 290 59 290
================================================================================
NOTES:
# LAST OF SEVERAL OCCURRENCES
COLUMN 17 PEAK WIND IN M.P.H.
PRELIMINARY LOCAL CLIMATOLOGICAL DATA (WS FORM: F-6) , PAGE 2
STATION: BURNET
MONTH: JANUARY
YEAR: 2024
LATITUDE: 30 43 N
LONGITUDE: 98 14 W
[TEMPERATURE DATA] [PRECIPITATION DATA] SYMBOLS USED IN COLUMN 16
AVERAGE MONTHLY: 45.3 TOTAL FOR MONTH: 2.79 1 = FOG OR MIST
DPTR FM NORMAL: -4.1 DPTR FM NORMAL: 1.14 2 = FOG REDUCING VISIBILITY
HIGHEST: 74 ON 11 GRTST 24HR 1.60 ON 24-24 TO 1/4 MILE OR LESS
LOWEST: 14 ON 15 3 = THUNDER
SNOW, ICE PELLETS, HAIL 4 = ICE PELLETS
TOTAL MONTH: M 5 = HAIL
GRTST 24HR M ON M 6 = FREEZING RAIN OR DRIZZLE
GRTST DEPTH: M ON M 7 = DUSTSTORM OR SANDSTORM:
VSBY 1/2 MILE OR LESS
8 = SMOKE OR HAZE
[NO. OF DAYS WITH] [WEATHER - DAYS WITH] 9 = BLOWING SNOW
X = TORNADO
MAX 32 OR BELOW: 3 0.01 INCH OR MORE: 8
MAX 90 OR ABOVE: 0 0.10 INCH OR MORE: 7
MIN 32 OR BELOW: 12 0.50 INCH OR MORE: 2
MIN 0 OR BELOW: 0 1.00 INCH OR MORE: 0
[HDD (BASE 65) ]
TOTAL THIS MO. 578 CLEAR (SCALE 0-3) 17
DPTR FM NORMAL 90 PTCLDY (SCALE 4-7) 5
TOTAL FM JUL 1 1195 CLOUDY (SCALE 8-10) 9
DPTR FM NORMAL -44
[CDD (BASE 65) ]
TOTAL THIS MO. 0
DPTR FM NORMAL -4 [PRESSURE DATA]
TOTAL FM JAN 1 0 HIGHEST SLP 30.59 ON 20
DPTR FM NORMAL -4 LOWEST SLP 29.49 ON 11
[REMARKS]
#FINAL-01-24#