000
CXUS55 KBOI 050059
CF6BOI
PRELIMINARY LOCAL CLIMATOLOGICAL DATA (WS FORM: F-6)
STATION: BOISE ID
MONTH: SEPTEMBER
YEAR: 2021
LATITUDE: 43 34 N
LONGITUDE: 116 13 W
TEMPERATURE IN F: :PCPN: SNOW: WIND :SUNSHINE: SKY :PK WND
================================================================================
1 2 3 4 5 6A 6B 7 8 9 10 11 12 13 14 15 16 17 18
12Z AVG MX 2MIN
DY MAX MIN AVG DEP HDD CDD WTR SNW DPTH SPD SPD DIR MIN PSBL S-S WX SPD DR
================================================================================
1 80 47 64 -7 1 0 0.00 0.0 0 5.8 17 310 M M 0 21 280
2 80 47 64 -7 1 0 0.00 0.0 0 6.0 18 320 M M 0 24 300
3 82 47 65 -6 0 0 0.00 0.0 0 4.7 14 310 M M 0 20 300
4 90 51 71 1 0 6 0.00 0.0 0 5.1 12 130 M M 0 15 120
5 93 55 74 4 0 9 0.00 0.0 0 4.8 10 140 M M 0 13 130
6 91 56 74 4 0 9 0.00 0.0 0 6.0 13 320 M M 0 8 19 300
7 94 60 77 8 0 12 0.00 0.0 0 5.7 12 130 M M 0 8 15 130
8 93 62 78 9 0 13 0.00 0.0 0 6.8 16 120 M M 0 8 20 110
9 98 64 81 12 0 16 0.00 0.0 0 6.3 16 310 M M 0 8 24 310
10 78 55 67 -1 0 2 0.11 0.0 0 6.7 23 270 M M 4 8 36 260
11 79 53 66 -2 0 1 0.00 0.0 0 5.2 16 310 M M 4 12 20 310
12 84 54 69 1 0 4 0.00 0.0 0 5.5 15 320 M M 0 22 340
13 81 52 67 0 0 2 0.00 0.0 0 5.8 17 350 M M 0 8 26 360
14 82 49 66 -1 0 1 0.00 0.0 0 5.3 13 310 M M 0 20 310
15 84 52 68 1 0 3 0.00 0.0 0 6.0 16 350 M M 0 20 360
16 71 48 60 -6 5 0 0.00 0.0 0 9.4 22 300 M M 0 30 300
17 87 47 67 1 0 2 0.00 0.0 0 10.2 17 130 M M 0 23 140
18 85 62 74 8 0 9 0.01 0.0 0 11.2 37 320 M M 2 8 49 330
19 66 50 58 -7 7 0 0.08 0.0 0 10.4 21 290 M M 7 31 310
20 67 41 54 -11 11 0 0.00 0.0 0 6.0 16 300 M M 0 21 310
21 77 47 62 -2 3 0 0.00 0.0 0 10.4 17 160 M M 0 25 160
22 82 53 68 4 0 3 T 0.0 0 8.7 21 290 M M 2 38 29 280
23 77 51 64 0 1 0 0.00 0.0 0 7.7 20 300 M M 0 8 26 300
24 83 52 68 5 0 3 0.00 0.0 0 6.0 16 170 M M 0 21 160
25 86 53 70 7 0 5 0.00 0.0 0 6.1 14 110 M M 0 17 140
26 86 58 72 10 0 7 0.00 0.0 0 7.5 14 130 M M 0 17 130
27 86 54 70 8 0 5 0.00 0.0 0 8.6 20 320 M M 0 25 320
28 66 45 56 -6 9 0 0.17 0.0 0 8.8 30 300 M M 5 1 40 310
29 65 38 52 -9 13 0 0.00 0.0 0 5.9 15 300 M M 0 21 300
30 72 42 57 -4 8 0 0.00 0.0 0 7.3 14 140 M M 0 19 150
================================================================================
SM 2445 1545 59 112 0.37 0.0 209.9 M 24
================================================================================
AV 81.5 51.5 7.0 FASTST M M 1 MAX(MPH)
MISC ----> 37 320 49 330
================================================================================
NOTES:
# LAST OF SEVERAL OCCURRENCES
COLUMN 17 PEAK WIND IN M.P.H.
PRELIMINARY LOCAL CLIMATOLOGICAL DATA (WS FORM: F-6) , PAGE 2
STATION: BOISE ID
MONTH: SEPTEMBER
YEAR: 2021
LATITUDE: 43 34 N
LONGITUDE: 116 13 W
[TEMPERATURE DATA] [PRECIPITATION DATA] SYMBOLS USED IN COLUMN 16
AVERAGE MONTHLY: 66.5 TOTAL FOR MONTH: 0.37 1 = FOG OR MIST
DPTR FM NORMAL: 0.2 DPTR FM NORMAL: -0.06 2 = FOG REDUCING VISIBILITY
HIGHEST: 98 ON 9 GRTST 24HR 0.17 ON 28-28 TO 1/4 MILE OR LESS
LOWEST: 38 ON 29 3 = THUNDER
SNOW, ICE PELLETS, HAIL 4 = ICE PELLETS
TOTAL MONTH: 0.0 INCH 5 = HAIL
GRTST 24HR 0.0 6 = FREEZING RAIN OR DRIZZLE
GRTST DEPTH: 0 7 = DUSTSTORM OR SANDSTORM:
VSBY 1/2 MILE OR LESS
8 = SMOKE OR HAZE
[NO. OF DAYS WITH] [WEATHER - DAYS WITH] 9 = BLOWING SNOW
X = TORNADO
MAX 32 OR BELOW: 0 0.01 INCH OR MORE: 4
MAX 90 OR ABOVE: 6 0.10 INCH OR MORE: 2
MIN 32 OR BELOW: 0 0.50 INCH OR MORE: 0
MIN 0 OR BELOW: 0 1.00 INCH OR MORE: 0
[HDD (BASE 65) ]
TOTAL THIS MO. 59 CLEAR (SCALE 0-3) 26
DPTR FM NORMAL -21 PTCLDY (SCALE 4-7) 4
TOTAL FM JUL 1 59 CLOUDY (SCALE 8-10) 0
DPTR FM NORMAL -35
[CDD (BASE 65) ]
TOTAL THIS MO. 112
DPTR FM NORMAL -7 [PRESSURE DATA]
TOTAL FM JAN 1 1386 HIGHEST SLP 30.43 ON 21
DPTR FM NORMAL 352 LOWEST SLP 29.61 ON 27
[REMARKS]
#FINAL-09-21#