000
CXUS54 KLCH 011524
CF6BPT
PRELIMINARY LOCAL CLIMATOLOGICAL DATA (WS FORM: F-6)
STATION: BEAUMONT PORT ARTHUR
MONTH: JANUARY
YEAR: 2023
LATITUDE: 29 57 N
LONGITUDE: 94 1 W
TEMPERATURE IN F: :PCPN: SNOW: WIND :SUNSHINE: SKY :PK WND
================================================================================
1 2 3 4 5 6A 6B 7 8 9 10 11 12 13 14 15 16 17 18
12Z AVG MX 2MIN
DY MAX MIN AVG DEP HDD CDD WTR SNW DPTH SPD SPD DIR MIN PSBL S-S WX SPD DR
================================================================================
1 77 61 69 15 0 4 0.00 0.0 M 7.0 14 160 M M 10 12 20 160
2 75 69 72 18 0 7 0.07 0.0 M 14.8 24 150 M M 10 1 35 150
3 82 58 70 17 0 5 0.01 0.0 M 8.3 16 210 M M 8 13 23 180
4 75 46 61 8 4 0 0.00 0.0 M 6.9 35 250 M M 0 35 250
5 73 44 59 6 6 0 0.00 0.0 M 3.9 9 20 M M 0 13 30
6 76 50 63 10 2 0 0.00 0.0 M 9.2 16 140 M M 0 22 170
7 81 62 72 19 0 7 0.00 0.0 M 11.2 20 170 M M 3 26 170
8 70 53 62 9 3 0 1.13 0.0 M 8.1 18 350 M M 5 13 27 190
9 67 50 59 6 6 0 0.00 0.0 M 6.2 15 100 M M 0 12 19 100
10 79 50 65 12 0 0 0.00 0.0 M 7.1 15 180 M M 7 12 23 190
11 79 65 72 19 0 7 0.00 0.0 M 11.9 23 210 M M 8 1 34 220
12 70 50 60 7 5 0 0.03 M M 14.0 23 340 M M 2 1 35 310
13 63 39 51 -2 14 0 0.00 0.0 M 11.6 22 340 M M 0 30 330
14 59 36 48 -5 17 0 0.00 0.0 M 5.7 13 100 M M 0 18 100
15 71 45 58 5 7 0 0.00 0.0 M 13.3 22 150 M M 7 32 140
16 76 65 71 18 0 6 T 0.0 M 10.0 20 180 M M 10 18 27 180
17 79 63 71 18 0 6 0.00 0.0 M 7.2 15 150 M M 9 12 21 140
18 81 52 67 14 0 2 0.01 0.0 M 12.0 24 190 M M 8 1 36 190
19 74 48 61 7 4 0 0.00 0.0 M 8.1 21 330 M M 0 12 27 330
20 56 49 53 -1 12 0 T M M 11.7 18 30 M M 8 24 30
21 53 49 51 -3 14 0 1.52 M M 9.5 18 70 M M 10 13 25 60
22 63 42 53 -1 12 0 0.00 0.0 M 10.2 21 320 M M 3 29 320
23 60 39 50 -4 15 0 0.00 0.0 M 9.5 15 110 M M 1 21 20
24 70 47 59 5 6 0 1.48 M M 17.7 40 140 M M 8 123 55 130
25 54 39 47 -7 18 0 0.00 0.0 M 12.8 25 290 M M 6 41 290
26 59 35 47 -7 18 0 0.00 0.0 M 5.7 14 330 M M 0 20 340
27 61 33 47 -7 18 0 0.00 0.0 M 5.5 15 130 M M 5 20 140
28 72 53 63 9 2 0 0.00 0.0 M 15.3 26 160 M M 9 39 170
29 73 64 69 14 0 4 0.73 0.0 M 8.2 18 210 M M 10 13 32 210
30 64 47 56 1 9 0 T M M 9.4 14 350 M M 10 12 18 340
31 50 44 47 -8 18 0 T M M 12.5 21 360 M M 10 1 28 360
================================================================================
SM 2142 1547 210 48 4.98 0.0 304.5 M 167
================================================================================
AV 69.1 49.9 9.8 FASTST M M 5 MAX(MPH)
MISC ----> 40 140 55 130
================================================================================
NOTES:
# LAST OF SEVERAL OCCURRENCES
COLUMN 17 PEAK WIND IN M.P.H.
PRELIMINARY LOCAL CLIMATOLOGICAL DATA (WS FORM: F-6) , PAGE 2
STATION: BEAUMONT PORT ARTHUR
MONTH: JANUARY
YEAR: 2023
LATITUDE: 29 57 N
LONGITUDE: 94 1 W
[TEMPERATURE DATA] [PRECIPITATION DATA] SYMBOLS USED IN COLUMN 16
AVERAGE MONTHLY: 59.5 TOTAL FOR MONTH: 4.98 1 = FOG OR MIST
DPTR FM NORMAL: 5.8 DPTR FM NORMAL: -0.34 2 = FOG REDUCING VISIBILITY
HIGHEST: 82 ON 3 GRTST 24HR 1.64 ON 29-29 TO 1/4 MILE OR LESS
LOWEST: 33 ON 27 3 = THUNDER
SNOW, ICE PELLETS, HAIL 4 = ICE PELLETS
TOTAL MONTH: 0.0 INCH 5 = HAIL
GRTST 24HR 0.0 6 = FREEZING RAIN OR DRIZZLE
GRTST DEPTH: M ON M 7 = DUSTSTORM OR SANDSTORM:
VSBY 1/2 MILE OR LESS
8 = SMOKE OR HAZE
[NO. OF DAYS WITH] [WEATHER - DAYS WITH] 9 = BLOWING SNOW
X = TORNADO
MAX 32 OR BELOW: 0 0.01 INCH OR MORE: 8
MAX 90 OR ABOVE: 0 0.10 INCH OR MORE: 4
MIN 32 OR BELOW: 0 0.50 INCH OR MORE: 4
MIN 0 OR BELOW: 0 1.00 INCH OR MORE: 3
[HDD (BASE 65) ]
TOTAL THIS MO. 210 CLEAR (SCALE 0-3) 12
DPTR FM NORMAL -157 PTCLDY (SCALE 4-7) 8
TOTAL FM JUL 1 752 CLOUDY (SCALE 8-10) 11
DPTR FM NORMAL -113
[CDD (BASE 65) ]
TOTAL THIS MO. 48
DPTR FM NORMAL 33 [PRESSURE DATA]
TOTAL FM JAN 1 48 HIGHEST SLP 30.43 ON 26
DPTR FM NORMAL 33 LOWEST SLP 29.53 ON 24
[REMARKS]
#FINAL-01-23#